-- Data for Name: mediamenu; Type: TABLE DATA; Schema: public; Owner: cgenialsite
--

COPY public.mediamenu (media_id, menu_id) FROM stdin;
83	120
84	120
85	120
86	120
90	121
91	121
92	121
93	121
94	121
96	122
97	122
98	122
99	122
100	122
101	123
102	123
103	123
104	123
105	123
19	120
68	88
52	88
50	88
19	88
78	89
110	77
110	86
111	77
111	86
112	83
74	120
144	101
145	101
144	106
146	106
146	101
147	106
147	101
148	106
148	101
149	106
149	101
150	106
150	101
151	106
151	101
152	106
152	101
153	106
153	101
17	101
17	88
17	87
50	83
50	89
51	83
51	89
52	83
52	89
53	83
56	83
56	89
57	83
57	89
59	83
60	83
68	84
68	87
69	84
70	84
71	84
72	84
73	74
73	106
74	74
75	74
76	75
76	83
77	75
77	83
77	89
76	89
78	75
78	83
79	78
80	78
156	87
157	87
45	131
32	131
29	131
33	131
42	131
249	131
250	84
251	78
252	84
254	84
256	84
262	83
263	83
269	85
269	74
75	131
270	74
270	85
44	131
43	131
41	131
39	131
36	131
35	131
31	131
271	85
272	85
274	85
276	85
278	85
279	85
280	85
37	131
38	131
40	131
273	85
277	85
423	85
424	85
425	85
429	141
442	147
439	147
444	147
445	147
447	147
448	147
451	147
452	147
453	147
449	147
454	147
455	147
456	147
457	147
624	78
471	74
475	84
477	84
478	84
460	147
507	152
471	152
487	152
488	152
489	152
490	152
491	152
493	152
494	152
495	152
496	152
498	152
499	152
502	152
504	152
503	152
528	74
558	74
562	74
563	75
563	83
567	161
569	161
552	161
553	161
554	161
555	161
556	161
551	161
550	161
549	161
547	161
544	161
548	161
546	161
572	84
577	162
580	87
582	84
583	76
593	83
597	83
599	74
602	83
602	84
605	218
606	218
609	218
610	218
611	218
612	218
613	218
614	218
616	218
617	218
618	218
619	218
620	218
671	162
672	84
145	106
674	83
675	78
597	75
602	75
602	76
593	75
680	162
681	162
682	162
683	162
684	162
685	162
687	162
688	162
701	162
703	78
704	218
706	84
707	84
708	84
709	84
710	84
711	84
712	84
713	84
716	162
717	162
718	162
719	162
720	162
721	162
722	162
734	162
735	162
756	162
757	162
758	162
759	162
760	162
761	162
762	162
763	162
615	218
621	218
699	162
767	222
736	222
737	222
738	222
739	222
740	222
741	222
742	222
743	222
744	222
745	222
746	222
747	222
749	222
750	222
751	222
752	222
753	222
754	222
755	222
823	83
824	83
825	83
826	83
12	106
444	145
445	145
446	145
447	145
448	145
449	145
451	145
452	145
453	145
454	145
486	145
493	145
736	145
737	145
738	145
739	145
730	145
741	145
742	145
743	145
744	145
745	145
746	145
747	145
748	145
749	145
750	145
751	145
752	145
753	145
754	145
755	145
767	145
767	74
460	74
567	74
841	75
841	83
704	74
899	74
904	74
841	225
597	225
593	225
930	225
935	225
937	74
937	145
507	74
904	232
937	232
939	145
939	74
939	232
605	74
940	225
943	231
946	231
947	231
948	231
949	231
950	231
952	231
953	231
954	225
\.


--
-- Data for Name: menu; Type: TABLE DATA; Schema: public; Owner: cgenialsite
--

COPY public.menu (id, parent, title, sentence, slug, class, "position", see_child, is_active, editable, typetemplate, is_visible, is_main_actu, menu_type, params) FROM stdin;
114	55	Actualités partenaires	\N	actualites-partenaires	\N	0	t	t	t	7	t	\N	main	\N
156	155	Le témoignage de Willy	\N	le-temoignage-de-willy	tangerine	0	t	f	t	1	t	\N	main	\N
101	74	Concours C.Génial 2012	\N	concours-c.genial-2012	\N	0	t	t	t	3	t	\N	main	\N
159	155	Le témoignage d'Amandine : une super expérience !	\N	le-temoignage-d-amandine-une-super-experience	\N	2	t	f	t	1	f	\N	main	\N
62	61	Archives	\N	archives	tangerine	0	t	t	t	7	t	\N	hidden	\N
128	76	Géolocalisation	\N	geolocalisation	\N	0	t	f	t	1	f	\N	hidden	\N
129	76	Géolocalisation	\N	geolocalisation	\N	0	t	f	t	1	f	\N	hidden	\N
155	89	Vous êtes géniaux !	\N	vous-etes-geniaux	\N	2	t	f	t	1	t	\N	hidden	\N
109	55	Actualités scientifiques	\N	actualites-scientifiques	\N	2	t	t	t	7	t	\N	main	\N
63	61	Ressources	\N	ressources	\N	1	t	t	t	7	t	\N	hidden	\N
108	55	Actualités de la Fondation	\N	actualites-de-la-fondation	\N	1	t	t	t	7	t	\N	main	\N
94	150	Partenaires associés (archive)	\N	partenaires-associes-archive	\N	2	t	f	t	2	f	\N	hidden	\N
176	\N	Partenaires	\N	partenaires	\N	5	t	f	t	6	f	\N	hidden	N;
166	165	Ils témoignent	\N	ils-temoignent	tangerine	0	t	t	t	10	t	\N	main	\N
61	\N	Archives & ressources	\N	archives---ressources	tangerine	7	t	t	t	5	t	\N	hidden	\N
141	175	Pour les Filles et la Science	\N	pour-les-filles-et-la-science	tangerine	2	t	f	t	3	t	\N	hidden	\N
66	175	Actions & Résultats	\N	actions-resultats	tangerine	1	t	f	t	1	t	\N	hidden	\N
88	\N	Enseignants	\N	enseignants	tangerine	2	t	f	t	3	t	\N	hidden	\N
87	\N	Entreprises	\N	entreprises	tangerine	3	t	f	t	3	t	\N	hidden	\N
158	89	Vous êtes ingénieur ou technicien ?	\N	vous-etes-ingenieur-ou-technicien	tangerine	1	t	f	t	1	t	\N	hidden	\N
160	89	Vous êtes géniaux !	\N	vous-etes-geniaux	tangerine	3	t	f	t	3	t	\N	hidden	\N
150	176	Partenaires entreprises	\N	partenaires-entreprises	\N	1	t	f	t	2	t	f	hidden	\N
91	150	Partenaires associés	\N	partenaires-associes	\N	1	t	f	t	2	t	\N	hidden	\N
133	150	Partenaires actifs	\N	partenaires-actifs	tangerine	1	t	f	t	2	t	\N	hidden	\N
143	150	Partenaires thématiques	\N	partenaires-thematiques	\N	2	t	f	t	2	t	\N	hidden	\N
93	176	Partenaires institutionnels	\N	partenaires-institutionnels	\N	2	t	f	t	2	t	\N	hidden	\N
142	176	Ils participent	\N	ils-participent	\N	3	t	f	t	1	t	\N	hidden	\N
95	176	Partenaires réseaux	\N	partenaires-reseaux	\N	4	t	f	t	2	t	\N	hidden	\N
96	176	Nous aimons, nous soutenons	\N	nous-aimons-nous-soutenons	\N	5	t	f	t	2	t	\N	hidden	\N
64	\N	La Fondation	Avec nous, la jeunesse entreprend la science !	la-fondation	tangerine	2	t	t	t	6	t	\N	main	\N
74	70	Concours CGénial	\N	concours-cgenial	pelorous	1	t	t	t	8	t	\N	main	\N
83	82	Ingénieurs et techniciens dans les classes	\N	ingenieurs-et-techniciens-dans-les-classes	tangerine	3	t	t	t	3	t	\N	main	\N
170	167	Entreprises	\N	entreprises	tangerine	1	t	t	t	11	t	\N	main	O:8:"stdClass":2:{s:15:"filter_category";s:7:"company";s:14:"filter_support";s:10:"support_us";}
75	70	Ingénieurs et techniciens dans les classes	\N	ingenieurs-et-techniciens-dans-les-classes	tangerine	2	t	t	t	8	f	\N	main	\N
82	\N	Nos actions	Il s’agit de rapprocher des mondes qui s'ignorent	nos-actions	tangerine	3	t	t	t	6	t	\N	main	\N
70	165	CGénial TV	\N	cgenial-tv	tangerine	1	t	t	t	5	t	\N	main	O:8:"stdClass":1:{s:6:"layout";s:17:"default.html.twig";}
76	70	Professeurs en entreprise	\N	professeurs-en-entreprise	tangerine	3	t	t	t	8	f	\N	main	\N
77	70	Prix C.Ingénieux	\N	prix-c.ingenieux	tangerine	4	t	f	t	8	f	\N	main	\N
139	90	Taxe d'apprentissage	\N	taxe-d-apprentissage	tangerine	5	t	f	t	1	f	\N	main	\N
55	165	Actualités de la Fondation	\N	actualites-de-la-fondation	tangerine	0	t	t	t	5	t	t	main	O:8:"stdClass":1:{s:6:"layout";s:17:"default.html.twig";}
171	168	Partenaires Institutionnels	\N	partenaires-institutionnels	tangerine	3	t	f	t	11	t	\N	main	O:8:"stdClass":2:{s:15:"filter_category";s:12:"institutions";s:14:"filter_support";s:10:"support_us";}
174	\N	La Fondation	\N	la-fondation	\N	0	t	f	t	6	f	\N	hidden	N;
175	\N	Nos Actions	\N	nos-actions	\N	1	t	f	t	6	f	\N	hidden	N;
187	180	Actualités	\N	/165-actualites/55-actualites-de-la-fondation	\N	0	t	t	t	4	t	\N	sitemap	N;
188	180	Ils témoignent	\N	/temoignages/166-ils-temoignent	\N	1	t	t	t	4	t	\N	sitemap	N;
190	180	On parle de nous	\N	/165-actualites/79-on-parle-de-nous	\N	3	t	t	t	4	t	\N	sitemap	N;
198	194	Recrutement	\N	/64-la-fondation/80-recrutement	\N	4	t	t	t	4	t	\N	sitemap	N;
89	\N	Ingénieurs & techniciens	Intervenir en classe permet de semer une petite graine et d’ouvrir des horizons possibles à des jeunes qui se posent beaucoup de questions quant à leur avenir.	ingenieurs-techniciens	tangerine	4	t	f	t	3	t	\N	hidden	\N
191	167	Institutionnels	\N	institutionnels	\N	2	t	t	t	11	t	\N	main	O:8:"stdClass":2:{s:15:"filter_category";s:12:"institutions";s:14:"filter_support";s:10:"support_us";}
217	64	Responsabilité sociétale	\N	responsabilite-societale	la-rioja	2	t	t	t	1	t	\N	main	N;
81	\N	Contact	\N	contact	pelorous	7	t	t	t	9	t	\N	main	\N
92	90	Devenez partenaire	\N	devenez-partenaire	tangerine	3	t	t	t	1	t	\N	main	\N
119	64	About us	\N	about-us	tangerine	8	t	t	t	1	t	\N	main	\N
161	103	Concours CGénial 2017	\N	concours-cgenial-2017	pelorous	3	t	t	t	3	t	\N	main	\N
152	103	Concours CGénial 2016	\N	concours-cgenial-2016	pelorous	4	t	t	t	3	t	\N	main	\N
127	\N	Mentions légales	\N	mentions-legales	tangerine	7	t	t	t	1	t	\N	sitemap	\N
65	64	Qui sommes-nous ?	\N	qui-sommes-nous	tangerine	1	t	t	t	1	t	\N	main	\N
145	82	Concours CGénial	\N	concours-cgenial	pelorous	1	t	t	t	3	t	\N	main	\N
168	90	Ecosystème	\N	/partenaires/173-nous-les-soutenons-partenaires-associations	\N	2	t	t	t	4	t	\N	main	\N
204	\N	Test page équipe	\N	test-page-equipe	\N	1	t	f	t	1	t	\N	main	N;
196	194	L'équipe CGénial	\N	/64-la-fondation/69-l-equipe-cgenial	\N	2	t	t	t	4	t	\N	sitemap	N;
197	194	Le conseil d'administration	\N	/64-la-fondation/68-le-conseil-d-administration	\N	3	t	t	t	4	t	\N	sitemap	N;
183	179	Concours CGénial	\N	/82-nos-actions/145-concours-cgenial	\N	0	t	t	t	4	t	\N	sitemap	N;
173	168	Écosystème	\N	ecosysteme	tangerine	1	t	t	t	11	t	\N	main	O:8:"stdClass":2:{s:15:"filter_category";s:12:"associations";s:14:"filter_support";s:12:"support_them";}
185	179	Professeurs en entreprise	\N	/82-nos-actions/84-professeurs-en-entreprise	\N	2	t	t	t	4	t	\N	sitemap	N;
212	70	Yes, We code!	\N	yes-we-code	\N	5	t	t	t	8	t	\N	main	N;
189	180	CGénial TV	\N	/165-actualites/70-cgenial-tv	\N	2	t	t	t	4	t	\N	sitemap	N;
167	90	Entreprises et institutionnels	\N	/partenaires/170-ils-nous-soutiennent-partenaires-entreprises	\N	1	t	t	t	4	t	\N	main	\N
79	165	On parle de nous	\N	on-parle-de-nous	tangerine	2	t	t	t	2	t	\N	main	O:8:"stdClass":1:{s:6:"layout";s:17:"default.html.twig";}
80	64	Rejoignez-nous	\N	rejoignez-nous	tangerine	3	t	t	t	1	t	\N	main	\N
90	\N	Partenaires	Devenez partenaire de la Fondation CGénial pour développer et participer à des actions de promotion de la Culture scientifique et technique.	partenaires	tangerine	5	t	t	t	6	t	\N	main	\N
165	\N	Actualités	\N	actualites	\N	6	t	t	t	6	t	\N	main	\N
103	82	Historique Concours CGénial	\N	historique-concours-cgenial	pelorous	2	t	t	t	5	f	\N	main	O:8:"stdClass":1:{s:6:"layout";s:17:"default.html.twig";}
209	194	About us	\N	/64-la-fondation/119-about-us	\N	4	t	t	t	4	t	\N	sitemap	N;
180	\N	Actualités	\N	actualites	\N	1	t	t	t	6	t	\N	sitemap	N;
195	194	Qui sommes-nous ?	\N	/64-la-fondation/65-qui-sommes-nous	\N	1	t	t	t	4	t	\N	sitemap	N;
194	\N	La Fondation	\N	la-fondation	\N	2	t	t	t	6	t	\N	sitemap	N;
208	179	FAQ	\N	/82-nos-actions/205-faq	\N	3	t	f	t	4	t	\N	sitemap	N;
78	70	Autres	\N	autres	tangerine	6	t	t	t	8	f	\N	main	\N
186	179	Ingénieurs et techniciens dans les classes	\N	/82-nos-actions/83-ingenieurs-et-techniciens-dans-les-classes	\N	1	t	t	t	4	t	\N	sitemap	N;
225	82	Mercredis Géniaux	\N	mercredis-geniaux	tangerine	4	t	t	t	3	t	\N	main	N;
184	179	Yes We Code!	\N	/82-nos-actions/162-yes-we-code	\N	3	t	t	t	4	t	\N	sitemap	N;
181	178	Entreprises et institutionnels	\N	/partenaires/170-ils-nous-soutiennent-partenaires-entreprises	\N	0	t	t	t	4	t	\N	sitemap	N;
172	168	Partenaires Entreprises	\N	partenaires-entreprises	tangerine	2	t	f	t	11	t	\N	main	O:8:"stdClass":2:{s:15:"filter_category";s:7:"company";s:14:"filter_support";s:10:"support_us";}
182	178	Ecosystème	\N	/partenaires/173-nous-les-soutenons-partenaires-associations	\N	1	t	t	t	4	t	\N	sitemap	N;
222	103	Concours CGénial 2019	\N	concours-cgenial-2019	pelorous	1	t	t	t	3	t	\N	main	N;
202	90	Taxe d'apprentissage	\N	taxe-d-apprentissage	tangerine	4	t	t	t	1	t	\N	main	N;
210	64	Soutenir	\N	/90-partenaires/92-devenez-partenaire	\N	6	t	t	t	4	t	\N	main	N;
200	205	FAQ - CCG	\N	faq-ccg	pelorous	1	t	t	t	3	f	\N	main	N;
223	\N	Rencontres à distance Semaine du 25 mai 2020	\N	rencontres-a-distance-semaine-du-25-mai-2020	\N	0	t	f	t	1	f	\N	main	N;
177	\N	Crédits	\N	credits	\N	8	t	t	t	1	t	\N	sitemap	N;
84	82	Professeurs en entreprise	\N	professeurs-en-entreprise	la-rioja	5	t	t	t	3	t	\N	main	\N
68	64	Le Conseil d'administration	\N	le-conseil-d-administration	tangerine	4	t	t	t	2	t	\N	main	O:8:"stdClass":1:{s:6:"layout";s:14:"team.html.twig";}
69	64	L'équipe CGénial	\N	l-equipe-cgenial	tangerine	7	t	t	t	2	t	\N	main	O:8:"stdClass":1:{s:6:"layout";s:14:"team.html.twig";}
206	82	CGénial à l'international	\N	cgenial-a-l-international	la-rioja	7	t	f	t	1	t	\N	main	N;
215	65	Archives - Rapport d'activité	\N	archives-rapport-d-activite	tangerine	2	t	t	t	1	f	\N	main	N;
218	103	Concours CGénial 2018	\N	concours-cgenial-2018	pelorous	2	t	t	t	3	t	\N	main	N;
162	82	Yes We Code!	\N	yes-we-code	pelorous	6	t	t	t	3	t	\N	main	\N
211	205	FAQ YWC	\N	faq-ywc	pelorous	4	t	t	t	3	t	\N	main	N;
147	103	Concours CGénial 2015	\N	concours-cgenial-2015	pelorous	5	t	t	t	3	t	\N	main	\N
85	103	Concours CGénial 2014	\N	concours-cgenial-2014	pelorous	6	t	t	t	3	t	\N	main	\N
199	205	FAQ - PEE	\N	faq-pee	la-rioja	3	t	t	t	3	f	\N	main	N;
179	\N	Nos Actions	\N	nos-actions	\N	3	t	t	t	6	t	\N	sitemap	N;
178	\N	Partenaires	\N	partenaires	\N	4	t	t	t	6	t	\N	sitemap	N;
220	\N	Contact	\N	/81-contact	\N	6	t	t	t	4	t	\N	sitemap	N;
131	103	Concours CGénial 2013	\N	concours-cgenial-2013	pelorous	7	t	t	t	3	t	\N	main	\N
121	103	Concours CGénial 2010	\N	concours-cgenial-2010	pelorous	10	t	t	t	3	t	\N	main	\N
224	\N	Travaux en cours...	\N	travaux-en-cours	\N	0	t	f	t	1	f	\N	main	N;
106	103	Concours CGénial 2012	\N	concours-cgenial-2012	pelorous	8	t	t	t	3	t	\N	main	\N
120	103	Concours CGénial 2011	\N	concours-cgenial-2011	pelorous	9	t	t	t	3	t	\N	main	\N
122	103	Concours CGénial 2009	\N	concours-cgenial-2009	pelorous	11	t	t	t	3	t	\N	main	\N
123	103	Concours CGénial 2008	\N	concours-cgenial-2008	pelorous	12	t	t	t	3	t	\N	main	\N
201	205	FAQ - ITDLC	\N	faq-itdlc	tangerine	2	t	t	t	3	f	\N	main	N;
216	64	Holacratie	\N	holacratie	\N	5	t	t	t	1	t	\N	main	N;
228	162	Candidatures 2021-2022 - YWC	\N	candidatures-2021-2022-ywc	pelorous	0	t	f	t	3	f	\N	main	N;
205	82	FAQ	\N	faq	\N	8	t	t	t	1	t	\N	main	N;
86	82	Prix C.Ingénieux	\N	prix-c.ingenieux	kaki	9	t	f	t	3	t	\N	main	\N
234	205	FAQ - MG	\N	faq-mg	tangerine	5	t	t	t	3	f	\N	main	N;
232	103	Concours CGénial 2021	\N	concours-cgenial-2021	pelorous	0	t	t	t	3	f	\N	main	N;
231	\N	La semaine des métiers	\N	la-semaine-des-metiers	tangerine	0	t	t	t	3	f	\N	main	N;
\.


--
-- Data for Name: menu_media; Type: TABLE DATA; Schema: public; Owner: cgenialsite
--

COPY public.menu_media (id, menu, media, "position") FROM stdin;
1	74	73	0
2	74	74	1
3	74	75	2
4	74	269	3
5	74	270	4
6	75	76	0
7	75	77	1
8	75	78	2
9	77	110	0
10	77	111	1
11	78	79	0
12	78	80	1
13	78	251	2
284	78	624	3
41	85	274	3
42	85	276	4
43	85	277	5
44	85	278	6
45	85	279	7
46	85	280	8
47	85	423	9
48	85	424	10
49	85	425	11
51	85	269	1
52	85	270	2
53	86	110	0
54	86	111	1
55	87	17	0
56	87	68	1
57	87	156	2
58	87	157	3
59	88	17	0
60	88	19	1
61	88	50	2
62	88	52	3
63	88	68	4
64	89	50	0
65	89	51	1
66	89	52	2
67	89	56	3
68	89	57	4
69	89	76	0
70	89	77	1
71	89	78	2
72	101	17	0
73	101	144	1
74	101	145	2
75	101	146	3
76	101	147	4
77	101	148	5
78	101	149	6
79	101	150	7
80	101	151	8
81	101	152	9
82	101	153	10
83	106	144	0
84	106	145	1
85	106	146	2
86	106	147	3
87	106	148	4
88	106	149	5
89	106	150	6
90	106	151	7
91	106	152	8
92	106	153	9
93	106	73	0
94	120	19	0
95	120	83	1
96	120	84	2
97	120	85	3
98	120	86	4
99	120	74	0
100	121	90	0
101	121	91	1
102	121	92	2
103	121	93	3
104	121	94	4
105	122	96	0
106	122	97	1
107	122	98	2
108	122	99	3
109	122	100	4
110	123	101	0
111	123	102	1
112	123	103	2
113	123	104	3
114	123	105	4
115	131	29	0
116	131	31	1
117	131	32	2
118	131	33	3
119	131	35	4
120	131	36	5
121	131	37	6
122	131	38	7
123	131	39	8
124	131	40	9
125	131	41	10
126	131	42	11
127	131	43	12
128	131	44	13
129	131	45	14
130	131	249	15
131	131	75	0
132	141	429	0
152	74	471	5
153	74	471	6
155	74	471	7
40	85	273	2
38	85	271	0
39	85	272	1
157	74	471	8
159	74	471	9
161	74	471	10
169	84	478	15
37	84	256	11
164	84	475	12
167	84	477	14
199	74	471	11
202	74	528	12
203	74	528	13
204	74	528	14
205	74	528	15
206	74	528	16
207	74	528	17
225	74	558	18
226	74	562	19
228	74	562	20
230	74	562	21
234	75	563	3
236	75	563	4
243	75	563	5
244	83	563	5
247	83	593	7
248	83	593	8
249	75	563	6
250	83	563	9
251	83	593	10
252	74	270	22
253	85	270	3
235	83	563	4
254	75	563	7
255	83	563	11
256	75	563	8
257	83	563	12
258	83	597	0
246	83	593	1
14	83	50	1
19	83	56	3
15	83	51	4
16	83	52	2
31	84	70	6
17	83	53	5
32	84	71	7
33	84	72	8
34	84	250	9
35	84	252	10
140	145	449	7
141	145	451	8
142	145	452	9
143	145	453	10
139	145	448	0
138	145	447	6
137	145	446	1
135	145	444	4
136	145	445	5
144	145	454	12
170	145	486	14
26	83	76	2
27	83	77	3
28	83	78	4
237	83	563	5
259	83	597	13
260	74	599	23
262	83	602	15
263	83	602	16
265	145	606	1
281	74	562	24
36	84	254	1
30	84	69	0
282	74	471	25
285	88	50	5
286	83	50	12
287	89	50	5
288	88	52	6
289	83	52	13
290	89	52	6
291	83	56	14
292	89	56	7
293	83	674	0
20	83	57	7
21	83	59	8
22	83	60	9
23	83	112	10
24	83	262	11
25	83	263	12
294	78	675	4
295	78	675	5
296	78	675	6
297	78	675	7
298	75	597	9
299	75	602	10
300	75	597	11
301	83	597	17
302	75	593	12
303	75	597	13
304	83	597	18
305	75	593	14
306	83	593	19
307	75	597	15
308	83	597	20
309	75	597	16
310	83	597	21
311	84	256	16
166	84	477	2
168	84	478	3
29	84	68	4
163	84	475	5
325	84	713	36
324	84	712	35
323	84	712	37
322	84	711	34
321	84	710	33
320	84	709	32
319	84	708	31
318	84	707	22
317	84	707	24
316	84	707	23
315	84	706	26
314	84	706	21
313	78	703	4
312	78	703	5
278	218	620	61
269	218	611	11
277	218	619	15
275	218	617	19
276	218	618	20
267	218	609	54
268	218	610	55
270	218	612	56
271	218	613	57
272	218	614	58
273	218	615	59
274	218	616	60
283	218	621	64
279	145	493	62
280	145	493	63
329	74	558	26
330	83	823	15
331	83	823	16
332	83	823	17
333	83	824	18
334	83	825	19
335	83	825	20
336	83	826	21
337	83	823	22
338	83	823	23
339	83	824	24
340	83	825	25
341	83	826	26
342	83	825	27
343	83	823	28
344	83	823	29
345	83	824	30
346	83	826	31
347	83	826	32
349	106	12	1
350	145	767	20
351	74	767	27
352	74	460	28
353	75	563	17
354	83	563	22
355	74	567	29
356	75	841	18
357	83	841	23
358	75	841	19
359	83	841	24
360	75	841	20
361	83	841	25
362	75	841	21
363	83	841	26
364	75	841	22
365	83	841	27
366	75	841	23
367	83	841	28
368	75	597	24
369	83	597	29
370	101	17	11
371	88	17	7
372	87	17	4
373	74	704	30
374	74	899	31
375	74	904	32
376	74	937	33
378	74	937	34
379	145	937	21
380	74	507	35
381	74	904	36
382	74	937	37
383	145	937	22
384	74	904	38
386	74	939	39
385	145	939	0
326	145	767	2
377	145	937	1
387	74	605	40
\.


--
-- Data for Name: mer_history_itdlc; Type: TABLE DATA; Schema: public; Owner: cgenialsite
--

COPY public.mer_history_itdlc (id, mer_itdlc_id, infos, createdat) FROM stdin;
1	1	Intervention proposée à SCHNEIDER Ambassadrices	2019-07-24 10:43:48
2	2	Intervention proposée à Dimitri HPJ Test	2019-08-07 10:46:51
3	3	Intervention proposée à Ingénieur Test	2019-08-07 15:03:18
4	4	Intervention proposée à Ingé actif TEST	2019-08-08 17:38:20
5	4	Ingé actif TEST a décliné votre proposition	2019-08-08 17:42:12
6	5	Intervention proposée à Ingé actif TEST	2019-08-08 17:59:21
7	6	Intervention proposée à Ingé actif TEST	2019-08-08 17:59:29
8	7	Intervention proposée à Ingé actif TEST	2019-08-08 17:59:30
9	7	Ingé actif TEST a décliné votre proposition	2019-08-08 18:03:40
10	8	Intervention proposée à Ingé actif TEST	2019-08-08 18:07:55
11	8	Ingé actif TEST a décliné votre proposition	2019-08-08 18:10:17
12	9	Intervention proposée à Ingé actif TEST	2019-08-08 18:20:34
13	9	Date du 17/09/2019 de 08h00 à 08h00 acceptée par Ingé actif TEST	2019-08-08 18:21:35
14	10	Intervention proposée à Hélène LYON	2019-08-09 15:44:11
15	11	Intervention proposée à Ingé actif TEST	2019-08-14 15:16:09
16	12	Intervention proposée à Marianne Test ingé non contacté	2019-08-21 15:04:32
17	13	Intervention proposée à Mickaël HOAREAU	2019-08-24 13:00:13
18	14	Intervention proposée à Anaïs ROBLET	2019-08-26 17:40:16
19	15	Intervention proposée à Benoît Albahary	2019-08-31 10:19:53
20	16	Intervention proposée à Benoît Albahary	2019-08-31 10:19:55
21	17	Intervention proposée à karine white	2019-08-31 11:40:41
22	18	Intervention proposée à Pierre Mugnier	2019-09-02 09:35:14
23	19	Intervention proposée à Julie Coulette	2019-09-03 16:11:35
24	20	Intervention proposée à Jean-Yves ROBIN	2019-09-03 16:48:58
25	21	Intervention proposée à Floriane BLUSSEAU	2019-09-04 11:21:13
26	22	Intervention proposée à Laura THUILLIER	2019-09-05 16:03:51
27	23	Intervention proposée à Eva Lafféach	2019-09-05 16:20:18
28	24	Intervention proposée à Hervé TINOCO	2019-09-05 19:02:56
29	25	Intervention proposée à Serge CLARAZ	2019-09-06 09:27:30
30	26	Intervention proposée à matthieu varin	2019-09-06 09:50:04
31	27	Intervention proposée à Zahia TOUTOU-MELINGE	2019-09-06 10:41:16
32	18	Date du 07/01/2020 de 09h00 à 10h30 acceptée par Pierre Mugnier	2019-09-06 12:33:11
33	28	Intervention proposée à François Chevalier	2019-09-08 10:35:41
34	29	Intervention proposée à Ingénieur Test	2019-09-08 15:42:53
35	29	Date du 09/10/2019 de 08h00 à 08h00 acceptée par Ingénieur Test	2019-09-08 16:18:51
36	29	Rencontre de Ingénieur Test annulée par le professeur Marianne Gutierrez	2019-09-08 17:08:23
37	30	Intervention proposée à Ingé actif TEST	2019-09-08 17:20:51
38	30	Date du 09/10/2019 de 08h00 à 15h00 acceptée par Ingé actif TEST	2019-09-08 17:22:22
39	30	Rencontre de Ingé actif TEST annulée par le professeur Marianne Gutierrez	2019-09-08 17:33:27
40	31	Intervention proposée à Alice Saad	2019-09-08 19:26:50
41	32	Intervention proposée à Thierry Cazalet-lavigne	2019-09-09 10:37:32
42	32	Date du 17/10/2019 de 08h00 à 09h00 acceptée par Thierry Cazalet-lavigne	2019-09-09 10:39:34
43	33	Intervention proposée à Thierry Cazalet-lavigne	2019-09-09 10:41:17
44	33	Date du 22/10/2019 de 08h00 à 09h00 acceptée par Thierry Cazalet-lavigne	2019-09-09 10:41:44
45	34	Intervention proposée à Thierry Cazalet-lavigne	2019-09-09 10:52:26
46	34	Date du 09/10/2019 de 08h00 à 09h00 acceptée par Thierry Cazalet-lavigne	2019-09-09 10:52:48
47	35	Intervention proposée à Ingénieur Test	2019-09-09 10:57:10
48	35	Date du 15/10/2019 de 08h00 à 08h00 acceptée par Ingénieur Test	2019-09-09 11:23:43
49	36	Intervention proposée à Vanessa Cerdan	2019-09-09 11:46:12
50	35	Rencontre de Ingénieur Test annulée par le professeur Marianne Gutierrez	2019-09-09 11:57:53
51	37	Intervention proposée à Ingénieur Test	2019-09-09 12:04:23
52	37	Date du 14/10/2019 de 08h00 à 08h00 acceptée par Ingénieur Test	2019-09-09 12:07:52
53	38	Intervention proposée à Ingé actif TEST	2019-09-09 12:18:32
54	11	Date du 13/09/2019 de 08h00 à 08h00 acceptée par Ingé actif TEST	2019-09-09 12:21:07
55	38	Date du 25/10/2019 de 08h00 à 08h00 acceptée par Ingé actif TEST	2019-09-09 12:31:49
56	4	Rencontre de Ingé actif TEST annulée par le professeur anne viard	2019-09-09 12:35:51
57	4	Rencontre de Ingé actif TEST annulée par le professeur anne viard	2019-09-09 12:35:55
58	11	Rencontre de Ingé actif TEST annulée par lui même	2019-09-09 12:48:00
59	11	Rencontre de Ingé actif TEST annulée par lui même	2019-09-09 12:48:06
60	11	Rencontre de Ingé actif TEST annulée par lui même	2019-09-09 12:48:06
61	11	Rencontre de Ingé actif TEST annulée par lui même	2019-09-09 12:48:06
62	11	Rencontre de Ingé actif TEST annulée par lui même	2019-09-09 12:48:07
63	39	Intervention proposée à Ingénieur Test	2019-09-09 13:11:37
64	39	Date du 09/10/2019 de 08h00 à 08h00 acceptée par Ingénieur Test	2019-09-09 13:15:18
65	23	Date du 21/11/2019 de 10h30 à 12h30 acceptée par Eva Lafféach	2019-09-09 13:36:29
66	40	Intervention proposée à Ingé actif TEST	2019-09-09 13:37:14
67	40	Date du 14/10/2019 de 08h00 à 08h00 acceptée par Ingé actif TEST	2019-09-09 13:41:42
68	40	Rencontre de Ingé actif TEST annulée par le professeur Marianne Gutierrez	2019-09-09 13:44:11
69	41	Intervention proposée à Ingé actif TEST	2019-09-09 13:58:29
70	39	Rencontre de Ingénieur Test annulée par lui même	2019-09-09 14:02:17
71	39	Rencontre de Ingénieur Test annulée par lui même	2019-09-09 14:02:21
72	37	Rencontre de Ingénieur Test annulée par lui même	2019-09-09 14:02:27
73	41	Date du 10/10/2019 de 08h00 à 08h00 acceptée par Ingé actif TEST	2019-09-09 14:04:01
74	41	Rencontre de Ingé actif TEST annulée par lui même	2019-09-09 14:05:21
75	42	Intervention proposée à Ingé actif TEST	2019-09-09 14:10:48
76	43	Intervention proposée à Ingé actif TEST	2019-09-09 14:13:53
77	42	Date du 14/10/2019 de 08h00 à 08h00 acceptée par Ingé actif TEST	2019-09-09 14:18:56
78	43	Date du 14/10/2019 de 08h00 à 08h00 acceptée par Ingé actif TEST	2019-09-09 14:20:25
79	44	Intervention proposée à Matthieu Compin	2019-09-09 15:06:32
80	44	Date du 11/12/2019 de 14h00 à 16h00 acceptée par Matthieu Compin	2019-09-09 15:08:27
81	45	Intervention proposée à Matthieu Compin	2019-09-09 15:25:32
82	46	Intervention proposée à Matthieu Compin	2019-09-09 15:27:56
83	45	Date du 01/11/2019 de 08h00 à 08h00 acceptée par Matthieu Compin	2019-09-09 15:34:13
84	44	Rencontre de Matthieu Compin annulée par le professeur anne viard	2019-09-09 15:46:30
85	34	Rencontre de Thierry Cazalet-lavigne annulée par lui même	2019-09-09 16:17:06
86	34	Rencontre de Thierry Cazalet-lavigne annulée par lui même	2019-09-09 16:17:25
87	34	Rencontre de Thierry Cazalet-lavigne annulée par lui même	2019-09-09 16:23:28
88	33	Rencontre de Thierry Cazalet-lavigne annulée par lui même	2019-09-09 16:27:57
89	32	Rencontre de Thierry Cazalet-lavigne annulée par lui même	2019-09-09 16:32:12
90	36	Vanessa Cerdan a décliné votre proposition	2019-09-09 16:45:23
91	47	Intervention proposée à Thierry Cazalet-lavigne	2019-09-09 16:47:34
92	47	Date du 10/10/2019 de 08h00 à 09h00 acceptée par Thierry Cazalet-lavigne	2019-09-09 16:48:08
93	47	Rencontre de Thierry ingé Cazalet-lavigne annulée par lui même	2019-09-09 17:00:15
94	48	Intervention proposée à Thierry ingé Cazalet-lavigne	2019-09-09 17:17:58
95	48	Date du 16/10/2019 de 08h00 à 12h00 acceptée par Thierry ingé Cazalet-lavigne	2019-09-09 17:19:24
96	48	Rencontre de Thierry ingé Cazalet-lavigne annulée par lui même	2019-09-09 17:42:16
97	49	Intervention proposée à Matthieu Compin	2019-09-09 17:43:08
98	50	Intervention proposée à Thierry ingé Cazalet-lavigne	2019-09-09 17:43:25
99	50	Date du 11/10/2019 de 08h00 à 08h00 acceptée par Thierry ingé Cazalet-lavigne	2019-09-09 17:44:08
100	50	Rencontre de Thierry ingé Cazalet-lavigne annulée par lui même	2019-09-09 17:45:28
101	49	Matthieu Compin a décliné votre proposition	2019-09-09 17:47:05
102	51	Intervention proposée à Ingénieur Test	2019-09-09 18:09:00
103	51	Ingénieur Test a décliné votre proposition	2019-09-09 18:10:01
104	52	Intervention proposée à Thierry ingé Cazalet-lavigne	2019-09-09 18:14:06
105	53	Intervention proposée à Ingénieur Test	2019-09-09 18:17:32
106	52	Thierry ingé Cazalet-lavigne a décliné votre proposition	2019-09-09 18:20:12
107	53	Date du 14/10/2019 de 08h00 à 08h00 acceptée par Ingénieur Test	2019-09-09 18:27:06
108	42	Rencontre de Ingé actif TEST annulée par le professeur Marianne Gutierrez	2019-09-09 18:39:51
109	43	Rencontre de Ingé actif TEST annulée par lui même	2019-09-09 18:50:41
110	54	Intervention proposée à Ingé actif TEST	2019-09-09 18:56:19
111	54	Ingé actif TEST a décliné votre proposition	2019-09-09 18:57:34
112	55	Intervention proposée à Ingé actif TEST	2019-09-09 19:03:21
113	55	Date du 16/10/2019 de 08h00 à 08h00 acceptée par Ingé actif TEST	2019-09-09 19:04:05
114	56	Intervention proposée à Ingé actif TEST	2019-09-09 19:09:09
115	57	Intervention proposée à Ingé actif TEST	2019-09-09 19:22:10
116	58	Intervention proposée à IWANOW PIERRE	2019-09-09 20:35:19
117	58	Date du 26/11/2019 de 08h30 à 10h00 acceptée par IWANOW PIERRE	2019-09-09 23:06:53
118	59	Intervention proposée à Carine SESTIER	2019-09-10 05:39:29
119	60	Intervention proposée à Carine SESTIER	2019-09-10 05:39:30
120	61	Intervention proposée à Carine SESTIER	2019-09-10 05:39:32
121	62	Intervention proposée à vanessa gagnot	2019-09-10 09:10:54
122	63	Intervention proposée à Maryline LIMOUZIN	2019-09-10 09:13:33
123	64	Intervention proposée à Erik CARTEAU	2019-09-10 09:16:33
124	63	Date du 06/02/2020 de 08h00 à 11h00 acceptée par Maryline LIMOUZIN	2019-09-10 09:30:26
125	55	Rencontre de Ingé actif TEST annulée par le professeur Marianne Gutierrez	2019-09-10 10:32:21
126	55	Rencontre de Ingé actif TEST annulée par le professeur Marianne Gutierrez	2019-09-10 10:32:30
127	57	Date du 23/10/2019 de 08h00 à 08h00 acceptée par Ingé actif TEST	2019-09-10 10:55:16
128	57	Rencontre de Ingé actif TEST annulée par lui même	2019-09-10 11:04:32
129	65	Intervention proposée à Thierry ingé Cazalet-lavigne	2019-09-10 11:35:28
130	65	Date du 22/10/2019 de 08h00 à 08h00 acceptée par Thierry ingé Cazalet-lavigne	2019-09-10 11:36:04
131	66	Intervention proposée à Cyrille Majourel	2019-09-10 13:33:32
132	62	vanessa gagnot a décliné votre proposition	2019-09-10 14:00:24
133	67	Intervention proposée à Elizabeth ESTRADA	2019-09-10 16:00:49
134	68	Intervention proposée à Yvon ALLIES	2019-09-10 16:49:50
135	69	Intervention proposée à Olivier Besse	2019-09-10 17:48:13
136	70	Intervention proposée à Pascal RENAUX	2019-09-10 19:46:55
137	71	Intervention proposée à VINCENT CAPY	2019-09-10 19:48:17
138	72	Intervention proposée à vanessa gagnot	2019-09-10 19:53:22
139	73	Intervention proposée à Odilon Dupart	2019-09-10 19:53:44
140	74	Intervention proposée à Andrea Cesaro	2019-09-10 22:17:33
141	75	Intervention proposée à Valériane Ascone	2019-09-10 22:21:57
142	76	Intervention proposée à Alain Grippay	2019-09-11 01:25:04
143	77	Intervention proposée à Nicolas Vial	2019-09-11 09:34:14
144	78	Intervention proposée à Stéphane Jalon	2019-09-11 10:19:43
145	79	Intervention proposée à Julie Mollet	2019-09-11 11:36:42
146	69	Date du 15/10/2019 de 08h30 à 14h00 acceptée par Olivier Besse	2019-09-11 13:56:23
147	80	Intervention proposée à Christophe Caudoux	2019-09-11 14:39:31
148	81	Intervention proposée à Christophe Caudoux	2019-09-11 14:39:31
149	82	Intervention proposée à Line DEGEILH	2019-09-11 21:11:50
150	83	Intervention proposée à Marc Poppleton	2019-09-11 22:16:28
151	81	Date du 05/12/2019 de 11h00 à 12h00 acceptée par Christophe Caudoux	2019-09-12 08:15:46
152	84	Intervention proposée à Anne Beaudouin	2019-09-12 10:00:53
153	85	Intervention proposée à Jean-Louis PIERRISNARD	2019-09-12 11:31:43
154	86	Intervention proposée à Ingé actif TEST	2019-09-12 11:56:45
155	86	Date du 15/10/2019 de 08h00 à 08h00 acceptée par Ingé actif TEST	2019-09-12 12:06:48
156	86	Rencontre de Ingé actif TEST annulée par lui même	2019-09-12 12:07:56
157	87	Intervention proposée à Michael BUROW	2019-09-12 13:24:41
158	88	Intervention proposée à Christophe Caudoux	2019-09-12 13:27:37
159	89	Intervention proposée à frederic pouzadoux	2019-09-12 13:56:11
160	90	Intervention proposée à Christophe ARTHUR	2019-09-12 13:59:27
161	91	Intervention proposée à Christophe ARTHUR	2019-09-12 13:59:29
162	92	Intervention proposée à Christophe ARTHUR	2019-09-12 13:59:31
163	93	Intervention proposée à Christophe ARTHUR	2019-09-12 13:59:33
164	94	Intervention proposée à Jean-Marc PAGEOT	2019-09-12 14:18:07
165	95	Intervention proposée à Ingé actif TEST	2019-09-12 14:41:09
166	96	Intervention proposée à Fatima Zaraba	2019-09-12 16:13:08
167	71	Date du 29/01/2020 de 13h00 à 15h00 acceptée par VINCENT CAPY	2019-09-12 16:22:17
168	97	Intervention proposée à françoise Mounier	2019-09-12 17:36:18
169	98	Intervention proposée à POUENAT Marie-laure	2019-09-12 17:44:03
170	99	Intervention proposée à POUENAT Marie-laure	2019-09-12 17:44:08
171	100	Intervention proposée à POUENAT Marie-laure	2019-09-12 17:44:08
172	101	Intervention proposée à Nicolas Delion	2019-09-12 18:50:02
173	102	Intervention proposée à Catherine STOFFEL	2019-09-12 18:52:00
174	103	Intervention proposée à Olivier BESANCON	2019-09-12 18:54:08
175	104	Intervention proposée à VINCENT CAPY	2019-09-12 18:56:16
176	105	Intervention proposée à Samuel BRODIER	2019-09-12 18:58:44
177	106	Intervention proposée à loig le graet	2019-09-12 19:00:49
178	107	Intervention proposée à loig le graet	2019-09-12 19:00:52
179	108	Intervention proposée à loig le graet	2019-09-12 19:00:53
180	109	Intervention proposée à loig le graet	2019-09-12 19:00:54
181	110	Intervention proposée à loig le graet	2019-09-12 19:00:55
182	111	Intervention proposée à loig le graet	2019-09-12 19:00:55
183	112	Intervention proposée à loig le graet	2019-09-12 19:00:56
184	113	Intervention proposée à loig le graet	2019-09-12 19:00:56
185	114	Intervention proposée à loig le graet	2019-09-12 19:00:56
186	115	Intervention proposée à Jérôme ALLEMAND	2019-09-12 19:03:13
187	116	Intervention proposée à FRANCK PEPINO	2019-09-12 19:05:07
188	117	Intervention proposée à Pierre Girard	2019-09-12 19:07:00
189	118	Intervention proposée à Bertrand VAGUE	2019-09-12 19:08:10
190	119	Intervention proposée à Catherine PELISSONNIER	2019-09-12 19:09:20
191	120	Intervention proposée à Yann CHAUBIRON	2019-09-12 19:40:10
192	103	Date du 06/01/2020 de 10h00 à 16h00 acceptée par Olivier BESANCON	2019-09-12 20:00:48
193	121	Intervention proposée à Michel Studer	2019-09-12 20:21:20
194	77	Date du 20/11/2019 de 10h00 à 08h00 acceptée par Nicolas Vial	2019-09-12 21:03:02
195	115	Date du 21/01/2020 de 09h00 à 13h00 acceptée par Jérôme ALLEMAND	2019-09-13 07:22:34
196	121	Date du 08/01/2020 de 14h00 à 16h00 acceptée par Michel Studer	2019-09-13 07:54:08
197	122	Intervention proposée à Aurélien Huve	2019-09-13 08:51:25
198	123	Intervention proposée à baptiste gelormini	2019-09-13 08:53:00
199	124	Intervention proposée à Pierre-Emmanuel Conoir	2019-09-13 08:55:12
200	117	Pierre Girard a décliné votre proposition	2019-09-13 09:04:20
201	125	Intervention proposée à samir benazzouz	2019-09-13 09:22:57
202	118	Date du 05/11/2019 de 09h00 à 13h00 acceptée par Bertrand VAGUE	2019-09-13 10:52:00
203	82	Line DEGEILH a décliné votre proposition	2019-09-13 11:00:39
204	67	Date du 13/01/2020 de 17h00 à 18h00 acceptée par Elizabeth ESTRADA	2019-09-13 11:08:47
205	78	Date du 24/11/2019 de 08h00 à 08h00 acceptée par Stéphane Jalon	2019-09-13 11:18:33
206	126	Intervention proposée à Emmanuel Queffeulou	2019-09-13 12:05:42
207	127	Intervention proposée à sylvie vartician	2019-09-13 12:27:42
208	128	Intervention proposée à Emmanuel DERACHE 	2019-09-13 14:38:11
209	129	Intervention proposée à Marie-Line BONTEMPS	2019-09-13 16:45:30
210	125	samir benazzouz a décliné votre proposition	2019-09-13 18:33:41
211	88	Date du 13/01/2020 de 14h00 à 16h00 acceptée par Christophe Caudoux	2019-09-13 18:52:42
212	130	Intervention proposée à Patrick Barré	2019-09-13 23:26:58
213	131	Intervention proposée à Hadrien BIDOUARD	2019-09-14 10:39:05
214	132	Intervention proposée à Lucile Baur	2019-09-14 10:42:12
215	133	Intervention proposée à Ahcene BESSAOUDI	2019-09-14 10:46:14
216	134	Intervention proposée à samir benazzouz	2019-09-14 16:54:30
217	135	Intervention proposée à Dorian Bortolus	2019-09-14 17:07:27
218	136	Intervention proposée à Pascal MAYEN	2019-09-14 17:26:54
219	137	Intervention proposée à Raber inoubli	2019-09-15 09:06:29
220	138	Intervention proposée à Morgan Martinez	2019-09-15 09:14:57
221	139	Intervention proposée à Alexis VADE	2019-09-15 17:27:57
222	140	Intervention proposée à Anne-Sophie Blau	2019-09-15 17:39:17
223	141	Intervention proposée à Yves FOSSE	2019-09-16 08:09:34
224	142	Intervention proposée à patrice jamet	2019-09-16 08:12:38
225	66	Date du 14/11/2019 de 09h30 à 10h30 acceptée par Cyrille Majourel	2019-09-16 08:54:45
226	28	Date du 27/01/2020 de 15h30 à 16h30 acceptée par François Chevalier	2019-09-16 09:54:47
227	141	Yves FOSSE a décliné votre proposition	2019-09-16 09:55:54
228	143	Intervention proposée à Silvia Mariani	2019-09-16 10:46:46
229	144	Intervention proposée à Patricia POGGI	2019-09-16 11:02:27
230	100	Date du 14/02/2020 de 13h30 à 16h30 acceptée par POUENAT Marie-laure	2019-09-16 11:33:44
231	89	Date du 02/12/2019 de 10h00 à 12h00 acceptée par frederic pouzadoux	2019-09-16 12:50:52
232	145	Intervention proposée à Michael Rodriguez	2019-09-16 13:06:57
233	146	Intervention proposée à Willy Gauttier	2019-09-16 13:10:38
235	25	Date du 07/11/2019 de 09h30 à 11h00 acceptée par Serge CLARAZ	2019-09-16 13:14:00
234	147	Intervention proposée à Emrick BRIAND	2019-09-16 13:13:47
236	148	Intervention proposée à Emrick BRIAND	2019-09-16 13:14:03
237	149	Intervention proposée à Emrick BRIAND	2019-09-16 13:14:11
238	150	Intervention proposée à Cyrille Majourel	2019-09-16 17:13:41
239	151	Intervention proposée à laura Irla	2019-09-16 21:16:14
240	152	Intervention proposée à Hélène RISS	2019-09-16 23:12:11
241	153	Intervention proposée à stephane dusservais	2019-09-17 08:55:25
242	154	Intervention proposée à Delphine LAROCHE	2019-09-17 09:33:50
243	155	Intervention proposée à patrick duchaine	2019-09-17 09:38:03
244	156	Intervention proposée à Evanne GUERIN	2019-09-17 09:40:23
245	157	Intervention proposée à françois BRUNET	2019-09-17 09:48:06
246	158	Intervention proposée à Maïder ESTECAHANDY	2019-09-17 09:48:55
247	159	Intervention proposée à frédéric FOURNIER	2019-09-17 10:21:38
248	160	Intervention proposée à KIM LÊ	2019-09-17 11:26:06
249	149	Emrick BRIAND a décliné votre proposition	2019-09-17 11:40:16
250	161	Intervention proposée à Stéphane PUCHALSKI	2019-09-17 11:54:58
251	93	Christophe ARTHUR a décliné votre proposition	2019-09-17 12:56:19
252	72	Date du 18/03/2020 de 13h00 à 15h00 acceptée par vanessa gagnot	2019-09-17 16:42:38
253	162	Intervention proposée à Pierre Girard	2019-09-17 17:03:05
254	163	Intervention proposée à Line DEGEILH	2019-09-17 17:12:51
255	164	Intervention proposée à Olivier LUCAS	2019-09-17 18:38:55
256	165	Intervention proposée à Florian Rappaport	2019-09-17 18:59:05
257	158	Date du 30/01/2020 de 14h00 à 16h00 acceptée par Maïder ESTECAHANDY	2019-09-17 20:32:49
258	166	Intervention proposée à Catherine STOFFEL	2019-09-17 20:47:07
259	154	Date du 23/01/2020 de 10h00 à 12h00 acceptée par Delphine LAROCHE	2019-09-17 21:28:12
260	167	Intervention proposée à Sonia Naidu	2019-09-18 09:52:03
261	161	Date du 04/11/2019 de 08h00 à 10h00 acceptée par Stéphane PUCHALSKI	2019-09-18 10:09:27
262	152	Date du 28/11/2019 de 08h30 à 11h30 acceptée par Hélène RISS	2019-09-18 10:14:38
263	102	Catherine STOFFEL a décliné votre proposition	2019-09-18 17:43:11
264	166	Date du 03/03/2020 de 13h00 à 16h00 acceptée par Catherine STOFFEL	2019-09-18 17:46:32
265	168	Intervention proposée à Hakima BERDOUZ	2019-09-18 17:52:00
266	169	Intervention proposée à Maure HAVET	2019-09-18 19:40:15
267	153	Date du 25/11/2019 de 14h00 à 17h00 acceptée par stephane dusservais	2019-09-19 12:51:10
269	172	Intervention proposée à Thierry Cazalet	2019-09-19 13:43:42
270	176	Intervention proposée à Frederic LOISEAU	2019-09-19 14:35:02
271	177	Intervention proposée à Olivier PANSANEL	2019-09-19 15:14:40
272	182	Intervention proposée à Philippe NOVAK	2019-09-19 17:41:20
273	2	Envoi d'un rappel à Dimitri HPJ Test	2019-09-19 17:49:32
274	10	Envoi d'un rappel à Hélène LYON	2019-09-19 17:49:32
275	12	Envoi d'un rappel à Marianne Test ingé non contacté	2019-09-19 17:49:33
276	13	Envoi d'un rappel à Mickaël HOAREAU	2019-09-19 17:49:33
277	14	Envoi d'un rappel à Anaïs ROBLET	2019-09-19 17:49:34
278	15	Envoi d'un rappel à Benoît Albahary	2019-09-19 17:49:35
279	16	Envoi d'un rappel à Benoît Albahary	2019-09-19 17:49:35
280	17	Envoi d'un rappel à karine white	2019-09-19 17:49:36
281	19	Envoi d'un rappel à Julie Coulette	2019-09-19 17:49:36
282	20	Envoi d'un rappel à Jean-Yves ROBIN	2019-09-19 17:49:37
283	21	Envoi d'un rappel à Floriane BLUSSEAU	2019-09-19 17:49:37
284	22	Envoi d'un rappel à Laura THUILLIER	2019-09-19 17:49:37
285	26	Envoi d'un rappel à matthieu varin	2019-09-19 17:49:38
286	27	Envoi d'un rappel à Zahia TOUTOU-MELINGE	2019-09-19 17:49:39
287	31	Envoi d'un rappel à Alice Saad	2019-09-19 17:49:40
288	59	Envoi d'un rappel à Carine SESTIER	2019-09-19 17:49:41
289	60	Envoi d'un rappel à Carine SESTIER	2019-09-19 17:49:41
290	61	Envoi d'un rappel à Carine SESTIER	2019-09-19 17:49:41
291	64	Envoi d'un rappel à Erik CARTEAU	2019-09-19 17:49:42
292	70	Envoi d'un rappel à Pascal RENAUX	2019-09-19 17:49:43
293	73	Envoi d'un rappel à Odilon Dupart	2019-09-19 17:49:44
294	74	Envoi d'un rappel à Andrea Cesaro	2019-09-19 17:49:45
295	75	Envoi d'un rappel à Valériane Ascone	2019-09-19 17:49:45
296	76	Envoi d'un rappel à Alain Grippay	2019-09-19 17:49:46
297	79	Envoi d'un rappel à Julie Mollet	2019-09-19 17:49:46
298	80	Envoi d'un rappel à Christophe Caudoux	2019-09-19 17:49:47
299	84	Envoi d'un rappel à Anne Beaudouin	2019-09-19 17:49:48
300	85	Envoi d'un rappel à Jean-Louis PIERRISNARD	2019-09-19 17:49:49
301	87	Envoi d'un rappel à Michael BUROW	2019-09-19 17:49:49
302	90	Envoi d'un rappel à Christophe ARTHUR	2019-09-19 17:49:50
303	91	Envoi d'un rappel à Christophe ARTHUR	2019-09-19 17:49:50
304	92	Envoi d'un rappel à Christophe ARTHUR	2019-09-19 17:49:51
305	94	Envoi d'un rappel à Jean-Marc PAGEOT	2019-09-19 17:49:51
306	95	Envoi d'un rappel à Ingé actif TEST	2019-09-19 17:49:51
307	96	Envoi d'un rappel à Fatima Zaraba	2019-09-19 17:49:51
308	97	Envoi d'un rappel à françoise Mounier	2019-09-19 17:49:52
309	98	Envoi d'un rappel à POUENAT Marie-laure	2019-09-19 17:49:52
310	99	Envoi d'un rappel à POUENAT Marie-laure	2019-09-19 17:49:52
311	101	Envoi d'un rappel à Nicolas Delion	2019-09-19 17:49:53
312	104	Envoi d'un rappel à VINCENT CAPY	2019-09-19 17:49:53
313	105	Envoi d'un rappel à Samuel BRODIER	2019-09-19 17:49:54
314	106	Envoi d'un rappel à loig le graet	2019-09-19 17:49:55
315	107	Envoi d'un rappel à loig le graet	2019-09-19 17:49:56
316	108	Envoi d'un rappel à loig le graet	2019-09-19 17:49:56
317	109	Envoi d'un rappel à loig le graet	2019-09-19 17:49:56
318	110	Envoi d'un rappel à loig le graet	2019-09-19 17:49:57
319	111	Envoi d'un rappel à loig le graet	2019-09-19 17:49:57
320	112	Envoi d'un rappel à loig le graet	2019-09-19 17:49:57
321	113	Envoi d'un rappel à loig le graet	2019-09-19 17:49:57
322	114	Envoi d'un rappel à loig le graet	2019-09-19 17:49:58
323	116	Envoi d'un rappel à FRANCK PEPINO	2019-09-19 17:49:58
324	119	Envoi d'un rappel à Catherine PELISSONNIER	2019-09-19 17:49:58
325	120	Envoi d'un rappel à Yann CHAUBIRON	2019-09-19 17:49:59
326	122	Envoi d'un rappel à Aurélien Huve	2019-09-19 17:49:59
327	123	Envoi d'un rappel à baptiste gelormini	2019-09-19 17:49:59
328	124	Envoi d'un rappel à Pierre-Emmanuel Conoir	2019-09-19 17:49:59
329	126	Envoi d'un rappel à Emmanuel Queffeulou	2019-09-19 17:50:00
330	127	Envoi d'un rappel à sylvie vartician	2019-09-19 17:50:00
331	128	Envoi d'un rappel à Emmanuel DERACHE 	2019-09-19 17:50:02
332	129	Envoi d'un rappel à Marie-Line BONTEMPS	2019-09-19 17:50:02
333	130	Envoi d'un rappel à Patrick Barré	2019-09-19 17:50:03
352	130	Date du 22/11/2019 de 13h00 à 15h00 acceptée par Patrick Barré	2019-09-19 18:55:04
353	135	Date du 04/11/2019 de 10h00 à 10h00 acceptée par Dorian Bortolus	2019-09-19 19:18:29
354	183	Intervention proposée à édouard mouillon	2019-09-19 22:29:44
355	184	Intervention proposée à Léa COQUELET	2019-09-19 22:46:40
356	73	Date du 06/11/2019 de 10h00 à 12h00 acceptée par Odilon Dupart	2019-09-20 01:01:57
357	185	Intervention proposée à manasa prakash	2019-09-20 05:39:05
358	186	Intervention proposée à Guillaume Mouly	2019-09-20 06:01:40
359	70	Date du 27/01/2020 de 15h30 à 16h30 acceptée par Pascal RENAUX	2019-09-20 07:20:56
360	105	Samuel BRODIER a décliné votre proposition	2019-09-20 08:38:28
361	187	Intervention proposée à BENOIT ALBAHARY	2019-09-20 08:54:25
362	131	Envoi d'un rappel à Hadrien BIDOUARD	2019-09-20 12:01:07
363	132	Envoi d'un rappel à Lucile Baur	2019-09-20 12:01:08
364	133	Envoi d'un rappel à Ahcene BESSAOUDI	2019-09-20 12:01:09
365	134	Envoi d'un rappel à samir benazzouz	2019-09-20 12:01:09
366	136	Envoi d'un rappel à Pascal MAYEN	2019-09-20 12:01:11
367	131	Date du 02/12/2019 de 10h00 à 12h00 acceptée par Hadrien BIDOUARD	2019-09-20 12:08:09
375	45	Rencontre de Matthieu Compin annulée par lui même	2019-09-20 15:36:11
376	193	Intervention proposée à Isabel Lemaitre	2019-09-20 17:20:41
377	194	Intervention proposée à Léa DELEBARRE	2019-09-20 19:12:14
378	172	Date du 21/10/2019 de 08h00 à 08h00 acceptée par Thierry Cazalet	2019-09-21 09:06:42
379	197	Intervention proposée à bertrand leroyer	2019-09-21 09:21:57
380	195	Intervention proposée à Patrick Raucroy	2019-09-21 09:31:20
381	198	Intervention proposée à isabelle hallgren	2019-09-21 09:56:06
382	199	Intervention proposée à laurent CANDILLIER	2019-09-21 10:07:14
383	200	Intervention proposée à Line DEGEILH	2019-09-21 10:26:18
384	201	Intervention proposée à jerome pasquinelli	2019-09-21 10:54:26
385	137	Envoi d'un rappel à Raber inoubli	2019-09-21 12:01:08
386	138	Envoi d'un rappel à Morgan Martinez	2019-09-21 12:01:15
387	139	Envoi d'un rappel à Alexis VADE	2019-09-21 12:01:16
388	140	Envoi d'un rappel à Anne-Sophie Blau	2019-09-21 12:01:16
396	202	Intervention proposée à Clément NIEPCERON	2019-09-21 13:28:57
397	206	Intervention proposée à corinne bonifas	2019-09-22 09:24:17
398	207	Intervention proposée à Diane Westphal	2019-09-22 09:53:42
399	142	Envoi d'un rappel à patrice jamet	2019-09-22 12:01:06
400	143	Envoi d'un rappel à Silvia Mariani	2019-09-22 12:01:07
401	144	Envoi d'un rappel à Patricia POGGI	2019-09-22 12:01:09
402	145	Envoi d'un rappel à Michael Rodriguez	2019-09-22 12:01:10
403	146	Envoi d'un rappel à Willy Gauttier	2019-09-22 12:01:10
404	150	Envoi d'un rappel à Cyrille Majourel	2019-09-22 12:01:10
405	151	Envoi d'un rappel à laura Irla	2019-09-22 12:01:10
414	201	Date du 13/11/2019 de 09h00 à 10h00 acceptée par jerome pasquinelli	2019-09-23 08:01:02
415	150	Date du 17/12/2019 de 09h00 à 10h00 acceptée par Cyrille Majourel	2019-09-23 08:16:27
416	195	Date du 21/11/2019 de 14h00 à 17h00 acceptée par Patrick Raucroy	2019-09-23 08:59:34
417	126	Emmanuel Queffeulou a décliné votre proposition	2019-09-23 09:53:42
418	64	Date du 16/03/2020 de 10h00 à 12h00 acceptée par Erik CARTEAU	2019-09-23 10:38:16
419	187	Date du 20/03/2020 de 12h30 à 14h00 acceptée par BENOIT ALBAHARY	2019-09-23 11:27:11
420	155	Envoi d'un rappel à patrick duchaine	2019-09-23 12:01:08
421	157	Envoi d'un rappel à françois BRUNET	2019-09-23 12:01:08
422	162	Envoi d'un rappel à Pierre Girard	2019-09-23 12:01:08
423	164	Envoi d'un rappel à Olivier LUCAS	2019-09-23 12:01:09
424	165	Envoi d'un rappel à Florian Rappaport	2019-09-23 12:01:09
433	197	Date du 03/12/2019 de 14h00 à 17h00 acceptée par bertrand leroyer	2019-09-23 14:26:02
434	97	Date du 09/01/2020 de 13h30 à 15h30 acceptée par françoise Mounier	2019-09-23 14:33:25
435	2	Aucune réponse à votre proposition depuis 10 jours de Dimitri HPJ Test	2019-09-23 16:32:56
436	59	Aucune réponse à votre proposition depuis 10 jours de Carine SESTIER	2019-09-23 16:32:56
437	111	Aucune réponse à votre proposition depuis 10 jours de loig le graet	2019-09-23 16:32:57
438	10	Aucune réponse à votre proposition depuis 10 jours de Hélène LYON	2019-09-23 16:32:57
439	12	Aucune réponse à votre proposition depuis 10 jours de Marianne Test ingé non contacté	2019-09-23 16:32:58
440	13	Aucune réponse à votre proposition depuis 10 jours de Mickaël HOAREAU	2019-09-23 16:32:58
441	14	Aucune réponse à votre proposition depuis 10 jours de Anaïs ROBLET	2019-09-23 16:32:58
442	15	Aucune réponse à votre proposition depuis 10 jours de Benoît Albahary	2019-09-23 16:32:59
443	17	Aucune réponse à votre proposition depuis 10 jours de karine white	2019-09-23 16:32:59
444	19	Aucune réponse à votre proposition depuis 10 jours de Julie Coulette	2019-09-23 16:33:00
445	20	Aucune réponse à votre proposition depuis 10 jours de Jean-Yves ROBIN	2019-09-23 16:33:00
446	21	Aucune réponse à votre proposition depuis 10 jours de Floriane BLUSSEAU	2019-09-23 16:33:01
447	22	Aucune réponse à votre proposition depuis 10 jours de Laura THUILLIER	2019-09-23 16:33:03
448	27	Aucune réponse à votre proposition depuis 10 jours de Zahia TOUTOU-MELINGE	2019-09-23 16:33:04
449	31	Aucune réponse à votre proposition depuis 10 jours de Alice Saad	2019-09-23 16:33:04
450	74	Aucune réponse à votre proposition depuis 10 jours de Andrea Cesaro	2019-09-23 16:33:05
451	75	Aucune réponse à votre proposition depuis 10 jours de Valériane Ascone	2019-09-23 16:33:05
452	76	Aucune réponse à votre proposition depuis 10 jours de Alain Grippay	2019-09-23 16:33:05
453	79	Aucune réponse à votre proposition depuis 10 jours de Julie Mollet	2019-09-23 16:33:05
454	80	Aucune réponse à votre proposition depuis 10 jours de Christophe Caudoux	2019-09-23 16:33:07
455	84	Aucune réponse à votre proposition depuis 10 jours de Anne Beaudouin	2019-09-23 16:33:09
456	85	Aucune réponse à votre proposition depuis 10 jours de Jean-Louis PIERRISNARD	2019-09-23 16:33:09
457	87	Aucune réponse à votre proposition depuis 10 jours de Michael BUROW	2019-09-23 16:33:10
458	90	Aucune réponse à votre proposition depuis 10 jours de Christophe ARTHUR	2019-09-23 16:33:10
459	94	Aucune réponse à votre proposition depuis 10 jours de Jean-Marc PAGEOT	2019-09-23 16:33:11
460	95	Aucune réponse à votre proposition depuis 10 jours de Ingé actif TEST	2019-09-23 16:33:11
461	96	Aucune réponse à votre proposition depuis 10 jours de Fatima Zaraba	2019-09-23 16:33:11
462	98	Aucune réponse à votre proposition depuis 10 jours de POUENAT Marie-laure	2019-09-23 16:33:11
463	101	Aucune réponse à votre proposition depuis 10 jours de Nicolas Delion	2019-09-23 16:33:13
464	104	Aucune réponse à votre proposition depuis 10 jours de VINCENT CAPY	2019-09-23 16:33:13
465	116	Aucune réponse à votre proposition depuis 10 jours de FRANCK PEPINO	2019-09-23 16:33:13
466	119	Aucune réponse à votre proposition depuis 10 jours de Catherine PELISSONNIER	2019-09-23 16:33:14
467	120	Aucune réponse à votre proposition depuis 10 jours de Yann CHAUBIRON	2019-09-23 16:33:14
468	122	Aucune réponse à votre proposition depuis 10 jours de Aurélien Huve	2019-09-23 16:33:14
469	123	Aucune réponse à votre proposition depuis 10 jours de baptiste gelormini	2019-09-23 16:33:15
470	124	Aucune réponse à votre proposition depuis 10 jours de Pierre-Emmanuel Conoir	2019-09-23 16:33:15
471	127	Aucune réponse à votre proposition depuis 10 jours de sylvie vartician	2019-09-23 16:33:15
472	128	Aucune réponse à votre proposition depuis 10 jours de Emmanuel DERACHE 	2019-09-23 16:33:15
473	129	Aucune réponse à votre proposition depuis 10 jours de Marie-Line BONTEMPS	2019-09-23 16:33:15
474	31	Intervention proposée à Philippe Denis	2019-09-23 20:20:15
475	87	Intervention proposée à Etienne Collet	2019-09-23 22:57:48
476	90	Intervention proposée à Valérie BOSSO	2019-09-24 07:21:38
477	31	Date du 26/11/2019 de 15h00 à 17h00 acceptée par Philippe Denis	2019-09-24 09:38:08
478	157	Date du 20/01/2020 de 10h30 à 11h30 acceptée par françois BRUNET	2019-09-24 11:21:38
479	200	Date du 29/11/2019 de 10h00 à 11h00 acceptée par Line DEGEILH	2019-09-24 11:34:42
480	213	Intervention proposée à Justine PORTAU	2019-09-24 11:54:57
481	167	Envoi d'un rappel à Sonia Naidu	2019-09-24 12:01:05
482	168	Envoi d'un rappel à Hakima BERDOUZ	2019-09-24 12:01:06
483	169	Envoi d'un rappel à Maure HAVET	2019-09-24 12:01:06
484	132	Aucune réponse à votre proposition depuis 10 jours de Lucile Baur	2019-09-24 12:10:55
485	133	Aucune réponse à votre proposition depuis 10 jours de Ahcene BESSAOUDI	2019-09-24 12:10:56
486	134	Aucune réponse à votre proposition depuis 10 jours de samir benazzouz	2019-09-24 12:10:56
487	136	Aucune réponse à votre proposition depuis 10 jours de Pascal MAYEN	2019-09-24 12:10:58
488	84	Aucune réponse à votre proposition depuis 10 jours de Anne Beaudouin	2019-09-24 12:11:00
489	87	Aucune réponse à votre proposition depuis 10 jours de Etienne Collet	2019-09-24 12:11:00
490	91	Aucune réponse à votre proposition depuis 10 jours de Christophe ARTHUR	2019-09-24 12:11:01
491	169	Maure HAVET a décliné votre proposition	2019-09-24 12:52:11
492	215	Intervention proposée à Sophie Neubert	2019-09-24 16:18:00
493	216	Intervention proposée à Constance Robeyns	2019-09-24 16:48:58
494	216	Intervention proposée à VIRGINIE THOLLON BAYEUL	2019-09-24 16:49:16
495	176	Frederic LOISEAU a décliné votre proposition	2019-09-24 17:51:56
496	87	Intervention proposée à Joan Durand	2019-09-24 21:04:15
497	218	Intervention proposée à Ayoub Ighmour	2019-09-24 21:57:31
498	219	Intervention proposée à Valerie BLENET	2019-09-24 22:08:02
499	213	Date du 04/02/2020 de 14h00 à 15h00 acceptée par Justine PORTAU	2019-09-25 09:24:50
500	177	Envoi d'un rappel à Olivier PANSANEL	2019-09-25 12:01:05
501	182	Envoi d'un rappel à Philippe NOVAK	2019-09-25 12:01:09
502	183	Envoi d'un rappel à édouard mouillon	2019-09-25 12:01:09
503	184	Envoi d'un rappel à Léa COQUELET	2019-09-25 12:01:09
504	177	Olivier PANSANEL a décliné votre proposition	2019-09-25 12:03:33
505	137	Aucune réponse à votre proposition depuis 10 jours de Raber inoubli	2019-09-25 12:10:56
506	138	Aucune réponse à votre proposition depuis 10 jours de Morgan Martinez	2019-09-25 12:10:57
507	139	Aucune réponse à votre proposition depuis 10 jours de Alexis VADE	2019-09-25 12:10:57
508	87	Aucune réponse à votre proposition depuis 10 jours de Joan Durand	2019-09-25 12:10:57
509	176	Intervention proposée à Ingénieur Test	2019-09-25 12:42:05
510	220	Intervention proposée à Ingénieur Test	2019-09-25 12:50:40
511	220	Ingénieur Test a décliné votre proposition	2019-09-25 12:54:38
512	220	Intervention proposée à Ingénieur Test	2019-09-25 13:02:09
513	220	Intervention proposée à Ingénieur Test	2019-09-25 13:06:36
514	168	Date du 05/12/2019 de 15h30 à 17h00 acceptée par Hakima BERDOUZ	2019-09-25 13:21:14
515	138	Intervention proposée à Jessy LESSORT	2019-09-25 13:23:40
516	222	Intervention proposée à Samuel Napoléoni	2019-09-25 15:00:06
517	87	Intervention proposée à Karim Oueghlani	2019-09-25 16:49:03
518	219	Date du 18/11/2019 de 09h00 à 10h00 acceptée par Valerie BLENET	2019-09-25 19:48:35
519	227	Intervention proposée à Rémy ROUGER	2019-09-26 11:19:15
520	228	Intervention proposée à Marie-Laure GROUD	2019-09-26 11:21:02
521	229	Intervention proposée à Pierre-Noël Arcangeli	2019-09-26 11:23:48
522	230	Intervention proposée à Farid TABIE	2019-09-26 11:27:07
523	229	Date du 06/03/2020 de 09h00 à 10h00 acceptée par Pierre-Noël Arcangeli	2019-09-26 11:46:31
527	142	Aucune réponse à votre proposition depuis 10 jours de patrice jamet	2019-09-26 12:10:57
528	143	Aucune réponse à votre proposition depuis 10 jours de Silvia Mariani	2019-09-26 12:10:58
529	144	Aucune réponse à votre proposition depuis 10 jours de Patricia POGGI	2019-09-26 12:10:58
530	145	Aucune réponse à votre proposition depuis 10 jours de Michael Rodriguez	2019-09-26 12:10:59
531	151	Aucune réponse à votre proposition depuis 10 jours de laura Irla	2019-09-26 12:10:59
532	138	Aucune réponse à votre proposition depuis 10 jours de Jessy LESSORT	2019-09-26 12:10:59
533	87	Aucune réponse à votre proposition depuis 10 jours de Karim Oueghlani	2019-09-26 12:10:59
534	144	Intervention proposée à Stephane ROOS	2019-09-26 14:25:28
535	230	Date du 27/02/2020 de 10h00 à 12h00 acceptée par Farid TABIE	2019-09-26 14:55:28
536	235	Intervention proposée à Nathalie RAVIART	2019-09-26 17:57:36
537	235	Date du 17/12/2019 de 15h30 à 17h30 acceptée par Nathalie RAVIART	2019-09-27 11:38:46
544	164	Aucune réponse à votre proposition depuis 10 jours de Olivier LUCAS	2019-09-27 12:10:56
545	139	Aucune réponse à votre proposition depuis 10 jours de Alexis VADE	2019-09-27 12:10:56
546	143	Aucune réponse à votre proposition depuis 10 jours de Silvia Mariani	2019-09-27 12:10:56
547	155	Aucune réponse à votre proposition depuis 10 jours de patrick duchaine	2019-09-27 12:10:56
548	144	Aucune réponse à votre proposition depuis 10 jours de Stephane ROOS	2019-09-27 12:10:57
549	15	Aucune réponse à votre proposition depuis 10 jours de Benoît Albahary	2019-09-27 12:10:57
550	236	Intervention proposée à Emilio RAIMONDO	2019-09-27 12:48:48
551	137	Intervention proposée à Laurent GAREL	2019-09-27 19:28:36
552	238	Intervention proposée à Yen NGUYEN	2019-09-27 22:55:40
553	242	Intervention proposée à Marc Caetano	2019-09-27 23:59:02
562	167	Aucune réponse à votre proposition depuis 10 jours de Sonia Naidu	2019-09-28 12:10:55
563	128	Aucune réponse à votre proposition depuis 10 jours de Emmanuel DERACHE 	2019-09-28 12:10:55
564	137	Aucune réponse à votre proposition depuis 10 jours de Laurent GAREL	2019-09-28 12:10:55
565	194	Date du 03/02/2020 de 09h00 à 11h00 acceptée par Léa DELEBARRE	2019-09-28 18:15:27
566	246	Intervention proposée à Amandine ROLLAND	2019-09-28 18:40:33
567	248	Intervention proposée à Elodie Ducourthial	2019-09-29 07:24:23
575	183	Aucune réponse à votre proposition depuis 10 jours de édouard mouillon	2019-09-29 12:10:57
576	184	Aucune réponse à votre proposition depuis 10 jours de Léa COQUELET	2019-09-29 12:10:57
577	250	Intervention proposée à Adeline Bodin	2019-09-29 13:10:19
578	251	Intervention proposée à Dorian Bortolus	2019-09-29 13:16:14
579	252	Intervention proposée à Eloïse Ferrier	2019-09-29 14:12:39
580	151	Intervention proposée à Bruno Hibert	2019-09-29 14:56:45
581	253	Intervention proposée à Julie de Cevins	2019-09-29 15:35:50
582	254	Intervention proposée à Catherine MEYER	2019-09-29 15:46:12
583	255	Intervention proposée à Isabelle Devatine-Lacaze	2019-09-29 15:56:27
584	252	Date du 10/11/2019 de 13h30 à 17h00 acceptée par Eloïse Ferrier	2019-09-30 08:38:46
586	186	Date du 10/12/2019 de 13h00 à 15h00 acceptée par Guillaume Mouly	2019-09-30 09:38:31
596	143	Aucune réponse à votre proposition depuis 10 jours de Silvia Mariani	2019-09-30 12:10:53
597	151	Aucune réponse à votre proposition depuis 10 jours de Bruno Hibert	2019-09-30 12:10:53
598	15	Aucune réponse à votre proposition depuis 10 jours de Benoît Albahary	2019-09-30 12:10:53
599	266	Intervention proposée à Delphine REINERT	2019-10-01 00:18:45
600	267	Intervention proposée à charles manghini	2019-10-01 09:41:44
601	269	Intervention proposée à Stéphane GILLARDO	2019-10-01 09:48:57
602	272	Intervention proposée à Ambassadrices Schneider	2019-10-01 11:15:28
608	139	Aucune réponse à votre proposition depuis 10 jours de Alexis VADE	2019-10-01 12:10:57
609	267	charles manghini a décliné votre proposition	2019-10-01 17:10:05
610	251	Date du 06/12/2019 de 13h30 à 15h30 acceptée par Dorian Bortolus	2019-10-02 11:45:50
617	277	Intervention proposée à Aurélien Huve	2019-10-02 12:55:21
618	279	Intervention proposée à Anne-Sophie DUGAST	2019-10-02 15:06:09
619	252	Rencontre de Eloïse Ferrier annulée par lui même	2019-10-02 16:35:39
620	252	Intervention proposée à nadia setti	2019-10-03 08:12:22
621	282	Intervention proposée à Nicolas Dufaure	2019-10-03 09:44:26
622	202	Date du 12/05/2020 de 10h00 à 11h00 acceptée par Clément NIEPCERON	2019-10-03 10:10:12
623	285	Intervention proposée à Arnaud MOCELLIN	2019-10-03 11:27:17
628	17	Aucune réponse à votre proposition depuis 10 jours de karine white	2019-10-03 12:10:58
629	254	Catherine MEYER a décliné votre proposition	2019-10-03 16:15:48
630	289	Intervention proposée à gilles BOUVRESSE	2019-10-03 21:08:40
631	282	Date du 16/01/2020 de 15h00 à 17h00 acceptée par Nicolas Dufaure	2019-10-04 09:52:34
632	254	Intervention proposée à Marie-Eve RIGOLLET	2019-10-04 10:20:02
637	291	Intervention proposée à Matthieu Compin	2019-10-04 13:04:19
638	291	Date du 05/12/2019 de 09h00 à 11h00 acceptée par Matthieu Compin	2019-10-04 13:12:37
639	294	Intervention proposée à Ingénieur Test	2019-10-04 15:13:41
640	294	Date du 07/11/2019 de 14h00 à 09h00 acceptée par Ingénieur Test	2019-10-04 15:14:02
641	293	Intervention proposée à Ingénieur Test	2019-10-04 15:23:30
642	293	Date du 06/11/2019 de 08h00 à 08h00 acceptée par Ingénieur Test	2019-10-04 15:23:41
643	297	Intervention proposée à Maryline LIMOUZIN	2019-10-04 17:38:48
644	297	Date du 05/03/2020 de 13h00 à 14h00 acceptée par Maryline LIMOUZIN	2019-10-04 17:41:45
653	299	Intervention proposée à Pierre-Noël Arcangeli	2019-10-06 18:00:27
654	299	Intervention proposée à Pierre-Noël Arcangeli	2019-10-06 18:00:30
655	299	Pierre-Noël Arcangeli a décliné votre proposition	2019-10-07 10:29:07
672	300	Intervention proposée à François Le Berre	2019-10-07 13:00:36
673	289	Date du 12/03/2020 de 08h30 à 10h30 acceptée par gilles BOUVRESSE	2019-10-07 14:08:20
674	289	Date du 02/04/2020 de 08h30 à 10h30 acceptée par gilles BOUVRESSE	2019-10-07 14:08:22
675	289	Date du 05/03/2020 de 08h30 à 10h30 acceptée par gilles BOUVRESSE	2019-10-07 14:08:24
676	288	Date du 11/12/2019 de 08h00 à 10h00 acceptée par  	2019-10-07 14:36:27
677	276	Date du 21/11/2019 de 09h30 à 10h30 acceptée par  	2019-10-07 14:45:19
678	304	Intervention proposée à Alain ROMAN	2019-10-07 15:53:11
679	304	Date du 29/01/2020 de 10h00 à 12h00 acceptée par Alain ROMAN	2019-10-07 16:38:10
680	306	Intervention proposée à Jean-Michel Rodriguez	2019-10-07 17:01:09
681	308	Intervention proposée à Matthieu Compin	2019-10-07 18:12:34
682	309	Intervention proposée à Anne JEAN	2019-10-07 18:16:12
683	310	Intervention proposée à Catherine GROBON	2019-10-07 18:16:34
684	310	Intervention proposée à Catherine GROBON	2019-10-07 18:16:40
685	311	Intervention proposée à Emma Croner	2019-10-07 18:24:32
686	312	Intervention proposée à Serge CLARAZ	2019-10-07 18:42:32
687	314	Intervention proposée à David Charnolé	2019-10-07 20:42:18
688	308	Date du 06/03/2020 de 14h00 à 16h00 acceptée par Matthieu Compin	2019-10-07 21:42:00
689	312	Serge CLARAZ a décliné votre proposition	2019-10-08 08:08:17
690	318	Intervention proposée à Catherine lagrange	2019-10-08 09:02:38
691	319	Intervention proposée à Gwenaëlle Khalfa	2019-10-08 09:32:48
692	320	Intervention proposée à Erik LOUISE	2019-10-08 09:48:00
693	321	Intervention proposée à Gregoire WENDLING	2019-10-08 09:55:40
694	321	Date du 19/12/2019 de 10h30 à 12h00 acceptée par Gregoire WENDLING	2019-10-08 10:00:00
699	139	Aucune réponse à votre proposition depuis 10 jours de Alexis VADE	2019-10-08 12:10:58
700	322	Intervention proposée à Léa Test	2019-10-08 15:02:06
701	139	Date du 13/12/2019 de 15h30 à 16h30 acceptée par  	2019-10-08 15:12:26
702	323	Intervention proposée à HENRI ROBERT	2019-10-08 15:32:08
703	324	Intervention proposée à Nicolas PATALANO	2019-10-08 15:42:57
704	323	Date du 09/12/2019 de 13h00 à 15h00 acceptée par HENRI ROBERT	2019-10-08 15:47:19
705	326	Intervention proposée à Ambassadrices Schneider	2019-10-08 20:29:58
706	137	Date du 04/02/2020 de 16h30 à 17h30 acceptée par Laurent GAREL	2019-10-09 09:59:17
707	277	Date du 10/04/2020 de 08h00 à 12h00 acceptée par Aurélien Huve	2019-10-09 11:10:04
708	327	Intervention proposée à Serge Henrot	2019-10-09 11:59:03
713	84	Aucune réponse à votre proposition depuis 10 jours de Anne Beaudouin	2019-10-09 12:10:57
714	330	Intervention proposée à Kévin DUBLANCHE	2019-10-09 22:00:48
715	331	Intervention proposée à Shouhaib Mohamed	2019-10-09 22:31:23
716	332	Intervention proposée à Timothée Mervillon	2019-10-10 05:29:55
717	334	Intervention proposée à Ambassadrices Schneider	2019-10-10 08:40:38
718	322	Date du 07/11/2019 de 08h30 à 10h00 acceptée par  	2019-10-10 09:30:12
719	335	Date du 11/12/2019 de 08h00 à 08h00 acceptée par  	2019-10-10 11:03:09
720	336	Date du 20/11/2019 de 08h00 à 08h00 acceptée par  	2019-10-10 11:16:44
721	337	Intervention proposée à Pierre Wadoux	2019-10-10 11:27:21
722	338	Intervention proposée à Anne-Sophie BERNEUX-DUGAST	2019-10-10 11:31:28
723	337	Date du 18/12/2019 de 08h00 à 12h00 acceptée par Pierre Wadoux	2019-10-10 11:41:25
724	294	Rencontre de Ingénieur Test annulée par le professeur Jenna Giletti	2019-10-10 11:42:52
725	293	Rencontre de Ingénieur Test annulée par le professeur Jenna Giletti	2019-10-10 11:43:20
726	339	Date du 22/11/2019 de 08h00 à 08h00 acceptée par  	2019-10-10 11:45:26
731	345	Intervention proposée à Sophie Ascione	2019-10-10 16:06:12
732	347	Intervention proposée à Miguel SANCHEZ	2019-10-10 16:28:17
733	348	Intervention proposée à florence couette	2019-10-10 17:53:52
734	348	Intervention proposée à florence couette	2019-10-10 17:53:53
735	348	Intervention proposée à florence couette	2019-10-10 17:54:23
736	183	Intervention proposée à Maryline LIMOUZIN	2019-10-10 18:48:44
737	332	Date du 05/12/2019 de 13h00 à 15h00 acceptée par Timothée Mervillon	2019-10-11 07:56:50
738	262	Date du 09/12/2019 de 11h00 à 12h00 acceptée par  	2019-10-11 09:48:10
739	356	Intervention proposée à Chiara BONOMI	2019-10-11 11:40:40
740	357	Intervention proposée à Arnaud MARCHAL	2019-10-11 12:00:59
741	199	Envoi d'un rappel à laurent CANDILLIER	2019-10-11 12:01:18
742	207	Envoi d'un rappel à Diane Westphal	2019-10-11 12:01:18
743	215	Envoi d'un rappel à Sophie Neubert	2019-10-11 12:01:19
744	228	Envoi d'un rappel à Marie-Laure GROUD	2019-10-11 12:01:19
745	216	Envoi d'un rappel à VIRGINIE THOLLON BAYEUL	2019-10-11 12:01:19
746	236	Envoi d'un rappel à Emilio RAIMONDO	2019-10-11 12:01:19
747	242	Envoi d'un rappel à Marc Caetano	2019-10-11 12:01:20
748	253	Envoi d'un rappel à Julie de Cevins	2019-10-11 12:01:21
749	255	Envoi d'un rappel à Isabelle Devatine-Lacaze	2019-10-11 12:01:21
750	238	Envoi d'un rappel à Yen NGUYEN	2019-10-11 12:01:22
751	218	Envoi d'un rappel à Ayoub Ighmour	2019-10-11 12:01:22
752	198	Envoi d'un rappel à isabelle hallgren	2019-10-11 12:01:23
753	185	Envoi d'un rappel à manasa prakash	2019-10-11 12:01:39
754	206	Envoi d'un rappel à corinne bonifas	2019-10-11 12:01:40
755	222	Envoi d'un rappel à Samuel Napoléoni	2019-10-11 12:01:40
756	227	Envoi d'un rappel à Rémy ROUGER	2019-10-11 12:01:40
757	246	Envoi d'un rappel à Amandine ROLLAND	2019-10-11 12:01:41
758	248	Envoi d'un rappel à Elodie Ducourthial	2019-10-11 12:01:41
759	250	Envoi d'un rappel à Adeline Bodin	2019-10-11 12:01:41
760	266	Envoi d'un rappel à Delphine REINERT	2019-10-11 12:01:42
761	269	Envoi d'un rappel à Stéphane GILLARDO	2019-10-11 12:01:42
762	272	Envoi d'un rappel à Ambassadrices Schneider	2019-10-11 12:01:43
763	279	Envoi d'un rappel à Anne-Sophie DUGAST	2019-10-11 12:01:44
764	285	Envoi d'un rappel à Arnaud MOCELLIN	2019-10-11 12:01:45
765	199	Aucune réponse à votre proposition depuis 10 jours de laurent CANDILLIER	2019-10-11 12:11:02
766	207	Aucune réponse à votre proposition depuis 10 jours de Diane Westphal	2019-10-11 12:11:02
767	79	Aucune réponse à votre proposition depuis 10 jours de Julie Mollet	2019-10-11 12:11:03
768	215	Aucune réponse à votre proposition depuis 10 jours de Sophie Neubert	2019-10-11 12:11:03
769	228	Aucune réponse à votre proposition depuis 10 jours de Marie-Laure GROUD	2019-10-11 12:11:03
770	216	Aucune réponse à votre proposition depuis 10 jours de VIRGINIE THOLLON BAYEUL	2019-10-11 12:11:03
771	236	Aucune réponse à votre proposition depuis 10 jours de Emilio RAIMONDO	2019-10-11 12:11:03
772	242	Aucune réponse à votre proposition depuis 10 jours de Marc Caetano	2019-10-11 12:11:04
773	253	Aucune réponse à votre proposition depuis 10 jours de Julie de Cevins	2019-10-11 12:11:04
774	255	Aucune réponse à votre proposition depuis 10 jours de Isabelle Devatine-Lacaze	2019-10-11 12:11:04
775	238	Aucune réponse à votre proposition depuis 10 jours de Yen NGUYEN	2019-10-11 12:11:04
776	218	Aucune réponse à votre proposition depuis 10 jours de Ayoub Ighmour	2019-10-11 12:11:04
777	198	Aucune réponse à votre proposition depuis 10 jours de isabelle hallgren	2019-10-11 12:11:05
778	185	Aucune réponse à votre proposition depuis 10 jours de manasa prakash	2019-10-11 12:11:05
779	206	Aucune réponse à votre proposition depuis 10 jours de corinne bonifas	2019-10-11 12:11:05
780	222	Aucune réponse à votre proposition depuis 10 jours de Samuel Napoléoni	2019-10-11 12:11:05
781	227	Aucune réponse à votre proposition depuis 10 jours de Rémy ROUGER	2019-10-11 12:11:06
782	246	Aucune réponse à votre proposition depuis 10 jours de Amandine ROLLAND	2019-10-11 12:11:06
783	248	Aucune réponse à votre proposition depuis 10 jours de Elodie Ducourthial	2019-10-11 12:11:06
784	250	Aucune réponse à votre proposition depuis 10 jours de Adeline Bodin	2019-10-11 12:11:06
785	266	Aucune réponse à votre proposition depuis 10 jours de Delphine REINERT	2019-10-11 12:11:07
786	269	Aucune réponse à votre proposition depuis 10 jours de Stéphane GILLARDO	2019-10-11 12:11:07
787	272	Aucune réponse à votre proposition depuis 10 jours de Ambassadrices Schneider	2019-10-11 12:11:07
788	356	Chiara BONOMI a décliné votre proposition	2019-10-11 12:19:54
789	356	Intervention proposée à Ambassadrices Schneider	2019-10-11 14:29:22
790	360	Intervention proposée à Stéphane CHAUMET	2019-10-11 17:53:48
791	82	Intervention proposée à Maryline LIMOUZIN	2019-10-11 19:32:36
792	361	Intervention proposée à Laurent Aupin	2019-10-12 09:44:53
793	279	Aucune réponse à votre proposition depuis 10 jours de Anne-Sophie DUGAST	2019-10-12 12:11:02
794	363	Intervention proposée à Franck Martin	2019-10-13 11:02:36
795	300	Envoi d'un rappel à François Le Berre	2019-10-13 12:01:18
796	306	Envoi d'un rappel à Jean-Michel Rodriguez	2019-10-13 12:01:18
797	309	Envoi d'un rappel à Anne JEAN	2019-10-13 12:01:19
798	314	Envoi d'un rappel à David Charnolé	2019-10-13 12:01:19
799	285	Aucune réponse à votre proposition depuis 10 jours de Arnaud MOCELLIN	2019-10-13 12:11:03
800	306	Date du 21/11/2019 de 08h00 à 10h00 acceptée par Jean-Michel Rodriguez	2019-10-13 16:04:18
801	367	Intervention proposée à Gil Constans	2019-10-13 16:37:45
802	314	Date du 12/12/2019 de 14h30 à 16h30 acceptée par David Charnolé	2019-10-13 18:50:28
803	368	Intervention proposée à Anthony HOEDT MARESCAUX	2019-10-13 21:03:31
804	360	Date du 14/11/2019 de 14h00 à 15h00 acceptée par Stéphane CHAUMET	2019-10-14 11:02:30
805	318	Envoi d'un rappel à Catherine lagrange	2019-10-14 12:01:21
806	319	Envoi d'un rappel à Gwenaëlle Khalfa	2019-10-14 12:01:21
807	320	Envoi d'un rappel à Erik LOUISE	2019-10-14 12:01:21
808	324	Envoi d'un rappel à Nicolas PATALANO	2019-10-14 12:01:22
809	326	Envoi d'un rappel à Ambassadrices Schneider	2019-10-14 12:01:22
810	367	Date du 03/12/2019 de 13h30 à 15h30 acceptée par Gil Constans	2019-10-14 12:12:07
811	372	Intervention proposée à Sébastien Cappelaère	2019-10-14 18:29:52
812	373	Intervention proposée à Sophanara DE LOPEZ	2019-10-14 18:39:53
813	248	Date du 05/12/2019 de 08h30 à 09h30 acceptée par  	2019-10-14 19:04:45
814	327	Envoi d'un rappel à Serge Henrot	2019-10-15 12:01:18
815	330	Envoi d'un rappel à Kévin DUBLANCHE	2019-10-15 12:01:19
816	331	Envoi d'un rappel à Shouhaib Mohamed	2019-10-15 12:01:19
817	327	Date du 29/11/2019 de 13h00 à 14h00 acceptée par Serge Henrot	2019-10-15 13:20:43
818	378	Date du 05/12/2019 de 08h00 à 08h00 acceptée par  	2019-10-15 13:39:40
819	384	Intervention proposée à Laurent GAREL	2019-10-15 16:03:17
820	384	Intervention proposée à Laurent GAREL	2019-10-15 16:03:40
821	384	Intervention proposée à Laurent GAREL	2019-10-15 16:09:07
822	384	Intervention proposée à Laurent GAREL	2019-10-15 16:09:58
823	385	Intervention proposée à Aymeric Bisson-Vaivre	2019-10-15 16:34:41
824	386	Intervention proposée à Arnaud PILLION	2019-10-15 16:39:26
825	387	Intervention proposée à Sandra Andrieu	2019-10-15 16:43:16
826	388	Intervention proposée à Marie-Laure PASTOR	2019-10-15 16:50:52
827	385	Date du 12/12/2019 de 15h00 à 17h00 acceptée par Aymeric Bisson-Vaivre	2019-10-15 17:10:21
828	375	Intervention proposée à Vincent TARDY	2019-10-15 20:40:27
829	375	Date du 11/02/2020 de 08h00 à 09h30 acceptée par Vincent TARDY	2019-10-16 06:54:50
830	387	Date du 03/12/2019 de 08h00 à 10h00 acceptée par Sandra Andrieu	2019-10-16 09:43:41
831	399	Intervention proposée à baptiste gelormini	2019-10-16 09:55:04
832	373	Date du 18/11/2019 de 08h00 à 10h00 acceptée par Sophanara DE LOPEZ	2019-10-16 10:27:46
833	373	Date du 18/11/2019 de 11h00 à 13h00 acceptée par Sophanara DE LOPEZ	2019-10-16 10:27:48
834	348	Envoi d'un rappel à florence couette	2019-10-16 12:01:22
835	334	Envoi d'un rappel à Ambassadrices Schneider	2019-10-16 12:01:22
836	338	Envoi d'un rappel à Anne-Sophie BERNEUX-DUGAST	2019-10-16 12:01:23
837	345	Envoi d'un rappel à Sophie Ascione	2019-10-16 12:01:24
838	79	Aucune réponse à votre proposition depuis 10 jours de Julie Mollet	2019-10-16 12:11:03
839	84	Aucune réponse à votre proposition depuis 10 jours de Anne Beaudouin	2019-10-16 12:11:03
840	400	Date du 22/11/2019 de 08h00 à 08h00 acceptée par  	2019-10-16 12:22:00
841	415	Intervention proposée à Marie-Laure GROUD	2019-10-16 14:08:21
842	416	Intervention proposée à Carole SALINIER	2019-10-16 14:20:48
843	380	Intervention proposée à Cécile Gaston	2019-10-16 15:27:46
844	417	Date du 13/12/2019 de 08h00 à 09h00 acceptée par  	2019-10-16 15:33:25
845	415	Date du 05/12/2019 de 11h00 à 12h00 acceptée par Marie-Laure GROUD	2019-10-16 15:58:31
846	421	Intervention proposée à Dominika Paryz	2019-10-16 17:33:11
847	423	Intervention proposée à Dorian Bortolus	2019-10-17 02:19:38
848	422	Intervention proposée à Ngoc Han Ple	2019-10-17 02:24:03
851	338	Date du 20/12/2019 de 08h00 à 12h00 acceptée par Anne-Sophie BERNEUX-DUGAST	2019-10-17 09:23:34
852	357	Envoi d'un rappel à Arnaud MARCHAL	2019-10-17 12:01:14
853	136	Aucune réponse à votre proposition depuis 10 jours de Pascal MAYEN	2019-10-17 12:11:01
854	79	Aucune réponse à votre proposition depuis 10 jours de Julie Mollet	2019-10-17 12:11:01
855	80	Aucune réponse à votre proposition depuis 10 jours de Christophe Caudoux	2019-10-17 12:11:02
856	84	Aucune réponse à votre proposition depuis 10 jours de Anne Beaudouin	2019-10-17 12:11:03
857	300	Aucune réponse à votre proposition depuis 10 jours de François Le Berre	2019-10-17 12:11:04
858	309	Aucune réponse à votre proposition depuis 10 jours de Anne JEAN	2019-10-17 12:11:05
862	417	Rencontre de Ingénieur Test annulée par le professeur Jenna Giletti	2019-10-17 16:35:55
863	400	Rencontre de Ambassadrices Schneider annulée par le professeur Jenna Giletti	2019-10-17 16:36:21
867	434	Ingénieur Test a décliné votre proposition	2019-10-17 17:01:49
868	435	Intervention proposée à claudine BARRUET	2019-10-17 21:29:27
869	144	Intervention proposée à Patricia POGGI	2019-10-17 22:08:20
870	348	florence couette a décliné votre proposition	2019-10-18 11:35:31
871	361	Envoi d'un rappel à Laurent Aupin	2019-10-18 12:01:16
872	144	Aucune réponse à votre proposition depuis 10 jours de Patricia POGGI	2019-10-18 12:11:03
873	79	Aucune réponse à votre proposition depuis 10 jours de Julie Mollet	2019-10-18 12:11:03
874	227	Aucune réponse à votre proposition depuis 10 jours de Rémy ROUGER	2019-10-18 12:11:04
875	246	Aucune réponse à votre proposition depuis 10 jours de Amandine ROLLAND	2019-10-18 12:11:04
876	318	Aucune réponse à votre proposition depuis 10 jours de Catherine lagrange	2019-10-18 12:11:05
877	319	Aucune réponse à votre proposition depuis 10 jours de Gwenaëlle Khalfa	2019-10-18 12:11:05
878	320	Aucune réponse à votre proposition depuis 10 jours de Erik LOUISE	2019-10-18 12:11:05
879	324	Aucune réponse à votre proposition depuis 10 jours de Nicolas PATALANO	2019-10-18 12:11:06
880	326	Aucune réponse à votre proposition depuis 10 jours de Ambassadrices Schneider	2019-10-18 12:11:06
881	438	Intervention proposée à cyrille viguerie	2019-10-18 15:45:45
882	368	Envoi d'un rappel à Anthony HOEDT MARESCAUX	2019-10-19 12:01:20
883	363	Envoi d'un rappel à Franck Martin	2019-10-19 12:01:20
884	269	Aucune réponse à votre proposition depuis 10 jours de Stéphane GILLARDO	2019-10-19 12:11:09
885	272	Aucune réponse à votre proposition depuis 10 jours de Ambassadrices Schneider	2019-10-19 12:11:09
886	330	Aucune réponse à votre proposition depuis 10 jours de Kévin DUBLANCHE	2019-10-19 12:11:09
887	331	Aucune réponse à votre proposition depuis 10 jours de Shouhaib Mohamed	2019-10-19 12:11:09
888	443	Intervention proposée à Emilie LANGLOIS	2019-10-19 15:32:49
889	444	Intervention proposée à PIERRE HUARD	2019-10-19 15:42:40
890	444	Intervention proposée à PIERRE HUARD	2019-10-19 15:55:27
891	445	Intervention proposée à Hélène RISS	2019-10-19 22:36:39
892	447	Intervention proposée à Catherine Duquenne	2019-10-20 11:31:45
893	372	Envoi d'un rappel à Sébastien Cappelaère	2019-10-20 12:01:26
894	334	Aucune réponse à votre proposition depuis 10 jours de Ambassadrices Schneider	2019-10-20 12:11:12
895	345	Aucune réponse à votre proposition depuis 10 jours de Sophie Ascione	2019-10-20 12:11:12
896	448	Intervention proposée à Catherine Zanchetta	2019-10-20 19:59:47
897	448	Intervention proposée à Catherine Zanchetta	2019-10-20 19:59:48
898	448	Intervention proposée à Catherine Zanchetta	2019-10-20 19:59:49
899	445	Date du 21/01/2020 de 15h30 à 17h00 acceptée par Hélène RISS	2019-10-21 09:12:44
900	380	Envoi d'un rappel à Cécile Gaston	2019-10-21 12:01:22
901	386	Envoi d'un rappel à Arnaud PILLION	2019-10-21 12:01:22
902	388	Envoi d'un rappel à Marie-Laure PASTOR	2019-10-21 12:01:22
903	357	Aucune réponse à votre proposition depuis 10 jours de Arnaud MARCHAL	2019-10-21 12:11:09
904	444	Date du 17/12/2019 de 09h00 à 10h00 acceptée par PIERRE HUARD	2019-10-21 12:30:46
905	399	Date du 19/11/2019 de 08h00 à 15h00 acceptée par baptiste gelormini	2019-10-21 13:28:17
906	399	Rencontre de baptiste gelormini annulée par lui même	2019-10-21 13:34:38
907	435	Date du 22/11/2019 de 15h00 à 16h00 acceptée par claudine BARRUET	2019-10-21 18:34:12
908	372	Date du 10/01/2020 de 14h00 à 16h00 acceptée par Sébastien Cappelaère	2019-10-22 08:05:02
909	372	Date du 17/01/2020 de 14h00 à 16h00 acceptée par Sébastien Cappelaère	2019-10-22 08:05:05
910	372	Date du 17/01/2020 de 14h00 à 16h00 acceptée par Sébastien Cappelaère	2019-10-22 08:05:11
911	410	Envoi d'un rappel à Frederic Loussayre	2019-10-22 12:01:23
912	416	Envoi d'un rappel à Carole SALINIER	2019-10-22 12:01:24
913	421	Envoi d'un rappel à Dominika Paryz	2019-10-22 12:01:24
914	198	Date du 21/11/2019 de 14h00 à 17h00 acceptée par  	2019-10-22 12:05:10
915	361	Aucune réponse à votre proposition depuis 10 jours de Laurent Aupin	2019-10-22 12:11:13
916	459	Intervention proposée à Pascal Weiss	2019-10-22 12:17:35
917	182	Date du 19/11/2019 de 08h00 à 11h00 acceptée par  	2019-10-22 17:46:09
918	345	Date du 09/01/2020 de 10h00 à 12h00 acceptée par  	2019-10-22 20:15:32
919	464	Intervention proposée à Xavier GAGNARD	2019-10-22 21:59:47
920	464	Date du 21/11/2019 de 08h00 à 12h00 acceptée par Xavier GAGNARD	2019-10-23 06:14:56
921	423	Envoi d'un rappel à Dorian Bortolus	2019-10-23 12:01:26
922	422	Envoi d'un rappel à Ngoc Han Ple	2019-10-23 12:01:27
923	368	Aucune réponse à votre proposition depuis 10 jours de Anthony HOEDT MARESCAUX	2019-10-23 12:11:11
924	363	Aucune réponse à votre proposition depuis 10 jours de Franck Martin	2019-10-23 12:11:11
925	464	Rencontre de Xavier GAGNARD annulée par le professeur HENDA BATTI	2019-10-23 12:29:56
926	22	Date du 04/12/2019 de 12h00 à 13h00 acceptée par  	2019-10-23 12:48:37
927	479	Intervention proposée à Gilles Gouin	2019-10-23 22:06:06
928	480	Intervention proposée à florence couette	2019-10-23 22:11:35
929	438	Envoi d'un rappel à cyrille viguerie	2019-10-24 12:01:23
930	124	Date du 04/12/2019 de 08h00 à 11h00 acceptée par  	2019-10-24 13:27:36
931	484	Intervention proposée à Julie Aubret	2019-10-24 14:44:20
932	423	Dorian Bortolus a décliné votre proposition	2019-10-24 14:47:32
933	380	Date du 19/12/2019 de 15h30 à 17h30 acceptée par  	2019-10-24 14:50:18
934	438	Date du 20/11/2019 de 14h00 à 16h00 acceptée par  	2019-10-24 14:51:18
935	485	Intervention proposée à Ingénieur Test	2019-10-24 16:13:34
936	485	  a décliné votre proposition	2019-10-24 16:50:21
937	485	Intervention proposée à Ingénieur Test	2019-10-24 16:55:06
938	486	Intervention proposée à Ingénieur Test	2019-10-24 16:57:57
939	486	Ingénieur Test a décliné votre proposition	2019-10-24 16:58:22
940	422	Date du 25/11/2019 de 08h00 à 12h00 acceptée par Ngoc Han Ple	2019-10-25 05:13:37
941	443	Envoi d'un rappel à Emilie LANGLOIS	2019-10-25 12:01:21
942	406	Date du 22/11/2019 de 10h00 à 11h00 acceptée par  	2019-10-25 12:04:11
943	386	Aucune réponse à votre proposition depuis 10 jours de Arnaud PILLION	2019-10-25 12:11:07
944	388	Aucune réponse à votre proposition depuis 10 jours de Marie-Laure PASTOR	2019-10-25 12:11:07
945	480	Date du 27/01/2020 de 11h00 à 12h30 acceptée par florence couette	2019-10-25 12:55:56
946	431	Rencontre de Raphael De Vittoris annulée par le professeur sylvain MIOCHE	2019-10-25 12:58:54
947	443	Emilie LANGLOIS a décliné votre proposition	2019-10-25 14:23:24
948	315	Date du 14/01/2020 de 08h30 à 10h30 acceptée par  	2019-10-25 16:25:17
949	292	Date du 15/01/2020 de 13h30 à 15h30 acceptée par  	2019-10-25 16:52:26
950	506	Intervention proposée à Stéphane Dardenne	2019-10-25 17:06:22
951	507	Intervention proposée à Estelle DUMIAS	2019-10-25 17:11:00
952	508	Intervention proposée à MICHALOWICZ Claire	2019-10-25 17:16:25
953	447	Envoi d'un rappel à Catherine Duquenne	2019-10-26 12:01:19
954	448	Envoi d'un rappel à Catherine Zanchetta	2019-10-26 12:01:20
955	416	Aucune réponse à votre proposition depuis 10 jours de Carole SALINIER	2019-10-26 12:11:06
956	421	Aucune réponse à votre proposition depuis 10 jours de Dominika Paryz	2019-10-26 12:11:06
957	515	Intervention proposée à Isabelle ANDRE	2019-10-26 17:25:43
958	517	Intervention proposée à DUISIT Geraldine	2019-10-27 11:33:32
959	522	Intervention proposée à BEATRICE PERRIN	2019-10-28 10:34:49
960	523	Intervention proposée à Laurent GAREL	2019-10-28 10:49:38
961	524	Intervention proposée à Cécile COMAS	2019-10-28 11:35:03
962	524	Date du 16/12/2019 de 09h00 à 10h00 acceptée par Cécile COMAS	2019-10-28 11:44:49
963	459	Envoi d'un rappel à Pascal Weiss	2019-10-28 12:01:19
964	447	Date du 20/01/2020 de 14h30 à 16h30 acceptée par Catherine Duquenne	2019-10-28 13:54:43
965	525	Intervention proposée à Magali Menguy	2019-10-28 13:54:44
966	526	Intervention proposée à Joan Abadie	2019-10-28 14:54:34
967	246	Intervention proposée à Séverine COLLE	2019-10-28 16:56:21
968	527	Intervention proposée à CELINE GIBAUD-AZIZA	2019-10-28 17:46:26
969	527	Intervention proposée à CELINE GIBAUD-AZIZA	2019-10-28 17:47:49
970	528	Intervention proposée à Pascal GUIHENEUF	2019-10-28 17:58:27
971	529	Intervention proposée à Delphine LIEVIN	2019-10-28 20:42:19
972	530	Intervention proposée à wendy simon	2019-10-28 20:44:06
973	531	Intervention proposée à CARINE Bove	2019-10-28 20:45:27
974	532	Intervention proposée à Célia Bosso-Lefèvre	2019-10-28 20:47:51
975	533	Intervention proposée à Cécile Gaston	2019-10-28 20:49:12
976	534	Intervention proposée à Claire Lucazeau	2019-10-28 20:51:26
977	538	Intervention proposée à Lydie Gement	2019-10-28 22:50:46
978	537	Intervention proposée à pascal pagnoux	2019-10-28 22:58:34
979	465	Envoi d'un rappel à Ambassadrices Schneider	2019-10-29 12:01:19
980	479	Envoi d'un rappel à Gilles Gouin	2019-10-29 12:01:20
981	246	Aucune réponse à votre proposition depuis 10 jours de Séverine COLLE	2019-10-29 12:11:04
982	532	Célia Bosso-Lefèvre a décliné votre proposition	2019-10-29 12:33:35
983	532	Intervention proposée à Valerie TOULEMONDE	2019-10-29 13:08:56
984	246	Intervention proposée à Ambassadrices Schneider	2019-10-30 00:44:52
985	484	Envoi d'un rappel à Julie Aubret	2019-10-30 12:01:18
986	529	Delphine LIEVIN a décliné votre proposition	2019-10-30 12:07:44
987	246	Aucune réponse à votre proposition depuis 10 jours de Ambassadrices Schneider	2019-10-30 12:11:26
988	448	Aucune réponse à votre proposition depuis 10 jours de Catherine Zanchetta	2019-10-30 12:11:54
989	529	Intervention proposée à Charlène Jaffré	2019-10-30 12:57:53
990	546	Intervention proposée à Célia Bosso-Lefèvre	2019-10-30 13:19:58
991	547	Intervention proposée à David BINET	2019-10-30 13:25:18
992	548	Intervention proposée à Sophanara DE LOPEZ	2019-10-30 13:26:35
993	550	Intervention proposée à Amine Mahha	2019-10-30 15:02:09
994	292	Rencontre de Frederic LOISEAU annulée par le professeur Marie LE BLEIS	2019-10-31 09:55:30
995	506	Envoi d'un rappel à Stéphane Dardenne	2019-10-31 12:01:18
996	507	Envoi d'un rappel à Estelle DUMIAS	2019-10-31 12:01:19
997	508	Envoi d'un rappel à MICHALOWICZ Claire	2019-10-31 12:01:20
998	278	Date du 21/11/2019 de 15h00 à 16h00 acceptée par  	2019-10-31 14:11:36
999	508	Date du 10/04/2020 de 08h00 à 12h00 acceptée par MICHALOWICZ Claire	2019-10-31 16:25:27
1000	246	Intervention proposée à Xavier GAGNARD	2019-10-31 16:39:22
1001	246	Date du 13/12/2019 de 08h00 à 12h00 acceptée par Xavier GAGNARD	2019-10-31 17:36:44
1002	556	Intervention proposée à Delphine LIEVIN	2019-11-01 10:59:50
1003	515	Envoi d'un rappel à Isabelle ANDRE	2019-11-01 12:01:22
1004	459	Aucune réponse à votre proposition depuis 10 jours de Pascal Weiss	2019-11-01 12:11:07
1005	557	Intervention proposée à Gil Constans	2019-11-01 12:15:07
1006	558	Intervention proposée à Cedric PERRIN	2019-11-01 16:42:58
1007	517	Envoi d'un rappel à DUISIT Geraldine	2019-11-02 12:01:12
1008	465	Aucune réponse à votre proposition depuis 10 jours de Ambassadrices Schneider	2019-11-02 12:10:58
1009	479	Aucune réponse à votre proposition depuis 10 jours de Gilles Gouin	2019-11-02 12:10:59
1010	560	Intervention proposée à Sophie Garagnon	2019-11-02 14:42:19
1011	561	Intervention proposée à Frédéric BONVALET	2019-11-02 16:00:48
1012	562	Intervention proposée à Hugo DOUSSOT	2019-11-02 16:18:37
1013	563	Intervention proposée à Chloé Vaur	2019-11-02 16:42:06
1014	565	Intervention proposée à Laure Degraef	2019-11-02 20:40:42
1015	506	Stéphane Dardenne a décliné votre proposition	2019-11-03 09:16:26
1016	522	Envoi d'un rappel à BEATRICE PERRIN	2019-11-03 12:01:19
1017	523	Envoi d'un rappel à Laurent GAREL	2019-11-03 12:01:20
1018	525	Envoi d'un rappel à Magali Menguy	2019-11-03 12:01:22
1019	526	Envoi d'un rappel à Joan Abadie	2019-11-03 12:01:24
1020	527	Envoi d'un rappel à CELINE GIBAUD-AZIZA	2019-11-03 12:01:26
1021	528	Envoi d'un rappel à Pascal GUIHENEUF	2019-11-03 12:01:26
1022	530	Envoi d'un rappel à wendy simon	2019-11-03 12:01:26
1023	531	Envoi d'un rappel à CARINE Bove	2019-11-03 12:01:26
1024	533	Envoi d'un rappel à Cécile Gaston	2019-11-03 12:01:26
1025	534	Envoi d'un rappel à Claire Lucazeau	2019-11-03 12:01:27
1026	538	Envoi d'un rappel à Lydie Gement	2019-11-03 12:01:27
1027	537	Envoi d'un rappel à pascal pagnoux	2019-11-03 12:01:27
1028	484	Aucune réponse à votre proposition depuis 10 jours de Julie Aubret	2019-11-03 12:11:05
1029	306	Rencontre de Jean-Michel Rodriguez annulée par lui même	2019-11-04 08:49:16
1030	560	Date du 12/12/2019 de 08h00 à 10h00 acceptée par Sophie Garagnon	2019-11-04 09:39:49
1031	561	Date du 14/01/2020 de 11h00 à 12h00 acceptée par Frédéric BONVALET	2019-11-04 10:05:48
1032	556	Delphine LIEVIN a décliné votre proposition	2019-11-04 10:06:09
1033	566	Intervention proposée à Jean Yves Clavier	2019-11-04 10:15:42
1034	368	Date du 22/11/2019 de 08h30 à 12h00 acceptée par  	2019-11-04 11:53:13
1035	507	Aucune réponse à votre proposition depuis 10 jours de Estelle DUMIAS	2019-11-04 12:11:02
1036	423	Date du 02/12/2019 de 08h00 à 12h00 acceptée par  	2019-11-04 14:37:35
1037	399	Intervention proposée à vanessa gagnot	2019-11-04 14:38:00
1038	566	Date du 07/05/2020 de 14h00 à 15h30 acceptée par Jean Yves Clavier	2019-11-04 15:18:26
1039	83	Date du 06/11/2019 de 13h30 à 15h30 acceptée par  	2019-11-04 15:41:32
1040	545	Date du 07/11/2019 de 10h30 à 12h00 acceptée par  	2019-11-04 15:51:49
1041	557	Date du 19/12/2019 de 13h30 à 17h30 acceptée par Gil Constans	2019-11-04 15:58:38
1042	567	Intervention proposée à Jean-Laurent CLAVE	2019-11-04 15:59:47
1043	532	Date du 02/03/2020 de 08h30 à 16h00 acceptée par  	2019-11-04 17:22:06
1044	569	Date du 12/12/2019 de 08h00 à 08h00 acceptée par  	2019-11-04 17:52:21
1045	569	Rencontre de Ingé actif TEST annulée par le professeur Jenna Giletti	2019-11-04 18:02:27
1046	570	Date du 27/12/2019 de 08h00 à 08h00 acceptée par  	2019-11-04 18:09:37
1047	570	Rencontre de Ingénieur Test annulée par le professeur Jenna Giletti	2019-11-04 18:10:48
1048	571	Date du 27/12/2019 de 08h00 à 08h00 acceptée par  	2019-11-04 18:14:53
1049	523	Laurent GAREL a décliné votre proposition	2019-11-04 21:46:56
1050	127	Date du 25/11/2019 de 09h00 à 12h00 acceptée par  	2019-11-05 09:34:01
1051	439	Date du 17/01/2020 de 09h00 à 11h00 acceptée par  	2019-11-05 10:59:22
1052	547	Envoi d'un rappel à David BINET	2019-11-05 12:01:19
1053	550	Envoi d'un rappel à Amine Mahha	2019-11-05 12:01:20
1054	515	Aucune réponse à votre proposition depuis 10 jours de Isabelle ANDRE	2019-11-05 12:10:57
1055	550	Date du 10/03/2020 de 15h00 à 17h00 acceptée par Amine Mahha	2019-11-05 14:16:36
1056	24	Date du 15/11/2019 de 10h00 à 12h00 acceptée par  	2019-11-05 14:34:06
1057	384	Date du 27/01/2020 de 16h00 à 17h00 acceptée par  	2019-11-05 16:49:54
1058	575	Intervention proposée à gilles BOUVRESSE	2019-11-06 07:33:29
1059	576	Intervention proposée à Maxime Lefranc	2019-11-06 11:43:21
1060	577	Intervention proposée à Serge RENALDI	2019-11-06 11:47:59
1061	577	Intervention proposée à Hayri SAYI	2019-11-06 11:59:30
1062	577	Intervention proposée à Reverchon Guilaume	2019-11-06 12:00:37
1063	579	Intervention proposée à Olivier Masson	2019-11-06 12:02:25
1064	580	Intervention proposée à Jean Clayette	2019-11-06 12:03:56
1065	581	Intervention proposée à Jean-François Gény	2019-11-06 12:05:25
1066	582	Intervention proposée à Lucile Hyon-Le Gourrierec	2019-11-06 12:06:26
1067	583	Intervention proposée à GAEL GALLIEN	2019-11-06 12:08:05
1068	517	Aucune réponse à votre proposition depuis 10 jours de DUISIT Geraldine	2019-11-06 12:11:08
1069	584	Intervention proposée à Anne-Sophie Blau	2019-11-06 12:13:10
1070	582	Date du 19/12/2019 de 09h00 à 12h00 acceptée par Lucile Hyon-Le Gourrierec	2019-11-06 12:14:14
1071	585	Intervention proposée à Olivier Doutheau	2019-11-06 12:14:28
1072	586	Intervention proposée à Florence Guiot-Roux	2019-11-06 12:15:43
1073	587	Intervention proposée à Louis Mallet	2019-11-06 12:17:51
1074	588	Intervention proposée à Christophe BELIN	2019-11-06 12:20:06
1075	589	Intervention proposée à Sheila O'Hara Cheurfa	2019-11-06 12:21:58
1076	590	Intervention proposée à Quentin Viaud	2019-11-06 12:23:26
1077	591	Intervention proposée à Richard Menesclou	2019-11-06 12:24:23
1078	589	Date du 19/12/2019 de 09h00 à 12h00 acceptée par Sheila O'Hara Cheurfa	2019-11-06 12:34:50
1079	592	Intervention proposée à Pascale Fer	2019-11-06 12:56:21
1080	585	Date du 19/12/2019 de 09h00 à 12h00 acceptée par Olivier Doutheau	2019-11-06 12:57:44
1081	587	Date du 19/12/2019 de 09h00 à 12h00 acceptée par Louis Mallet	2019-11-06 13:16:45
1082	528	Date du 02/12/2019 de 16h00 à 17h30 acceptée par Pascal GUIHENEUF	2019-11-06 13:29:50
1083	593	Intervention proposée à Martine Pauletto	2019-11-06 13:41:18
1084	594	Intervention proposée à Xavier GAGNARD	2019-11-06 13:45:01
1085	537	Date du 28/11/2019 de 13h00 à 14h00 acceptée par  	2019-11-06 14:39:41
1086	443	Date du 16/12/2019 de 08h00 à 17h00 acceptée par  	2019-11-06 15:02:05
1087	311	Date du 19/12/2019 de 08h00 à 17h00 acceptée par  	2019-11-06 15:02:52
1088	592	Date du 13/02/2020 de 13h00 à 14h00 acceptée par Pascale Fer	2019-11-06 17:36:11
1089	533	Date du 02/03/2020 de 08h30 à 16h00 acceptée par Cécile Gaston	2019-11-07 11:22:36
1090	558	Envoi d'un rappel à Cedric PERRIN	2019-11-07 12:01:23
1091	522	Aucune réponse à votre proposition depuis 10 jours de BEATRICE PERRIN	2019-11-07 12:11:08
1092	525	Aucune réponse à votre proposition depuis 10 jours de Magali Menguy	2019-11-07 12:11:08
1093	526	Aucune réponse à votre proposition depuis 10 jours de Joan Abadie	2019-11-07 12:11:09
1094	527	Aucune réponse à votre proposition depuis 10 jours de CELINE GIBAUD-AZIZA	2019-11-07 12:11:09
1095	530	Aucune réponse à votre proposition depuis 10 jours de wendy simon	2019-11-07 12:11:10
1096	531	Aucune réponse à votre proposition depuis 10 jours de CARINE Bove	2019-11-07 12:11:11
1097	538	Aucune réponse à votre proposition depuis 10 jours de Lydie Gement	2019-11-07 12:11:12
1098	562	Envoi d'un rappel à Hugo DOUSSOT	2019-11-08 12:01:21
1099	563	Envoi d'un rappel à Chloé Vaur	2019-11-08 12:01:22
1100	565	Envoi d'un rappel à Laure Degraef	2019-11-08 12:01:22
1101	370	Date du 23/03/2020 de 14h00 à 18h00 acceptée par  	2019-11-08 16:09:27
1102	547	Aucune réponse à votre proposition depuis 10 jours de David BINET	2019-11-09 12:11:04
1103	600	Intervention proposée à Aude-Marie Ageorges	2019-11-09 22:07:39
1104	599	Intervention proposée à Mathias Damour	2019-11-09 23:12:02
1105	567	Envoi d'un rappel à Jean-Laurent CLAVE	2019-11-10 12:01:19
1108	605	Intervention proposée à Erik LOUISE	2019-11-11 11:58:33
1109	558	Aucune réponse à votre proposition depuis 10 jours de Cedric PERRIN	2019-11-11 12:11:09
1110	421	Intervention proposée à Clement Brunel	2019-11-11 14:39:47
1111	606	Intervention proposée à Emmanuel Canteux	2019-11-11 17:17:58
1112	576	Envoi d'un rappel à Maxime Lefranc	2019-11-12 12:01:18
1113	577	Envoi d'un rappel à Reverchon Guilaume	2019-11-12 12:01:18
1114	579	Envoi d'un rappel à Olivier Masson	2019-11-12 12:01:18
1115	580	Envoi d'un rappel à Jean Clayette	2019-11-12 12:01:31
1116	581	Envoi d'un rappel à Jean-François Gény	2019-11-12 12:01:34
1117	583	Envoi d'un rappel à GAEL GALLIEN	2019-11-12 12:01:44
1118	584	Envoi d'un rappel à Anne-Sophie Blau	2019-11-12 12:01:51
1119	586	Envoi d'un rappel à Florence Guiot-Roux	2019-11-12 12:01:53
1120	588	Envoi d'un rappel à Christophe BELIN	2019-11-12 12:01:53
1121	590	Envoi d'un rappel à Quentin Viaud	2019-11-12 12:01:58
1122	591	Envoi d'un rappel à Richard Menesclou	2019-11-12 12:02:04
1123	593	Envoi d'un rappel à Martine Pauletto	2019-11-12 12:02:04
1124	594	Envoi d'un rappel à Xavier GAGNARD	2019-11-12 12:02:11
1125	576	Envoi d'un rappel à Maxime Lefranc	2019-11-12 12:02:12
1126	577	Envoi d'un rappel à Reverchon Guilaume	2019-11-12 12:02:13
1127	579	Envoi d'un rappel à Olivier Masson	2019-11-12 12:02:14
1128	580	Envoi d'un rappel à Jean Clayette	2019-11-12 12:02:15
1129	581	Envoi d'un rappel à Jean-François Gény	2019-11-12 12:02:17
1130	583	Envoi d'un rappel à GAEL GALLIEN	2019-11-12 12:02:19
1131	584	Envoi d'un rappel à Anne-Sophie Blau	2019-11-12 12:02:23
1132	586	Envoi d'un rappel à Florence Guiot-Roux	2019-11-12 12:02:28
1133	588	Envoi d'un rappel à Christophe BELIN	2019-11-12 12:02:28
1134	590	Envoi d'un rappel à Quentin Viaud	2019-11-12 12:02:29
1135	591	Envoi d'un rappel à Richard Menesclou	2019-11-12 12:02:29
1136	593	Envoi d'un rappel à Martine Pauletto	2019-11-12 12:02:29
1137	594	Envoi d'un rappel à Xavier GAGNARD	2019-11-12 12:02:34
1138	273	Date du 06/04/2020 de 08h30 à 10h00 acceptée par  	2019-11-12 12:06:47
1139	421	Aucune réponse à votre proposition depuis 10 jours de Clement Brunel	2019-11-12 12:11:15
1140	562	Aucune réponse à votre proposition depuis 10 jours de Hugo DOUSSOT	2019-11-12 12:11:15
1141	563	Aucune réponse à votre proposition depuis 10 jours de Chloé Vaur	2019-11-12 12:11:28
1142	565	Aucune réponse à votre proposition depuis 10 jours de Laure Degraef	2019-11-12 12:11:28
1143	594	Date du 07/01/2020 de 08h00 à 10h00 acceptée par Xavier GAGNARD	2019-11-12 14:42:07
1144	160	Date du 21/11/2019 de 14h00 à 16h00 acceptée par  	2019-11-12 15:34:52
1145	425	Date du 13/12/2019 de 11h00 à 12h00 acceptée par  	2019-11-12 15:37:25
1146	600	Aude-Marie Ageorges a décliné votre proposition	2019-11-13 11:46:02
1147	563	Aucune réponse à votre proposition depuis 10 jours de Chloé Vaur	2019-11-13 12:11:09
1148	609	Intervention proposée à Nicolas GRAELL	2019-11-13 16:34:12
1149	611	Intervention proposée à Gaël MERELLI	2019-11-13 22:27:05
1150	612	Intervention proposée à DIDIER BELOT	2019-11-14 09:52:23
1151	302	Date du 20/12/2019 de 10h00 à 12h00 acceptée par  	2019-11-14 11:07:08
1152	613	Intervention proposée à Quentin Liévoux	2019-11-14 13:15:33
1153	599	Envoi d'un rappel à Mathias Damour	2019-11-15 12:01:23
1154	617	Intervention proposée à Pierre-Noël Arcangeli	2019-11-15 14:38:41
1155	617	Date du 04/02/2020 de 09h00 à 17h00 acceptée par Pierre-Noël Arcangeli	2019-11-15 14:56:17
1156	618	Intervention proposée à Bertrand VAGUE	2019-11-15 18:54:27
1157	576	Aucune réponse à votre proposition depuis 10 jours de Maxime Lefranc	2019-11-16 12:11:09
1158	577	Aucune réponse à votre proposition depuis 10 jours de Reverchon Guilaume	2019-11-16 12:11:10
1159	579	Aucune réponse à votre proposition depuis 10 jours de Olivier Masson	2019-11-16 12:11:10
1160	580	Aucune réponse à votre proposition depuis 10 jours de Jean Clayette	2019-11-16 12:11:10
1161	581	Aucune réponse à votre proposition depuis 10 jours de Jean-François Gény	2019-11-16 12:11:10
1162	583	Aucune réponse à votre proposition depuis 10 jours de GAEL GALLIEN	2019-11-16 12:11:10
1163	584	Aucune réponse à votre proposition depuis 10 jours de Anne-Sophie Blau	2019-11-16 12:11:10
1164	586	Aucune réponse à votre proposition depuis 10 jours de Florence Guiot-Roux	2019-11-16 12:11:11
1165	588	Aucune réponse à votre proposition depuis 10 jours de Christophe BELIN	2019-11-16 12:11:11
1166	590	Aucune réponse à votre proposition depuis 10 jours de Quentin Viaud	2019-11-16 12:11:11
1167	591	Aucune réponse à votre proposition depuis 10 jours de Richard Menesclou	2019-11-16 12:11:11
1168	593	Aucune réponse à votre proposition depuis 10 jours de Martine Pauletto	2019-11-16 12:11:11
1169	620	Intervention proposée à Gilles Privat	2019-11-16 22:23:58
1170	422	Rencontre de Ngoc Han Ple annulée par le professeur François DETRILLE	2019-11-17 11:57:53
1171	423	Rencontre de Nicolas BOST annulée par le professeur François DETRILLE	2019-11-17 11:58:14
1172	605	Envoi d'un rappel à Erik LOUISE	2019-11-17 12:01:20
1173	606	Envoi d'un rappel à Emmanuel Canteux	2019-11-17 12:01:20
1179	618	Date du 14/01/2020 de 14h00 à 15h30 acceptée par Bertrand VAGUE	2019-11-18 09:16:47
1180	624	Intervention proposée à Christian Rault	2019-11-18 15:01:27
1181	609	Envoi d'un rappel à Nicolas GRAELL	2019-11-19 12:01:23
1182	611	Envoi d'un rappel à Gaël MERELLI	2019-11-19 12:01:24
1183	599	Aucune réponse à votre proposition depuis 10 jours de Mathias Damour	2019-11-19 12:11:17
1184	626	Intervention proposée à Philippe NOVAK	2019-11-19 17:58:51
1185	616	Intervention proposée à Célia Berteloot	2019-11-19 18:09:21
1186	612	Envoi d'un rappel à DIDIER BELOT	2019-11-20 12:01:21
1187	613	Envoi d'un rappel à Quentin Liévoux	2019-11-20 12:01:24
1188	250	Date du 06/12/2019 de 13h30 à 15h30 acceptée par  	2019-11-20 17:05:42
1189	547	Intervention proposée à Blandine Insler	2019-11-20 17:37:41
1190	629	Intervention proposée à Karen Schmitt	2019-11-20 18:14:13
1191	626	Date du 09/01/2020 de 09h00 à 12h00 acceptée par Philippe NOVAK	2019-11-20 18:17:15
1192	547	Aucune réponse à votre proposition depuis 10 jours de Blandine Insler	2019-11-21 12:11:11
1193	605	Aucune réponse à votre proposition depuis 10 jours de Erik LOUISE	2019-11-21 12:11:11
1194	606	Aucune réponse à votre proposition depuis 10 jours de Emmanuel Canteux	2019-11-21 12:11:12
1195	523	Date du 16/12/2019 de 10h00 à 11h00 acceptée par  	2019-11-21 15:46:12
1196	605	Intervention proposée à Ambassadrices Schneider Electric [Grenoble]	2019-11-21 16:48:50
1197	633	Intervention proposée à Yves FOSSE	2019-11-21 22:32:36
1198	620	Envoi d'un rappel à Gilles Privat	2019-11-22 12:01:21
1199	605	Aucune réponse à votre proposition depuis 10 jours de Ambassadrices Schneider Electric [Grenoble]	2019-11-22 12:11:12
1200	620	Date du 14/01/2020 de 08h00 à 10h00 acceptée par Gilles Privat	2019-11-22 12:36:11
1201	17	Date du 20/03/2020 de 08h00 à 12h00 acceptée par  	2019-11-22 16:54:10
1202	628	Date du 16/01/2020 de 09h00 à 12h00 acceptée par  	2019-11-22 18:18:49
1203	105	Date du 02/12/2019 de 10h00 à 12h00 acceptée par  	2019-11-23 10:41:50
1204	609	Aucune réponse à votre proposition depuis 10 jours de Nicolas GRAELL	2019-11-23 12:11:09
1205	123	Date du 06/02/2020 de 09h30 à 11h30 acceptée par  	2019-11-23 16:00:47
1206	250	Rencontre de Cyril Lair annulée par le professeur Véronique DONAT	2019-11-23 17:33:18
1207	163	Date du 07/11/2019 de 09h00 à 11h00 acceptée par  	2019-11-23 18:59:38
1208	89	Rencontre de frederic pouzadoux annulée par le professeur Céline Bousquet	2019-11-24 09:54:31
1209	612	Aucune réponse à votre proposition depuis 10 jours de DIDIER BELOT	2019-11-24 12:11:05
1210	613	Aucune réponse à votre proposition depuis 10 jours de Quentin Liévoux	2019-11-24 12:11:05
1211	639	Intervention proposée à Alexis Gesbert	2019-11-24 16:52:06
1212	642	Intervention proposée à Arnaud Davenel	2019-11-25 09:10:10
1213	641	Intervention proposée à Guillaume Plouin	2019-11-25 09:19:22
1214	644	Intervention proposée à Fatma Mzoughi	2019-11-25 10:11:00
1215	644	Date du 25/12/2019 de 08h00 à 18h00 acceptée par Fatma Mzoughi	2019-11-25 10:34:39
1216	266	Date du 26/11/2019 de 08h00 à 10h00 acceptée par  	2019-11-25 13:29:42
1217	629	Envoi d'un rappel à Karen Schmitt	2019-11-26 12:01:21
1218	651	Intervention proposée à Ingénieur Test	2019-11-27 09:34:48
1219	653	Intervention proposée à Thierry Cazalet	2019-11-27 11:14:27
1220	633	Envoi d'un rappel à Yves FOSSE	2019-11-27 12:01:20
1221	658	Intervention proposée à Younès Youssfi	2019-11-28 12:21:53
1222	659	Intervention proposée à Mathilde Grandjean	2019-11-28 12:26:15
1223	658	Date du 13/03/2020 de 15h30 à 16h30 acceptée par Younès Youssfi	2019-11-28 12:26:30
1224	548	Date du 12/12/2019 de 10h00 à 12h00 acceptée par  	2019-11-29 11:50:03
1225	324	Intervention proposée à Anne VINCENT	2019-11-29 15:47:02
1226	639	Envoi d'un rappel à Alexis Gesbert	2019-11-30 12:01:19
1227	324	Aucune réponse à votre proposition depuis 10 jours de Anne VINCENT	2019-11-30 12:11:08
1228	629	Aucune réponse à votre proposition depuis 10 jours de Karen Schmitt	2019-11-30 12:11:09
1229	641	Envoi d'un rappel à Guillaume Plouin	2019-12-01 12:01:19
1230	633	Aucune réponse à votre proposition depuis 10 jours de Yves FOSSE	2019-12-01 12:11:08
1231	647	Envoi d'un rappel à Xavier GAGNARD	2019-12-02 12:01:22
1232	666	Intervention proposée à Claire CEUGNIET	2019-12-02 15:56:57
1234	546	Date du 27/01/2020 de 14h00 à 15h00 acceptée par  	2019-12-02 18:12:32
1235	667	Intervention proposée à MATHIEU SOULARD	2019-12-03 10:58:15
1236	668	Intervention proposée à Julien Szydlowski	2019-12-03 11:01:11
1237	651	Envoi d'un rappel à Ingénieur Test	2019-12-03 12:01:13
1238	669	Intervention proposée à François AMAND	2019-12-03 13:48:49
1239	659	Envoi d'un rappel à Mathilde Grandjean	2019-12-04 12:01:16
1240	639	Aucune réponse à votre proposition depuis 10 jours de Alexis Gesbert	2019-12-04 12:11:09
1241	661	Envoi d'un rappel à Jean-Philippe GAULARD	2019-12-05 12:01:20
1242	641	Aucune réponse à votre proposition depuis 10 jours de Guillaume Plouin	2019-12-05 12:11:09
1243	672	Intervention proposée à Serge CLARAZ	2019-12-05 21:04:22
1244	672	Date du 31/01/2020 de 13h00 à 14h00 acceptée par Serge CLARAZ	2019-12-06 08:30:40
1245	666	Date du 09/01/2020 de 13h00 à 17h00 acceptée par Claire CEUGNIET	2019-12-06 11:19:33
1246	647	Aucune réponse à votre proposition depuis 10 jours de Xavier GAGNARD	2019-12-06 12:11:08
1247	659	Aucune réponse à votre proposition depuis 10 jours de Mathilde Grandjean	2019-12-08 12:11:04
1248	667	Envoi d'un rappel à MATHIEU SOULARD	2019-12-09 12:01:08
1249	668	Envoi d'un rappel à Julien Szydlowski	2019-12-09 12:01:08
1250	669	Envoi d'un rappel à François AMAND	2019-12-09 12:01:08
1251	661	Aucune réponse à votre proposition depuis 10 jours de Jean-Philippe GAULARD	2019-12-09 12:11:02
1252	599	Intervention proposée à Mathias Damour	2019-12-09 13:33:45
1253	599	Aucune réponse à votre proposition depuis 10 jours de Mathias Damour	2019-12-10 12:10:58
1254	677	Intervention proposée à Jean Yves Clavier	2019-12-12 11:42:00
1255	678	Intervention proposée à florence couette	2019-12-12 17:44:35
1256	678	Intervention proposée à Florence Guiot-Roux	2019-12-12 17:45:06
1257	678	Intervention proposée à Simone Di Santo	2019-12-12 17:46:16
1258	678	Intervention proposée à Lucile Hyon-Le Gourrierec	2019-12-12 17:47:22
1259	678	Intervention proposée à Alice BAHA	2019-12-12 17:48:22
1260	679	Intervention proposée à Ingénieur Test	2019-12-13 10:38:29
1261	660	Date du 14/01/2020 de 08h00 à 09h00 acceptée par  	2019-12-13 11:12:13
1262	659	Date du 14/01/2020 de 10h00 à 11h00 acceptée par  	2019-12-13 11:12:50
1263	629	Date du 16/01/2020 de 13h30 à 15h30 acceptée par  	2019-12-13 11:45:20
1264	667	Aucune réponse à votre proposition depuis 10 jours de MATHIEU SOULARD	2019-12-13 12:11:04
1265	668	Aucune réponse à votre proposition depuis 10 jours de Julien Szydlowski	2019-12-13 12:11:04
1266	669	Aucune réponse à votre proposition depuis 10 jours de François AMAND	2019-12-13 12:11:04
1267	641	Date du 20/01/2020 de 08h30 à 10h30 acceptée par  	2019-12-13 14:09:41
1268	680	Intervention proposée à Ngoc Han Ple	2019-12-15 22:08:06
1269	668	Intervention proposée à Rémi Lejeune	2019-12-16 10:38:48
1270	617	Rencontre de Pierre-Noël Arcangeli annulée par lui même	2019-12-16 10:43:02
1271	229	Rencontre de Pierre-Noël Arcangeli annulée par lui même	2019-12-16 10:43:22
1272	668	Aucune réponse à votre proposition depuis 10 jours de Rémi Lejeune	2019-12-16 12:11:03
1273	680	Date du 02/03/2020 de 08h30 à 10h30 acceptée par Ngoc Han Ple	2019-12-17 14:11:45
1274	683	Intervention proposée à Camille Hilpert	2019-12-17 20:53:00
1275	683	Date du 10/02/2020 de 14h00 à 15h00 acceptée par Camille Hilpert	2019-12-18 08:09:48
1276	677	Envoi d'un rappel à Jean Yves Clavier	2019-12-18 12:01:14
1277	678	Envoi d'un rappel à Alice BAHA	2019-12-18 12:01:14
1278	698	Intervention proposée à Hélène Quillaud	2019-12-20 16:08:55
1279	678	Date du 07/02/2020 de 14h00 à 16h00 acceptée par  	2019-12-20 16:44:53
1280	698	Hélène Quillaud a décliné votre proposition	2019-12-20 17:43:44
1281	677	Aucune réponse à votre proposition depuis 10 jours de Jean Yves Clavier	2019-12-22 12:10:53
1282	677	Intervention proposée à Nicolas BOST	2019-12-31 08:05:56
1283	677	Aucune réponse à votre proposition depuis 10 jours de Nicolas BOST	2019-12-31 12:10:55
1286	549	Date du 17/03/2020 de 15h00 à 17h00 acceptée par  	2020-01-06 17:23:04
1287	129	Intervention proposée à richard guillelmet	2020-01-07 10:03:08
1288	229	Date du 06/03/2020 de 09h00 à 10h00 acceptée par  	2020-01-07 11:26:24
1289	129	Aucune réponse à votre proposition depuis 10 jours de richard guillelmet	2020-01-07 12:10:53
1290	448	Date du 27/01/2020 de 11h00 à 13h00 acceptée par  	2020-01-07 14:42:26
1291	155	Intervention proposée à Fabian Ammon	2020-01-07 14:49:19
1292	515	Date du 14/01/2020 de 15h00 à 17h00 acceptée par  	2020-01-07 15:10:01
1293	704	Intervention proposée à Ingénieur Test	2020-01-07 17:31:29
1294	704	Date du 09/02/2020 de 08h00 à 08h00 acceptée par Ingénieur Test	2020-01-07 17:31:37
1295	704	Rencontre de Ingénieur Test annulée par lui même	2020-01-07 17:32:31
1296	704	Intervention proposée à Ingénieur Test	2020-01-07 17:39:54
1297	705	Intervention proposée à Ingénieur Test	2020-01-07 17:42:21
1298	705	Date du 09/02/2020 de 08h00 à 08h00 acceptée par Ingénieur Test	2020-01-07 17:42:42
1299	705	Rencontre de Ingénieur Test annulée par le professeur Jenna Giletti	2020-01-07 17:43:28
1300	706	Intervention proposée à Ambassadrices Schneider Electric [Rueil]	2020-01-07 17:56:04
1301	707	Intervention proposée à Ingénieur Test	2020-01-07 18:01:07
1302	707	Ingénieur Test a décliné votre proposition	2020-01-07 18:02:38
1303	129	Intervention proposée à Anne-Laure MOULET	2020-01-08 10:45:17
1304	129	Aucune réponse à votre proposition depuis 10 jours de Anne-Laure MOULET	2020-01-08 12:10:56
1305	183	Date du 16/03/2020 de 13h30 à 15h00 acceptée par  	2020-01-09 09:13:51
1306	621	Date du 23/01/2020 de 14h30 à 15h30 acceptée par  	2020-01-09 15:59:23
1307	710	Intervention proposée à christophe porquet	2020-01-09 22:02:05
1308	709	christophe porquet a décliné votre proposition	2020-01-10 09:15:30
1309	698	Intervention proposée à Virginie RADISSON	2020-01-10 17:21:18
1310	551	Intervention proposée à Marie-Laure GROUD	2020-01-11 15:34:25
1311	551	Envoi d'un rappel à Marie-Laure GROUD	2020-01-12 12:01:01
1312	551	Aucune réponse à votre proposition depuis 10 jours de Marie-Laure GROUD	2020-01-12 12:10:53
1313	706	Envoi d'un rappel à Ambassadrices Schneider Electric [Rueil]	2020-01-13 12:01:09
1314	551	Intervention proposée à Timothée HIL	2020-01-13 13:41:03
1315	711	Intervention proposée à Franck Lerner	2020-01-13 16:16:47
1316	155	Date du 28/02/2020 de 11h00 à 12h30 acceptée par  	2020-01-14 11:23:09
1317	551	Aucune réponse à votre proposition depuis 10 jours de Timothée HIL	2020-01-14 12:10:56
1318	630	Date du 24/01/2020 de 14h30 à 16h30 acceptée par  	2020-01-15 15:32:04
1319	635	Date du 23/01/2020 de 13h30 à 15h30 acceptée par  	2020-01-16 17:34:42
1320	717	Intervention proposée à florence couette	2020-01-17 13:32:37
1321	687	Intervention proposée à Dominique Roques	2020-01-17 14:37:06
1322	717	Date du 13/03/2020 de 13h30 à 15h30 acceptée par florence couette	2020-01-17 16:56:04
1323	718	Intervention proposée à Ingénieur Test	2020-01-17 17:37:38
1324	720	Intervention proposée à Stéphane Clavier	2020-01-19 11:14:39
1325	720	Date du 18/03/2020 de 09h30 à 11h30 acceptée par Stéphane Clavier	2020-01-20 09:01:30
1326	728	Intervention proposée à David Mellé	2020-01-21 13:02:39
1327	671	Date du 29/01/2020 de 09h00 à 18h00 acceptée par  	2020-01-21 15:23:29
1328	701	Date du 03/03/2020 de 13h00 à 15h00 acceptée par  	2020-01-21 18:57:48
1329	736	Intervention proposée à martin teledzinski	2020-01-22 13:31:19
1330	63	Rencontre de Maryline LIMOUZIN annulée par lui même	2020-01-23 11:25:32
1331	394	Date du 07/02/2020 de 12h30 à 14h00 acceptée par  	2020-01-24 19:00:45
1332	728	Envoi d'un rappel à David Mellé	2020-01-27 12:01:02
1333	729	Envoi d'un rappel à Elodie Ducourthial	2020-01-27 12:01:03
1334	741	Intervention proposée à Xavier GAGNARD	2020-01-27 21:25:41
1335	741	Xavier GAGNARD a décliné votre proposition	2020-01-28 11:05:50
1336	736	Envoi d'un rappel à martin teledzinski	2020-01-28 12:01:04
1337	575	Date du 12/02/2020 de 15h00 à 17h30 acceptée par  	2020-01-28 12:50:49
1338	137	Rencontre de Laurent GAREL annulée par lui même	2020-01-29 08:14:26
1339	305	Date du 04/03/2020 de 10h00 à 13h00 acceptée par  	2020-01-29 09:16:43
1340	636	Date du 13/02/2020 de 10h30 à 12h30 acceptée par  	2020-01-29 19:04:18
1341	728	Aucune réponse à votre proposition depuis 10 jours de David Mellé	2020-01-31 12:10:53
1342	729	Aucune réponse à votre proposition depuis 10 jours de Elodie Ducourthial	2020-01-31 12:10:53
1343	743	Date du 02/03/2020 de 09h00 à 12h00 acceptée par  	2020-01-31 15:36:54
1344	736	Aucune réponse à votre proposition depuis 10 jours de martin teledzinski	2020-02-01 12:10:52
1345	744	Intervention proposée à MOHAMMED LAGHITI	2020-02-01 17:13:27
1346	745	Intervention proposée à Younès Youssfi	2020-02-01 17:16:10
1347	746	Intervention proposée à Lilian Herault	2020-02-02 14:59:42
1348	578	Date du 06/03/2020 de 09h00 à 11h00 acceptée par  	2020-02-03 15:08:25
1349	652	Date du 28/01/2020 de 16h00 à 18h00 acceptée par  	2020-02-03 17:04:45
1350	758	Intervention proposée à Ronan Bourlier	2020-02-04 09:16:09
1351	758	Date du 09/03/2020 de 16h00 à 17h00 acceptée par  	2020-02-04 11:59:49
1352	710	Date du 06/02/2020 de 08h00 à 12h00 acceptée par  	2020-02-04 12:43:38
1353	760	Intervention proposée à Daniel Diebolt	2020-02-04 13:50:44
1354	241	Date du 21/01/2020 de 10h00 à 12h00 acceptée par  	2020-02-04 18:03:11
1355	341	Date du 21/01/2020 de 12h00 à 14h00 acceptée par  	2020-02-04 18:06:34
1356	347	Date du 14/02/2020 de 14h00 à 16h00 acceptée par  	2020-02-05 16:33:59
1360	539	Date du 03/04/2020 de 15h00 à 16h00 acceptée par  	2020-02-05 18:20:04
1361	772	Intervention proposée à Lionel Salvayre	2020-02-06 22:40:11
1362	771	Intervention proposée à Guillaume Charoy	2020-02-07 07:27:58
1363	772	Date du 11/03/2020 de 13h00 à 15h00 acceptée par Lionel Salvayre	2020-02-07 09:46:40
1364	744	Envoi d'un rappel à MOHAMMED LAGHITI	2020-02-07 12:01:09
1365	745	Envoi d'un rappel à Younès Youssfi	2020-02-07 12:01:10
1366	777	Intervention proposée à Lionel Salvayre	2020-02-07 17:52:23
1367	779	Intervention proposée à Florian Rappaport	2020-02-08 22:49:43
1368	779	Intervention proposée à laidi Charaf	2020-02-08 22:49:46
1369	780	Intervention proposée à Arnaud Cambefort	2020-02-08 22:53:46
1370	777	Date du 06/04/2020 de 13h30 à 15h30 acceptée par Lionel Salvayre	2020-02-10 09:35:44
1371	702	Date du 27/03/2020 de 10h00 à 12h00 acceptée par  	2020-02-10 10:20:53
1372	783	Intervention proposée à Carolle Modica	2020-02-10 11:50:21
1373	783	Date du 17/03/2020 de 13h30 à 15h30 acceptée par Carolle Modica	2020-02-10 11:54:14
1374	744	Aucune réponse à votre proposition depuis 10 jours de MOHAMMED LAGHITI	2020-02-11 12:10:51
1375	745	Aucune réponse à votre proposition depuis 10 jours de Younès Youssfi	2020-02-11 12:10:51
1376	556	Date du 24/03/2020 de 10h30 à 12h30 acceptée par  	2020-02-11 17:52:01
1377	352	Date du 26/03/2020 de 14h30 à 16h00 acceptée par  	2020-02-12 10:57:17
1378	598	Date du 28/02/2020 de 08h00 à 11h00 acceptée par  	2020-02-12 11:17:03
1379	771	Envoi d'un rappel à Guillaume Charoy	2020-02-12 12:01:04
1380	799	Intervention proposée à Virginie GIRAUDEAU	2020-02-13 11:00:05
1381	801	Intervention proposée à BEN DRISS Mokhtar	2020-02-14 09:48:29
1382	779	Envoi d'un rappel à laidi Charaf	2020-02-14 12:01:00
1383	780	Envoi d'un rappel à Arnaud Cambefort	2020-02-14 12:01:01
1384	771	Aucune réponse à votre proposition depuis 10 jours de Guillaume Charoy	2020-02-16 12:10:52
1385	780	Date du 28/04/2020 de 13h00 à 17h00 acceptée par Arnaud Cambefort	2020-02-17 08:35:47
1386	804	Intervention proposée à Magalie MAYGNAN	2020-02-17 17:27:30
1387	805	Intervention proposée à Cécile Benhamou	2020-02-17 17:42:58
1388	806	Intervention proposée à Valerie TOULEMONDE	2020-02-17 18:34:54
1389	806	Valerie TOULEMONDE a décliné votre proposition	2020-02-18 09:12:26
1390	799	Date du 31/03/2020 de 14h00 à 15h30 acceptée par Virginie GIRAUDEAU	2020-02-18 10:55:30
1391	799	Date du 31/03/2020 de 14h00 à 15h30 acceptée par Virginie GIRAUDEAU	2020-02-18 10:55:36
1392	779	Aucune réponse à votre proposition depuis 10 jours de laidi Charaf	2020-02-18 12:10:51
1393	807	Intervention proposée à XAVIER CAMPEAUX	2020-02-18 12:56:17
1394	801	Date du 26/03/2020 de 14h30 à 16h00 acceptée par BEN DRISS Mokhtar	2020-02-18 17:09:16
1395	770	Date du 09/06/2020 de 16h00 à 17h30 acceptée par  	2020-02-18 17:11:12
1396	806	Intervention proposée à Mélissa Durand-Flon	2020-02-18 19:39:17
1397	807	Date du 05/05/2020 de 09h00 à 12h00 acceptée par XAVIER CAMPEAUX	2020-02-19 11:52:29
1398	795	Envoi d'un rappel à Mathias Damour	2020-02-19 12:00:58
1399	796	Envoi d'un rappel à Mathias Damour	2020-02-19 12:00:59
1400	648	Date du 19/03/2020 de 14h30 à 16h00 acceptée par  	2020-02-20 16:20:49
1401	687	Date du 02/03/2020 de 10h30 à 12h00 acceptée par  	2020-02-21 11:50:26
1402	821	Intervention proposée à Vanessa Cerdan	2020-02-22 15:51:04
1403	804	Envoi d'un rappel à Magalie MAYGNAN	2020-02-23 12:00:52
1404	805	Envoi d'un rappel à Cécile Benhamou	2020-02-23 12:00:52
1405	795	Aucune réponse à votre proposition depuis 10 jours de Mathias Damour	2020-02-23 12:10:45
1406	796	Aucune réponse à votre proposition depuis 10 jours de Mathias Damour	2020-02-23 12:10:45
1407	808	Envoi d'un rappel à isabelle lesieur	2020-02-24 12:01:01
1408	259	Date du 13/03/2020 de 08h30 à 16h30 acceptée par  	2020-02-25 08:36:06
1409	824	Date du 26/03/2020 de 10h30 à 12h30 acceptée par  	2020-02-25 09:11:33
1410	551	Date du 16/03/2020 de 17h00 à 18h00 acceptée par  	2020-02-25 10:04:55
1411	539	Rencontre de Sylvain DENYS annulée par le professeur Gaelle Greuez	2020-02-26 15:26:02
1412	804	Aucune réponse à votre proposition depuis 10 jours de Magalie MAYGNAN	2020-02-27 12:10:50
1413	821	Envoi d'un rappel à Vanessa Cerdan	2020-02-28 12:00:57
1414	808	Aucune réponse à votre proposition depuis 10 jours de isabelle lesieur	2020-02-28 12:10:49
1415	832	Intervention proposée à Simone Callegari	2020-02-29 15:20:28
1416	833	Intervention proposée à Sébastien MEUNIER	2020-03-02 09:15:37
1417	832	Simone Callegari a décliné votre proposition	2020-03-02 10:27:32
1418	833	Date du 27/04/2020 de 08h00 à 10h00 acceptée par  	2020-03-02 10:31:06
1419	805	Date du 22/04/2020 de 10h00 à 12h00 acceptée par  	2020-03-02 14:49:00
1420	834	Intervention proposée à Luke Perkins	2020-03-02 21:40:21
1421	94	Date du 09/04/2020 de 09h30 à 11h30 acceptée par  	2020-03-03 09:23:24
1422	821	Aucune réponse à votre proposition depuis 10 jours de Vanessa Cerdan	2020-03-03 12:10:52
1423	834	Date du 02/03/2020 de 08h30 à 17h00 acceptée par Luke Perkins	2020-03-04 10:46:29
1424	477	Date du 10/03/2020 de 14h00 à 15h00 acceptée par  	2020-03-04 12:16:10
1425	838	Intervention proposée à Jean-Philippe GAULARD	2020-03-04 14:53:07
1426	839	Intervention proposée à Christian VERGNE	2020-03-04 14:54:40
1427	840	Intervention proposée à Denis Delville	2020-03-04 14:56:53
1428	841	Intervention proposée à STEPHANE HOAREAU	2020-03-04 14:59:34
1429	842	Intervention proposée à Beatriz Otero	2020-03-04 15:03:08
1430	843	Intervention proposée à Juan TAZON DIEGO	2020-03-04 15:05:13
1431	844	Intervention proposée à Arnaud Woiselle	2020-03-04 15:09:06
1432	843	Date du 03/04/2020 de 09h00 à 12h00 acceptée par Juan TAZON DIEGO	2020-03-04 15:53:54
1433	597	Date du 06/03/2020 de 14h30 à 16h30 acceptée par  	2020-03-04 17:03:53
1434	845	Intervention proposée à Christophe BRAULT	2020-03-05 15:50:30
1435	847	Intervention proposée à Vincent TARDY	2020-03-06 15:20:03
1436	846	Intervention proposée à EMMANUEL LEROY	2020-03-06 15:20:45
1437	844	Envoi d'un rappel à Arnaud Woiselle	2020-03-10 12:01:02
1438	835	Envoi d'un rappel à Clément Bellini	2020-03-10 12:01:06
1439	841	Envoi d'un rappel à STEPHANE HOAREAU	2020-03-10 12:01:06
1440	842	Envoi d'un rappel à Beatriz Otero	2020-03-10 12:01:06
1441	845	Date du 05/05/2020 de 09h00 à 11h00 acceptée par Christophe BRAULT	2020-03-10 18:48:24
1442	849	Intervention proposée à Jean-Philippe GAULARD	2020-03-12 12:38:19
1443	850	Intervention proposée à Juan TAZON DIEGO	2020-03-12 12:42:07
1444	850	Date du 17/04/2020 de 13h00 à 17h00 acceptée par Juan TAZON DIEGO	2020-03-12 13:25:18
1445	514	Date du 17/03/2020 de 14h00 à 16h00 acceptée par  	2020-03-12 15:48:40
1446	854	Intervention proposée à didier labrosse	2020-03-12 16:39:12
1447	801	Rencontre de Mokhtar BEN DRISS annulée par lui même	2020-03-13 10:42:36
1448	846	Envoi d'un rappel à EMMANUEL LEROY	2020-03-13 12:01:02
1449	835	Aucune réponse à votre proposition depuis 10 jours de Clément Bellini	2020-03-13 12:10:53
1450	846	Aucune réponse à votre proposition depuis 10 jours de EMMANUEL LEROY	2020-03-16 12:10:51
1451	848	Envoi d'un rappel à Serge Henrot	2020-03-17 12:01:06
1452	849	Envoi d'un rappel à Jean-Philippe GAULARD	2020-03-18 12:01:05
1453	854	Envoi d'un rappel à didier labrosse	2020-03-18 12:01:06
1454	848	Aucune réponse à votre proposition depuis 10 jours de Serge Henrot	2020-03-21 12:10:54
1455	849	Aucune réponse à votre proposition depuis 10 jours de Jean-Philippe GAULARD	2020-03-22 12:10:56
1456	854	Aucune réponse à votre proposition depuis 10 jours de didier labrosse	2020-03-22 12:10:56
1457	859	Intervention proposée à Antoine Véron	2020-07-03 08:15:41
1458	859	Envoi d'un rappel à Antoine Véron	2020-07-09 12:00:45
1459	859	Aucune réponse à votre proposition depuis 10 jours de Antoine Véron	2020-07-13 12:10:26
\.


--
-- Data for Name: mer_itdlc; Type: TABLE DATA; Schema: public; Owner: cgenialsite
--

COPY public.mer_itdlc (id, ope_id, inge_id, first_date, first_date_start_time, first_date_end_time, second_date, second_date_start_time, second_date_end_time, third_date, third_date_start_time, third_date_end_time, answer, answer_date, created_at, comment, reminder_at) FROM stdin;
1	3385	10062	2019-09-04 00:00:00	08:00:00	08:00:00	2019-08-23 00:00:00	08:00:00	08:00:00	2019-10-11 00:00:00	08:00:00	08:00:00	autre	2019-07-24 11:09:40	2019-07-24 10:43:48	\N	\N
3	3389	13078	2019-09-19 00:00:00	08:00:00	08:00:00	2019-09-19 00:00:00	08:00:00	08:00:00	2019-09-19 00:00:00	08:00:00	08:00:00	autre	2019-08-07 19:57:50	2019-08-07 15:03:18	\N	\N
4	3392	13098	2019-09-09 00:00:00	08:00:00	08:00:00	2019-09-16 00:00:00	08:00:00	08:00:00	2019-09-23 00:00:00	08:00:00	08:00:00	non	2019-08-08 17:42:10	2019-08-08 17:38:20	je veux pas	\N
5	3396	13098	2019-09-07 00:00:00	08:00:00	08:00:00	2019-09-08 00:00:00	08:00:00	08:00:00	2019-09-15 00:00:00	08:00:00	08:00:00	\N	\N	2019-08-08 17:59:21	\N	\N
6	3396	13098	2019-09-07 00:00:00	08:00:00	08:00:00	2019-09-08 00:00:00	08:00:00	08:00:00	2019-09-15 00:00:00	08:00:00	08:00:00	\N	\N	2019-08-08 17:59:29	\N	\N
7	3396	13098	2019-09-07 00:00:00	08:00:00	08:00:00	2019-09-08 00:00:00	08:00:00	08:00:00	2019-09-15 00:00:00	08:00:00	08:00:00	non	2019-08-08 18:03:38	2019-08-08 17:59:30	je veux pas	\N
8	3397	13098	2019-09-09 00:00:00	08:00:00	08:00:00	2019-09-10 00:00:00	08:00:00	08:00:00	2019-09-11 00:00:00	08:00:00	08:00:00	non	2019-08-08 18:10:15	2019-08-08 18:07:55	je veux toujours pas	\N
9	3399	13098	2019-09-10 00:00:00	08:00:00	08:00:00	2019-09-17 00:00:00	08:00:00	08:00:00	2019-09-18 00:00:00	08:00:00	08:00:00	date2	2019-08-08 18:21:35	2019-08-08 18:20:34	\N	\N
164	3680	5821	2019-11-22 00:00:00	14:30:00	16:30:00	2020-01-17 00:00:00	14:30:00	16:30:00	2020-05-15 00:00:00	14:30:00	16:30:00	date1	\N	2019-09-17 18:38:55	\N	2019-09-23 12:01:09
199	3718	139	2019-11-18 00:00:00	11:00:00	12:00:00	2019-11-21 00:00:00	13:30:00	15:30:00	2019-11-29 00:00:00	13:30:00	15:30:00	\N	\N	2019-09-21 10:04:58	\N	2019-10-11 12:01:18
165	3540	10005	2019-11-06 00:00:00	10:00:00	12:00:00	2019-11-27 00:00:00	10:00:00	12:00:00	2019-12-04 00:00:00	10:00:00	12:00:00	\N	\N	2019-09-17 18:59:05	\N	2019-09-23 12:01:09
162	3675	6900	2019-09-17 17:03:05	08:00:00	10:00:00	2019-09-17 17:03:05	10:00:00	12:00:00	2019-09-17 17:03:05	08:00:00	10:00:00	autre	2019-09-23 15:06:22	2019-09-17 17:03:05	\N	2019-09-23 12:01:08
18	3425	9969	2020-01-07 00:00:00	09:00:00	10:30:00	2020-01-14 00:00:00	09:00:00	10:30:00	2020-01-21 00:00:00	09:00:00	10:30:00	date1	2019-09-06 12:33:11	2019-09-02 09:35:14	\N	\N
29	3449	13078	2019-10-08 00:00:00	08:00:00	08:00:00	2019-10-09 00:00:00	08:00:00	08:00:00	2019-10-10 00:00:00	08:00:00	08:00:00	date2	2019-09-08 16:18:51	2019-09-08 15:42:53	\N	\N
30	3450	13098	2019-10-08 00:00:00	08:00:00	10:00:00	2019-10-09 00:00:00	08:00:00	15:00:00	2019-10-10 00:00:00	08:00:00	11:00:00	date2	2019-09-08 17:22:22	2019-09-08 17:20:51	\N	\N
207	3726	6964	2019-12-05 00:00:00	13:30:00	15:00:00	2020-01-09 00:00:00	13:30:00	15:00:00	2020-02-06 00:00:00	13:30:00	15:00:00	\N	\N	2019-09-22 09:53:19	\N	2019-10-11 12:01:18
32	3454	13155	2019-10-15 00:00:00	08:00:00	09:00:00	2019-10-16 00:00:00	08:00:00	09:00:00	2019-10-17 00:00:00	08:00:00	09:00:00	date3	2019-09-09 10:39:34	2019-09-09 10:37:32	\N	\N
33	3455	13155	2019-10-21 00:00:00	08:00:00	09:00:00	2019-10-22 00:00:00	08:00:00	09:00:00	2019-10-23 00:00:00	08:00:00	09:00:00	date2	2019-09-09 10:41:44	2019-09-09 10:41:17	\N	\N
34	3456	13155	2019-10-09 00:00:00	08:00:00	09:00:00	2019-10-10 00:00:00	08:00:00	09:00:00	2019-10-11 00:00:00	08:00:00	09:00:00	date1	2019-09-09 10:52:48	2019-09-09 10:52:25	\N	\N
35	3453	13078	2019-10-14 00:00:00	08:00:00	08:00:00	2019-10-15 00:00:00	08:00:00	08:00:00	2019-10-16 00:00:00	08:00:00	08:00:00	date2	2019-09-09 11:23:43	2019-09-09 10:57:10	\N	\N
2	3388	12898	2019-09-06 00:00:00	08:00:00	08:00:00	2019-09-10 00:00:00	08:00:00	08:00:00	2019-09-27 00:00:00	08:00:00	08:00:00	date1	\N	2019-08-07 10:46:50	\N	2019-09-19 17:49:32
37	3458	13078	2019-10-14 00:00:00	08:00:00	08:00:00	2019-10-14 00:00:00	08:00:00	08:00:00	2019-10-14 00:00:00	08:00:00	08:00:00	date2	2019-09-09 12:07:52	2019-09-09 12:04:23	\N	\N
11	3403	13098	2019-09-13 00:00:00	08:00:00	08:00:00	2019-09-26 00:00:00	08:00:00	08:00:00	2019-09-27 00:00:00	08:00:00	08:00:00	date1	2019-09-09 12:21:07	2019-08-14 15:16:09	\N	\N
38	3392	13098	2019-10-25 00:00:00	08:00:00	08:00:00	2019-10-09 00:00:00	08:00:00	08:00:00	2019-10-18 00:00:00	08:00:00	08:00:00	date1	2019-09-09 12:31:49	2019-09-09 12:18:32	\N	\N
39	3459	13078	2019-10-14 00:00:00	08:00:00	08:00:00	2019-10-09 00:00:00	08:00:00	08:00:00	2019-10-23 00:00:00	08:00:00	08:00:00	date2	2019-09-09 13:15:18	2019-09-09 13:11:37	\N	\N
23	3440	10942	2019-11-18 00:00:00	10:30:00	12:30:00	2019-11-21 00:00:00	10:30:00	12:30:00	2019-12-02 00:00:00	10:30:00	12:30:00	date2	2019-09-09 13:36:29	2019-09-05 16:20:18	\N	\N
40	3460	13098	2019-10-14 00:00:00	08:00:00	08:00:00	2019-10-15 00:00:00	08:00:00	08:00:00	2019-10-16 00:00:00	08:00:00	08:00:00	date1	2019-09-09 13:41:42	2019-09-09 13:37:14	\N	\N
41	3461	13098	2019-10-09 00:00:00	08:00:00	08:00:00	2019-10-10 00:00:00	08:00:00	08:00:00	2019-10-16 00:00:00	08:00:00	08:00:00	date2	2019-09-09 14:04:01	2019-09-09 13:58:29	\N	\N
42	3462	13098	2019-10-15 00:00:00	08:00:00	08:00:00	2019-10-14 00:00:00	08:00:00	08:00:00	2019-10-14 00:00:00	08:00:00	08:00:00	date2	2019-09-09 14:18:56	2019-09-09 14:10:48	\N	\N
43	3463	13098	2019-10-14 00:00:00	08:00:00	08:00:00	2019-10-14 00:00:00	08:00:00	08:00:00	2019-10-16 00:00:00	08:00:00	08:00:00	date1	2019-09-09 14:20:25	2019-09-09 14:13:53	\N	\N
44	3464	2509	2019-10-09 00:00:00	09:00:00	10:00:00	2019-11-05 00:00:00	11:00:00	12:00:00	2019-12-11 00:00:00	14:00:00	16:00:00	date3	2019-09-09 15:08:27	2019-09-09 15:06:32	\N	\N
354	3588	\N	2019-10-11 00:00:00	08:00:00	08:00:00	2019-10-11 00:00:00	08:00:00	08:00:00	2019-10-11 00:00:00	08:00:00	08:00:00	date1	\N	2019-10-11 10:07:43	\N	\N
46	3466	2509	2019-10-24 00:00:00	08:00:00	08:00:00	2019-10-09 00:00:00	08:00:00	08:00:00	2019-10-11 00:00:00	08:00:00	08:00:00	autre	2019-09-09 15:36:39	2019-09-09 15:27:56	\N	\N
47	3467	13155	2019-10-10 00:00:00	08:00:00	09:00:00	2019-10-10 00:00:00	08:00:00	09:00:00	2019-10-10 00:00:00	08:00:00	09:00:00	date1	2019-09-09 16:48:08	2019-09-09 16:47:34	\N	\N
48	3468	13155	2019-10-16 00:00:00	08:00:00	12:00:00	2019-10-17 00:00:00	08:00:00	11:00:00	2019-10-18 00:00:00	08:00:00	10:00:00	date1	2019-09-09 17:19:24	2019-09-09 17:17:58	\N	\N
50	3470	13155	2019-10-11 00:00:00	08:00:00	08:00:00	2019-10-18 00:00:00	08:00:00	08:00:00	2019-10-25 00:00:00	08:00:00	08:00:00	date1	2019-09-09 17:44:08	2019-09-09 17:43:25	\N	\N
45	3465	2509	2019-11-02 00:00:00	08:00:00	08:00:00	2019-11-27 00:00:00	08:00:00	08:00:00	2019-10-31 00:00:00	08:00:00	08:00:00	date2	2019-09-09 15:34:12	2019-09-09 15:25:32	\N	\N
51	3471	13078	2019-10-14 00:00:00	08:00:00	08:00:00	2019-10-16 00:00:00	08:00:00	08:00:00	2019-10-17 00:00:00	08:00:00	08:00:00	non	2019-09-09 18:10:00	2019-09-09 18:09:00	test refus si indispo ensuite	\N
52	3472	13155	2019-10-17 00:00:00	08:00:00	08:00:00	2019-10-11 00:00:00	08:00:00	08:00:00	2019-10-17 00:00:00	08:00:00	08:00:00	non	2019-09-09 18:20:10	2019-09-09 18:14:06	parceque	\N
53	3473	13078	2019-10-16 00:00:00	08:00:00	08:00:00	2019-10-14 00:00:00	08:00:00	08:00:00	2019-10-23 00:00:00	08:00:00	08:00:00	date2	2019-09-09 18:27:06	2019-09-09 18:17:32	\N	\N
28	3448	11156	2020-01-27 00:00:00	15:30:00	16:30:00	2020-02-10 00:00:00	15:30:00	16:30:00	2020-03-09 00:00:00	15:30:00	16:30:00	date1	2019-09-16 09:54:47	2019-09-08 10:35:41	\N	\N
618	4045	6768	2019-12-03 00:00:00	14:00:00	15:30:00	2019-12-17 00:00:00	14:00:00	15:30:00	2020-01-14 00:00:00	14:00:00	15:30:00	date3	2019-11-18 09:16:47	2019-11-15 18:53:36	\N	\N
25	3442	5355	2019-10-06 00:00:00	09:30:00	11:00:00	2019-11-06 00:00:00	09:30:00	11:00:00	2019-11-07 00:00:00	09:30:00	11:00:00	date3	2019-09-16 13:14:00	2019-09-06 09:27:30	\N	\N
182	3552	7844	2019-11-19 00:00:00	08:00:00	11:00:00	2019-11-29 00:00:00	13:00:00	17:00:00	2019-11-22 00:00:00	08:00:00	12:00:00	date1	2019-10-22 17:46:09	2019-09-19 17:41:10	\N	2019-09-25 12:01:09
233	3691	\N	2019-11-12 00:00:00	14:00:00	16:00:00	2019-11-19 00:00:00	14:00:00	16:00:00	2019-11-26 00:00:00	14:00:00	16:00:00	date1	\N	2019-09-26 15:33:18	\N	\N
848	2760	9599	2020-03-11 11:28:04	\N	\N	2020-03-11 11:28:04	\N	\N	2020-03-11 11:28:04	\N	\N	\N	\N	2020-03-11 11:28:04	\N	2020-03-17 12:01:06
237	3756	\N	2019-11-29 00:00:00	08:00:00	15:00:00	2019-11-29 00:00:00	08:00:00	15:00:00	2019-11-29 00:00:00	08:00:00	15:00:00	\N	\N	2019-09-27 12:37:56	\N	\N
853	4250	\N	2020-03-12 16:37:27	\N	\N	2020-03-12 16:37:27	\N	\N	2020-03-12 16:37:27	\N	\N	\N	\N	2020-03-12 16:37:27	\N	\N
858	4255	\N	2020-09-15 00:00:00	08:00:00	12:00:00	2020-09-16 00:00:00	08:00:00	12:00:00	2020-09-17 00:00:00	08:00:00	12:00:00	\N	\N	2020-07-03 08:14:20	\N	\N
49	3469	2509	2019-10-31 00:00:00	08:00:00	08:00:00	2019-10-31 00:00:00	08:00:00	08:00:00	2019-10-30 00:00:00	08:00:00	08:00:00	non	2019-09-09 17:47:04	2019-09-09 17:43:08	pas de café... pas d'intervention! Na! :p	\N
203	3722	\N	2019-11-29 00:00:00	08:00:00	12:00:00	2019-11-01 00:00:00	08:00:00	12:00:00	2019-11-08 00:00:00	08:00:00	12:00:00	date1	\N	2019-09-21 15:03:21	\N	\N
223	3742	\N	2019-12-17 00:00:00	14:00:00	17:00:00	2020-01-28 00:00:00	14:00:00	17:00:00	2020-05-19 00:00:00	14:00:00	17:00:00	date1	\N	2019-09-25 16:56:30	\N	\N
607	4034	\N	2019-12-16 00:00:00	10:00:00	17:00:00	2020-01-06 00:00:00	10:00:00	17:00:00	2020-01-13 00:00:00	08:00:00	17:00:00	date1	\N	2019-11-12 12:20:15	\N	\N
621	4048	15929	2020-01-23 00:00:00	14:30:00	15:30:00	2020-01-16 00:00:00	14:30:00	15:30:00	2020-01-23 00:00:00	14:30:00	15:30:00	date1	2020-01-09 15:59:23	2019-11-18 08:33:44	\N	\N
54	3474	13098	2019-10-15 00:00:00	08:00:00	10:00:00	2019-10-18 00:00:00	10:00:00	08:00:00	2019-10-16 00:00:00	08:00:00	09:00:00	non	2019-09-09 18:57:33	2019-09-09 18:56:19	test refus par ingé	\N
55	3475	13098	2019-10-16 00:00:00	08:00:00	08:00:00	2019-10-17 00:00:00	08:00:00	08:00:00	2019-10-17 00:00:00	08:00:00	08:00:00	date1	2019-09-09 19:04:05	2019-09-09 19:03:21	\N	\N
56	3476	13098	2019-10-16 00:00:00	08:00:00	08:00:00	2019-10-17 00:00:00	08:00:00	08:00:00	2019-10-11 00:00:00	08:00:00	08:00:00	autre	2019-09-09 19:10:20	2019-09-09 19:09:09	\N	\N
58	3479	10295	2019-11-12 00:00:00	08:30:00	10:00:00	2019-11-18 00:00:00	10:30:00	12:00:00	2019-11-26 00:00:00	08:30:00	10:00:00	date3	2019-09-09 23:06:53	2019-09-09 20:35:19	\N	\N
349	3863	\N	2019-11-27 00:00:00	08:00:00	12:00:00	2019-11-13 00:00:00	08:00:00	12:00:00	2019-11-20 00:00:00	08:00:00	12:00:00	\N	\N	2019-10-10 18:06:13	\N	\N
63	3486	10725	2019-11-14 00:00:00	08:00:00	11:00:00	2020-02-06 00:00:00	08:00:00	11:00:00	2020-02-14 00:00:00	08:00:00	11:00:00	date2	2019-09-10 09:30:26	2019-09-10 09:13:33	\N	\N
57	3477	13098	2019-10-24 00:00:00	08:00:00	08:00:00	2019-10-23 00:00:00	08:00:00	08:00:00	2019-10-18 00:00:00	08:00:00	08:00:00	date2	2019-09-10 10:55:16	2019-09-09 19:22:10	\N	\N
65	3472	13155	2019-10-22 00:00:00	08:00:00	08:00:00	2019-10-23 00:00:00	08:00:00	08:00:00	2019-10-30 00:00:00	08:00:00	08:00:00	date1	2019-09-10 11:36:04	2019-09-10 11:35:28	\N	\N
62	3482	10944	2019-11-14 00:00:00	08:00:00	10:00:00	2020-02-06 00:00:00	08:00:00	10:00:00	2020-02-13 00:00:00	08:00:00	08:00:00	non	2019-09-10 14:00:24	2019-09-10 09:10:54	Bonjour,\r\nvotre recherche est plus d'ordre generaliste. J'ai un profil d'intervention un peu plus technique je ne suis pas sur de répondre au mieux à votre demande et d'avoir une valeur ajoutée par rapport à une autre personne. Je pense qu'une autre personne pourrait être plus adaptée	\N
195	3714	12862	2019-11-18 00:00:00	08:00:00	11:00:00	2019-11-21 00:00:00	14:00:00	17:00:00	2019-11-22 00:00:00	08:00:00	11:00:00	date2	2019-09-23 08:59:34	2019-09-21 09:10:23	\N	\N
68	3499	5781	2019-10-10 00:00:00	10:30:00	08:00:00	2019-11-07 00:00:00	10:30:00	08:00:00	2019-11-21 00:00:00	10:30:00	08:00:00	autre	2019-09-11 08:29:44	2019-09-10 16:49:50	\N	\N
200	3719	242	2019-11-15 00:00:00	10:00:00	11:00:00	2019-11-22 00:00:00	13:30:00	14:30:00	2019-11-29 00:00:00	10:00:00	11:00:00	date3	2019-09-24 11:34:42	2019-09-21 10:24:14	\N	\N
69	3500	2461	2019-10-15 00:00:00	08:30:00	14:00:00	2019-11-05 00:00:00	08:30:00	14:00:00	2019-12-17 00:00:00	08:30:00	14:00:00	date1	2019-09-11 13:56:23	2019-09-10 17:48:13	\N	\N
359	3553	\N	2019-10-11 00:00:00	08:00:00	08:00:00	2019-10-11 00:00:00	08:00:00	08:00:00	2019-10-11 00:00:00	08:00:00	08:00:00	\N	\N	2019-10-11 13:05:10	\N	\N
81	3517	13028	2019-11-14 00:00:00	08:00:00	09:00:00	2019-12-05 00:00:00	08:00:00	09:00:00	2019-12-05 00:00:00	11:00:00	12:00:00	date3	2019-09-12 08:15:46	2019-09-11 14:39:31	\N	\N
212	3731	\N	2019-11-06 00:00:00	08:30:00	08:30:00	2019-11-08 00:00:00	15:00:00	16:00:00	2019-11-15 00:00:00	15:00:00	16:00:00	date1	\N	2019-09-23 19:52:24	\N	\N
177	3699	9968	2019-11-20 00:00:00	09:00:00	12:00:00	2019-11-27 00:00:00	09:00:00	12:00:00	2019-12-04 00:00:00	08:00:00	08:00:00	non	2019-09-25 12:03:31	2019-09-19 15:09:25	Bonjour\r\n\r\nJe propose de décliner car je ne travaille pas directement en Bureau d’Etudes, mais dans ma société vous pouvez contacter Guillaume MOULY qui en fait parti.\r\nguillaume.mouly@safrangroup.com \r\n\r\nCordialement,\r\nOlivier PANSANEL	2019-09-25 12:01:05
86	3529	13098	2019-10-15 00:00:00	08:00:00	08:00:00	2019-10-23 00:00:00	08:00:00	08:00:00	2019-10-23 00:00:00	08:00:00	08:00:00	date1	2019-09-12 12:06:48	2019-09-12 11:56:45	\N	\N
805	4208	15938	2020-04-22 00:00:00	10:00:00	12:00:00	2020-04-22 00:00:00	10:30:00	12:00:00	2020-04-22 00:00:00	10:30:00	12:00:00	date1	2020-03-02 14:49:00	2020-02-17 17:39:57	\N	2020-02-23 12:00:52
224	3743	\N	2019-11-05 00:00:00	14:00:00	15:00:00	2019-11-04 00:00:00	15:00:00	16:30:00	2019-11-05 00:00:00	15:00:00	16:30:00	date1	\N	2019-09-25 19:52:47	\N	\N
374	3881	\N	2019-11-21 00:00:00	13:00:00	16:00:00	2019-11-26 00:00:00	08:00:00	10:00:00	2019-12-09 00:00:00	10:00:00	16:00:00	date1	\N	2019-10-14 21:12:02	\N	\N
259	3777	16038	2020-03-13 00:00:00	08:30:00	16:30:00	2020-03-13 00:00:00	08:30:00	16:30:00	2020-03-13 00:00:00	08:30:00	16:30:00	date1	2020-02-25 08:36:06	2019-09-30 16:48:15	\N	\N
204	3723	\N	2019-11-25 00:00:00	09:00:00	10:00:00	2019-11-07 00:00:00	09:00:00	10:00:00	2019-11-08 00:00:00	14:00:00	15:00:00	date1	\N	2019-09-21 15:21:54	\N	\N
71	3504	275	2020-01-29 00:00:00	13:00:00	15:00:00	2020-02-05 00:00:00	13:00:00	15:00:00	2020-02-12 00:00:00	13:00:00	15:00:00	date1	2019-09-12 16:22:17	2019-09-10 19:48:17	\N	\N
83	3521	276	2019-10-16 00:00:00	13:30:00	15:30:00	2019-10-18 00:00:00	08:00:00	10:00:00	2019-11-08 00:00:00	13:30:00	15:30:00	date3	2019-11-04 15:41:32	2019-09-11 22:16:28	\N	\N
249	3768	\N	2019-12-02 00:00:00	08:00:00	16:00:00	2019-12-09 00:00:00	08:00:00	16:00:00	2019-11-25 00:00:00	08:00:00	16:00:00	date1	\N	2019-09-29 10:58:36	\N	\N
208	3727	\N	2019-11-19 00:00:00	10:00:00	12:00:00	2019-11-26 00:00:00	10:00:00	12:00:00	2019-11-12 00:00:00	10:00:00	12:00:00	date1	\N	2019-09-22 17:52:50	\N	\N
194	3713	10209	2020-01-06 00:00:00	09:00:00	11:00:00	2020-02-03 00:00:00	09:00:00	11:00:00	2020-03-16 00:00:00	08:00:00	08:00:00	date2	2019-09-28 18:15:27	2019-09-20 19:09:09	\N	\N
77	3513	10345	2019-11-06 00:00:00	10:00:00	08:00:00	2019-11-13 00:00:00	10:00:00	08:00:00	2019-11-20 00:00:00	10:00:00	08:00:00	date3	2019-09-12 21:03:02	2019-09-11 09:34:14	\N	\N
67	3494	7787	2020-01-13 00:00:00	17:00:00	18:00:00	2020-01-27 00:00:00	17:00:00	18:00:00	2020-02-03 00:00:00	17:00:00	18:00:00	date1	2019-09-13 11:08:47	2019-09-10 16:00:49	\N	\N
78	3515	13030	2019-11-15 00:00:00	08:00:00	10:00:00	2019-11-22 00:00:00	08:00:00	10:00:00	2019-11-24 00:00:00	08:00:00	08:00:00	date3	2019-09-13 11:18:33	2019-09-11 10:19:42	\N	\N
88	3534	13028	2019-12-09 00:00:00	10:00:00	12:00:00	2020-01-06 00:00:00	08:00:00	08:00:00	2020-01-13 00:00:00	14:00:00	16:00:00	date3	2019-09-13 18:52:42	2019-09-12 13:27:37	\N	\N
66	3487	12750	2019-11-12 00:00:00	09:30:00	10:30:00	2019-11-14 00:00:00	09:30:00	10:30:00	2019-11-15 00:00:00	09:30:00	10:30:00	date2	2019-09-16 08:54:45	2019-09-10 13:33:32	\N	\N
100	3554	10024	2020-02-14 00:00:00	13:30:00	16:30:00	2020-02-14 00:00:00	13:30:00	16:30:00	2020-02-14 00:00:00	13:30:00	16:30:00	date1	2019-09-16 11:33:44	2019-09-12 17:44:08	\N	\N
89	3539	7811	2019-12-16 00:00:00	10:00:00	12:00:00	2019-12-09 00:00:00	10:00:00	12:00:00	2019-12-02 00:00:00	10:00:00	12:00:00	date3	2019-09-16 12:50:52	2019-09-12 13:56:11	\N	\N
72	3506	10944	2020-03-18 00:00:00	13:00:00	15:00:00	2020-03-25 00:00:00	13:00:00	15:00:00	2020-04-01 00:00:00	13:00:00	15:00:00	date1	2019-09-17 16:42:38	2019-09-10 19:53:22	\N	\N
102	3559	2468	2019-12-09 00:00:00	10:00:00	16:00:00	2019-12-12 00:00:00	08:00:00	12:00:00	2019-12-10 00:00:00	09:00:00	13:00:00	non	2019-09-18 17:43:11	2019-09-12 18:52:00	Desolee mais je n'ai pas de disponibilite, cdt\r\nCatherine Stoffel	\N
59	3426	10189	2020-04-27 00:00:00	08:00:00	08:00:00	2020-04-28 00:00:00	08:00:00	08:00:00	2020-04-29 00:00:00	08:00:00	08:00:00	\N	\N	2019-09-10 05:39:29	\N	2019-09-19 17:49:41
257	3775	\N	2019-11-15 00:00:00	11:00:00	13:00:00	2019-11-22 00:00:00	11:00:00	13:00:00	2019-11-29 00:00:00	11:00:00	13:00:00	\N	\N	2019-09-30 01:40:37	\N	\N
258	3776	\N	2019-12-12 00:00:00	14:00:00	17:00:00	2019-12-13 00:00:00	09:00:00	12:00:00	2019-12-19 00:00:00	14:00:00	17:00:00	\N	\N	2019-09-30 15:57:00	\N	\N
260	3778	\N	2019-12-09 00:00:00	11:00:00	12:00:00	2020-01-20 00:00:00	11:00:00	12:00:00	2020-02-03 00:00:00	11:00:00	12:00:00	\N	\N	2019-09-30 17:16:42	\N	\N
263	3781	\N	2019-11-15 00:00:00	14:30:00	15:30:00	2019-12-06 00:00:00	14:00:00	15:30:00	2020-02-07 00:00:00	14:30:00	15:30:00	\N	\N	2019-09-30 19:05:07	\N	\N
251	3378	9961	2019-11-08 00:00:00	13:30:00	15:30:00	2019-11-22 00:00:00	13:30:00	15:30:00	2019-12-06 00:00:00	13:30:00	15:30:00	date3	2019-10-02 11:45:50	2019-09-29 13:15:12	\N	\N
252	3770	7817	2019-12-03 00:00:00	14:00:00	17:00:00	2019-12-05 00:00:00	09:00:00	12:00:00	2019-12-10 00:00:00	14:00:00	17:00:00	date3	2019-09-30 08:38:46	2019-09-29 14:12:04	\N	\N
261	3779	\N	2019-11-12 00:00:00	08:00:00	10:00:00	2019-11-25 00:00:00	08:00:00	10:00:00	2019-12-09 00:00:00	08:00:00	10:00:00	date1	\N	2019-09-30 17:18:56	\N	\N
244	3763	\N	2019-11-08 00:00:00	08:00:00	11:00:00	2019-11-15 00:00:00	08:00:00	11:00:00	2019-11-29 00:00:00	08:00:00	11:00:00	date1	\N	2019-09-28 09:59:23	\N	\N
355	3866	\N	2019-11-13 00:00:00	11:00:00	12:00:00	2019-11-20 00:00:00	11:00:00	12:00:00	2019-11-27 00:00:00	11:00:00	12:00:00	date1	\N	2019-10-11 10:55:49	\N	\N
234	3754	\N	2019-11-06 00:00:00	08:30:00	11:00:00	2019-11-13 00:00:00	08:30:00	11:00:00	2019-11-20 00:00:00	08:30:00	11:00:00	date1	\N	2019-09-26 16:39:02	\N	\N
364	3508	\N	2019-11-20 00:00:00	10:00:00	12:00:00	2019-11-27 00:00:00	10:00:00	12:00:00	2019-12-04 00:00:00	10:00:00	12:00:00	date1	\N	2019-10-13 13:05:51	\N	\N
377	3884	\N	2020-01-10 00:00:00	08:00:00	08:00:00	2020-01-17 00:00:00	08:00:00	08:00:00	2020-01-24 00:00:00	08:00:00	08:00:00	date1	\N	2019-10-15 13:04:27	\N	\N
370	3877	8927	2020-03-23 00:00:00	14:00:00	18:00:00	2020-03-26 00:00:00	08:00:00	08:00:00	2020-03-27 00:00:00	08:00:00	08:00:00	date1	2019-11-08 16:09:27	2019-10-14 10:14:29	\N	\N
155	3663	9963	2020-02-28 00:00:00	11:00:00	12:30:00	2020-03-06 00:00:00	10:00:00	12:00:00	2020-03-13 00:00:00	10:00:00	12:00:00	date1	2020-01-14 11:23:09	2019-09-17 09:38:03	\N	2019-09-23 12:01:08
103	3560	4050	2020-01-06 00:00:00	10:00:00	16:00:00	2020-01-07 00:00:00	09:00:00	13:00:00	2020-01-09 00:00:00	08:00:00	12:00:00	date1	2019-09-12 20:00:48	2019-09-12 18:54:08	\N	\N
115	3563	6804	2020-01-20 00:00:00	10:00:00	16:00:00	2020-01-21 00:00:00	09:00:00	13:00:00	2020-01-23 00:00:00	08:00:00	12:00:00	date2	2019-09-13 07:22:34	2019-09-12 19:03:13	\N	\N
121	3569	2556	2020-01-08 00:00:00	14:00:00	16:00:00	2021-02-04 00:00:00	14:00:00	16:00:00	2020-03-17 00:00:00	14:00:00	16:00:00	date1	2019-09-13 07:54:08	2019-09-12 20:21:20	\N	\N
205	3724	\N	2019-11-21 00:00:00	11:00:00	12:00:00	2019-11-25 00:00:00	08:00:00	09:00:00	2019-11-26 00:00:00	08:00:00	10:00:00	\N	\N	2019-09-21 16:48:15	\N	\N
140	3633	5661	2019-11-12 00:00:00	16:00:00	17:00:00	2019-11-19 00:00:00	16:00:00	17:00:00	2019-11-26 00:00:00	16:00:00	17:00:00	autre	2019-09-21 12:27:58	2019-09-15 17:39:17	\N	2019-09-21 12:01:16
142	3643	8466	2019-12-10 00:00:00	13:00:00	15:00:00	2019-12-12 00:00:00	14:00:00	16:00:00	2019-12-13 00:00:00	08:00:00	10:00:00	autre	\N	2019-09-16 08:12:38	\N	2019-09-22 12:01:06
117	2689	6900	2019-11-04 00:00:00	10:00:00	16:00:00	2019-11-05 00:00:00	09:00:00	13:00:00	2019-11-07 00:00:00	08:00:00	12:00:00	non	2019-09-13 09:04:19	2019-09-12 19:07:00	Bonjour,\r\nMerci pour votre demande mais je suis ingénieur en informatique et pas du tout dans le domaine de la mécanique aviation.\r\nCordialement,\r\nPierre Girard	\N
118	2687	6768	2019-11-04 00:00:00	10:00:00	16:00:00	2019-11-05 00:00:00	09:00:00	13:00:00	2019-11-07 00:00:00	08:00:00	12:00:00	date2	2019-09-13 10:52:00	2019-09-12 19:08:10	\N	\N
225	3744	\N	2019-11-06 00:00:00	10:30:00	12:00:00	2019-11-07 00:00:00	14:00:00	15:30:00	2019-11-13 00:00:00	10:30:00	12:00:00	date1	\N	2019-09-25 22:56:20	\N	\N
230	3749	9960	2020-02-04 00:00:00	15:00:00	17:00:00	2020-02-27 00:00:00	10:00:00	12:00:00	2020-03-06 00:00:00	10:00:00	12:00:00	date2	2019-09-26 14:55:28	2019-09-26 11:26:25	\N	\N
146	3597	2351	2019-11-15 00:00:00	14:30:00	16:30:00	2019-12-13 00:00:00	14:30:00	16:30:00	2020-01-10 00:00:00	14:30:00	16:30:00	date1	2019-09-25 10:48:11	2019-09-16 13:10:38	\N	2019-09-22 12:01:10
138	3627	9885	2020-05-26 00:00:00	16:30:00	17:30:00	2020-06-09 00:00:00	16:30:00	17:30:00	2020-05-12 00:00:00	16:30:00	17:30:00	date1	\N	2019-09-15 09:14:57	\N	2019-09-21 12:01:15
125	3587	9945	2019-10-14 00:00:00	09:00:00	10:00:00	2019-11-13 00:00:00	10:00:00	11:00:00	2019-11-18 00:00:00	09:00:00	10:00:00	non	2019-09-13 18:33:40	2019-09-13 09:22:57	Le collège est trop loin.	\N
148	3649	7824	2019-11-15 00:00:00	14:30:00	16:30:00	2019-12-13 00:00:00	14:30:00	16:30:00	2020-01-10 00:00:00	14:30:00	16:30:00	autre	\N	2019-09-16 13:14:03	\N	\N
144	3647	10241	2019-11-21 00:00:00	10:00:00	12:00:00	2019-11-28 00:00:00	10:00:00	12:00:00	2019-12-05 00:00:00	10:00:00	12:00:00	\N	\N	2019-09-16 11:02:27	\N	2019-09-22 12:01:09
132	3613	9907	2020-03-24 00:00:00	14:00:00	16:00:00	2020-03-27 00:00:00	09:00:00	11:00:00	2020-03-26 00:00:00	09:00:00	12:00:00	date1	\N	2019-09-14 10:42:12	\N	2019-09-20 12:01:08
838	4236	9982	2020-04-03 00:00:00	09:00:00	12:00:00	2020-04-03 00:00:00	09:00:00	12:00:00	2020-04-03 00:00:00	09:00:00	12:00:00	autre	2020-03-04 17:19:10	2020-03-04 14:52:01	\N	\N
145	3598	10050	2019-11-15 00:00:00	14:30:00	16:30:00	2019-12-13 00:00:00	14:30:00	16:30:00	2020-01-10 00:00:00	14:30:00	16:30:00	date1	\N	2019-09-16 13:06:57	\N	2019-09-22 12:01:10
147	3649	7824	2019-11-15 00:00:00	14:30:00	16:30:00	2019-12-13 00:00:00	14:30:00	16:30:00	2020-01-10 00:00:00	14:30:00	16:30:00	autre	\N	2019-09-16 13:13:47	\N	\N
159	3666	7816	2019-09-17 10:21:38	14:00:00	17:00:00	2019-09-17 10:21:38	14:00:00	16:00:00	2019-09-17 10:21:38	09:30:00	11:30:00	autre	2019-09-17 10:24:25	2019-09-17 10:21:38	\N	\N
139	3631	12893	2019-11-15 00:00:00	15:30:00	16:30:00	2019-11-29 00:00:00	15:30:00	16:30:00	2019-12-13 00:00:00	15:30:00	16:30:00	date3	2019-10-08 15:12:26	2019-09-15 17:27:57	\N	2019-09-21 12:01:16
149	3649	7824	2019-11-13 00:00:00	14:30:00	16:30:00	2019-12-13 00:00:00	14:30:00	16:30:00	2020-01-10 00:00:00	14:30:00	16:30:00	autre	2019-09-17 11:40:15	2019-09-16 13:14:11	La classe de 3 eme ne correspond pas à ce que j'avais sélectionné comme niveau. Cordialement	\N
158	3665	9817	2020-01-16 00:00:00	14:00:00	16:00:00	2020-01-23 00:00:00	14:00:00	16:00:00	2020-01-30 00:00:00	14:00:00	16:00:00	date3	2019-09-17 20:32:49	2019-09-17 09:48:55	\N	\N
154	3661	10089	2020-01-20 00:00:00	14:00:00	16:00:00	2020-01-23 00:00:00	10:00:00	12:00:00	2020-01-27 00:00:00	14:00:00	16:00:00	date2	2019-09-17 21:28:12	2019-09-17 09:33:50	\N	\N
161	3670	13096	2019-11-04 00:00:00	08:00:00	10:00:00	2019-11-18 00:00:00	08:00:00	10:00:00	2019-11-07 00:00:00	14:00:00	16:00:00	date1	2019-09-18 10:09:27	2019-09-17 11:54:58	\N	\N
152	3659	10493	2019-11-14 00:00:00	08:30:00	11:30:00	2019-11-21 00:00:00	08:30:00	11:30:00	2019-11-28 00:00:00	08:30:00	11:30:00	date3	2019-09-18 10:14:38	2019-09-16 23:12:11	\N	\N
156	3662	13044	2019-11-13 00:00:00	11:30:00	12:30:00	2019-11-20 00:00:00	11:30:00	12:30:00	2019-11-25 00:00:00	10:30:00	11:30:00	autre	2019-09-19 12:18:48	2019-09-17 09:40:23	\N	\N
153	3660	9978	2019-11-12 00:00:00	14:00:00	17:00:00	2019-11-25 00:00:00	14:00:00	17:00:00	2019-11-26 00:00:00	14:00:00	17:00:00	date2	2019-09-19 12:51:10	2019-09-17 08:55:24	\N	\N
111	3562	6797	2020-01-20 00:00:00	10:00:00	16:00:00	2020-01-21 00:00:00	09:00:00	13:00:00	2020-01-23 00:00:00	08:00:00	12:00:00	\N	\N	2019-09-12 19:00:55	\N	2019-09-19 17:49:57
135	3620	9961	2019-12-02 00:00:00	10:00:00	12:00:00	2019-11-04 00:00:00	10:00:00	10:00:00	2019-11-18 00:00:00	10:00:00	12:00:00	date2	2019-09-19 19:18:29	2019-09-14 17:07:26	\N	\N
209	3728	\N	2020-01-07 00:00:00	14:00:00	16:00:00	2020-01-14 00:00:00	14:00:00	16:00:00	2020-01-21 00:00:00	14:00:00	16:00:00	\N	\N	2019-09-22 21:15:10	\N	\N
133	3615	3671	2019-11-25 00:00:00	10:00:00	12:00:00	2019-12-02 00:00:00	10:00:00	12:00:00	2019-12-09 00:00:00	10:00:00	12:00:00	date1	\N	2019-09-14 10:46:14	\N	2019-09-20 12:01:09
134	3619	9945	2019-11-06 00:00:00	08:00:00	12:00:00	2019-11-20 00:00:00	08:00:00	12:00:00	2019-12-04 00:00:00	08:00:00	12:00:00	date1	\N	2019-09-14 16:54:30	\N	2019-09-20 12:01:09
143	3645	12949	2020-01-29 00:00:00	12:30:00	14:00:00	2020-02-05 00:00:00	12:30:00	14:00:00	2020-01-22 00:00:00	12:30:00	14:00:00	date1	\N	2019-09-16 10:46:46	\N	2019-09-22 12:01:07
141	3642	267	2019-12-03 00:00:00	13:00:00	15:00:00	2019-12-05 00:00:00	14:00:00	16:00:00	2019-12-06 00:00:00	08:00:00	10:00:00	autre	2019-09-16 09:55:54	2019-09-16 08:09:34	Bonjour,\r\nLa demande ne correspond pas à mon profil : je fais des présentations des métiers de l'informatique mais je ne travaille pas dans la gestion/finance.\r\n\r\nCordialement,\r\n\r\nYves Fossé	\N
131	3608	10441	2019-12-02 00:00:00	10:00:00	12:00:00	2019-12-09 00:00:00	10:00:00	12:00:00	2019-11-25 00:00:00	10:00:00	12:00:00	date1	2019-09-20 12:08:09	2019-09-14 10:39:05	\N	2019-09-20 12:01:07
201	3720	10009	2019-11-13 00:00:00	09:00:00	10:00:00	2019-11-14 00:00:00	14:00:00	15:00:00	2019-11-19 00:00:00	09:00:00	10:00:00	date1	2019-09-23 08:01:02	2019-09-21 10:53:24	\N	\N
150	3509	12750	2019-11-05 00:00:00	09:00:00	10:00:00	2019-12-03 00:00:00	09:00:00	10:00:00	2019-12-17 00:00:00	09:00:00	10:00:00	date3	2019-09-23 08:16:27	2019-09-16 17:13:41	\N	2019-09-22 12:01:10
151	3657	2550	2019-11-20 00:00:00	15:00:00	17:00:00	2019-11-27 00:00:00	15:00:00	17:00:00	2019-12-11 00:00:00	15:00:00	17:00:00	date1	\N	2019-09-16 21:16:14	\N	2019-09-22 12:01:10
93	3540	7810	2019-11-06 00:00:00	10:00:00	12:00:00	2019-11-20 00:00:00	10:00:00	12:00:00	2019-11-27 00:00:00	10:00:00	12:00:00	non	2019-09-17 12:56:18	2019-09-12 13:59:33	Bonjour,\r\n\r\nMalheureusement, je n'ai actuellement pas les disponibilités pour intervenir. Je désactive d'ailleurs mon profil. Bon courage pour vos recherches !\r\n\r\n  Christophe.	\N
157	3664	90	2019-11-06 00:00:00	11:30:00	12:30:00	2019-12-18 00:00:00	11:30:00	12:30:00	2020-01-20 00:00:00	10:30:00	11:30:00	date3	2019-09-24 11:21:38	2019-09-17 09:48:06	\N	2019-09-23 12:01:08
136	3621	7740	2019-09-14 00:00:00	09:00:00	11:00:00	2019-09-14 00:00:00	09:00:00	11:00:00	2019-09-14 00:00:00	09:00:00	11:00:00	date1	\N	2019-09-14 17:26:54	\N	2019-09-20 12:01:11
220	3738	13078	2019-10-30 00:00:00	08:00:00	08:00:00	2019-10-31 00:00:00	08:00:00	08:00:00	2019-10-30 00:00:00	08:00:00	08:00:00	non	2019-09-25 12:54:37	2019-09-25 12:44:21	test	\N
609	4036	15671	2020-02-12 00:00:00	11:00:00	12:00:00	2020-03-09 00:00:00	08:00:00	09:00:00	2020-01-15 00:00:00	10:00:00	12:00:00	\N	\N	2019-11-13 16:33:17	\N	2019-11-19 12:01:23
459	3920	12901	2019-11-27 00:00:00	08:00:00	12:00:00	2019-12-04 00:00:00	08:00:00	12:00:00	2019-12-11 00:00:00	08:00:00	12:00:00	date1	\N	2019-10-22 12:16:55	\N	2019-10-28 12:01:19
250	3769	10442	2019-11-08 00:00:00	13:30:00	15:30:00	2019-11-22 00:00:00	13:30:00	15:30:00	2019-12-06 00:00:00	13:30:00	15:30:00	date3	2019-11-20 17:05:42	2019-09-29 13:06:41	\N	2019-10-11 12:01:41
217	3735	\N	2019-11-12 00:00:00	10:00:00	12:00:00	2019-11-14 00:00:00	10:00:00	12:00:00	2019-11-15 00:00:00	10:00:00	12:00:00	date1	\N	2019-09-24 16:56:19	\N	\N
196	3715	\N	2019-11-18 00:00:00	08:00:00	12:00:00	2019-12-16 00:00:00	08:00:00	12:00:00	2019-11-08 00:00:00	13:30:00	16:30:00	date1	\N	2019-09-21 09:16:45	\N	\N
22	3438	7793	2019-11-27 00:00:00	12:00:00	13:00:00	2019-12-04 00:00:00	12:00:00	13:00:00	2019-12-11 00:00:00	12:00:00	13:00:00	date2	2019-10-23 12:48:37	2019-09-05 16:03:51	\N	2019-09-19 17:49:37
12	3405	13112	2019-09-26 00:00:00	08:00:00	08:00:00	2019-09-26 00:00:00	08:00:00	08:00:00	2019-09-26 00:00:00	08:00:00	08:00:00	date1	\N	2019-08-21 15:04:32	\N	2019-09-19 17:49:33
10	3400	69	2019-10-14 00:00:00	08:00:00	17:00:00	2019-10-15 00:00:00	08:00:00	17:00:00	2019-10-17 00:00:00	08:00:00	17:00:00	date1	\N	2019-08-09 15:44:11	\N	2019-09-19 17:49:32
610	4037	\N	2020-01-10 00:00:00	13:00:00	17:00:00	2020-01-17 00:00:00	13:00:00	17:00:00	2020-01-23 00:00:00	13:00:00	17:00:00	date1	\N	2019-11-13 17:37:46	\N	\N
166	3681	2468	2020-02-05 00:00:00	09:00:00	17:00:00	2020-02-13 00:00:00	09:00:00	17:00:00	2020-03-03 00:00:00	13:00:00	16:00:00	date3	2019-09-18 17:46:32	2019-09-17 20:47:07	\N	\N
172	3694	13113	2019-10-21 00:00:00	08:00:00	08:00:00	2019-10-21 00:00:00	08:00:00	08:00:00	2019-10-21 00:00:00	08:00:00	08:00:00	date1	2019-09-21 09:06:42	2019-09-19 12:28:21	\N	\N
173	3695	\N	2020-05-05 00:00:00	14:00:00	15:30:00	2020-12-17 00:00:00	14:00:00	15:30:00	2020-02-11 00:00:00	14:00:00	15:30:00	date1	\N	2019-09-19 12:39:54	\N	\N
167	3683	10169	2019-11-26 00:00:00	08:30:00	10:00:00	2019-12-10 00:00:00	08:30:00	10:00:00	2020-01-07 00:00:00	08:30:00	10:00:00	date1	\N	2019-09-18 09:52:03	\N	2019-09-24 12:01:05
174	3696	\N	2019-11-05 00:00:00	09:00:00	16:00:00	2019-11-19 00:00:00	09:00:00	16:00:00	2020-01-07 00:00:00	09:00:00	16:00:00	date1	\N	2019-09-19 12:47:39	\N	\N
27	3445	7820	2020-01-10 00:00:00	09:00:00	13:30:00	2019-11-15 00:00:00	09:00:00	13:30:00	2019-11-08 00:00:00	09:00:00	13:30:00	date1	\N	2019-09-06 10:41:16	\N	2019-09-19 17:49:39
64	3485	10253	2020-02-10 00:00:00	10:00:00	12:00:00	2020-03-09 00:00:00	10:00:00	12:00:00	2020-03-16 00:00:00	10:00:00	12:00:00	date3	2019-09-23 10:38:16	2019-09-10 09:16:33	\N	2019-09-19 17:49:42
96	3547	5727	2019-11-12 00:00:00	14:30:00	16:30:00	2020-01-14 00:00:00	14:30:00	16:30:00	2020-03-10 00:00:00	14:00:00	16:30:00	date1	\N	2019-09-12 16:13:08	\N	2019-09-19 17:49:51
210	3419	\N	2020-01-07 00:00:00	14:00:00	16:00:00	2020-01-14 00:00:00	14:00:00	16:00:00	2020-01-21 00:00:00	14:00:00	16:00:00	\N	\N	2019-09-23 10:53:20	\N	\N
181	3702	\N	2019-11-19 00:00:00	08:00:00	10:00:00	2019-11-26 00:00:00	08:00:00	10:00:00	2019-12-10 00:00:00	08:00:00	08:00:00	\N	\N	2019-09-19 16:36:15	\N	\N
197	3716	9943	2019-11-19 00:00:00	14:00:00	17:00:00	2019-11-26 00:00:00	14:00:00	17:00:00	2019-12-03 00:00:00	14:00:00	17:00:00	date3	2019-09-23 14:26:02	2019-09-21 09:20:10	\N	\N
175	3697	\N	2019-11-28 00:00:00	14:30:00	15:30:00	2019-11-28 00:00:00	15:30:00	16:30:00	2019-11-28 00:00:00	16:30:00	17:30:00	\N	\N	2019-09-19 13:01:26	\N	\N
13	3409	10244	2019-10-02 00:00:00	13:00:00	16:00:00	2019-10-09 00:00:00	13:00:00	16:00:00	2019-10-16 00:00:00	13:00:00	16:00:00	\N	\N	2019-08-24 13:00:13	\N	2019-09-19 17:49:33
94	3543	112	2020-04-09 00:00:00	09:30:00	11:30:00	2019-11-14 00:00:00	09:30:00	11:30:00	2019-11-21 00:00:00	09:30:00	11:30:00	date1	2020-03-03 09:23:24	2019-09-12 14:18:07	\N	2019-09-19 17:49:51
20	3429	11203	2019-11-07 00:00:00	13:30:00	15:30:00	2019-11-14 00:00:00	13:30:00	15:30:00	2019-11-21 00:00:00	13:30:00	13:30:00	\N	\N	2019-09-03 16:48:58	\N	2019-09-19 17:49:37
21	3432	2604	2020-02-26 00:00:00	08:00:00	09:00:00	2020-02-27 00:00:00	08:00:00	09:00:00	2020-02-28 00:00:00	08:00:00	09:00:00	\N	\N	2019-09-04 11:21:13	\N	2019-09-19 17:49:37
15	3421	74	2019-12-12 00:00:00	13:00:00	14:00:00	2019-12-05 00:00:00	13:00:00	14:00:00	2020-01-09 00:00:00	13:00:00	14:00:00	date1	\N	2019-08-31 10:19:53	\N	2019-09-19 17:49:35
60	3426	10189	2020-04-27 00:00:00	08:00:00	08:00:00	2020-04-28 00:00:00	08:00:00	08:00:00	2020-04-29 00:00:00	08:00:00	08:00:00	\N	\N	2019-09-10 05:39:30	\N	2019-09-19 17:49:41
61	3426	10189	2020-04-27 00:00:00	08:00:00	08:00:00	2020-04-28 00:00:00	08:00:00	08:00:00	2020-04-29 00:00:00	08:00:00	08:00:00	\N	\N	2019-09-10 05:39:32	\N	2019-09-19 17:49:41
178	3687	\N	2019-11-08 00:00:00	09:00:00	11:00:00	2019-11-15 00:00:00	09:00:00	11:00:00	2019-10-19 00:00:00	08:00:00	08:00:00	date1	\N	2019-09-19 15:38:28	\N	\N
75	3498	5731	2019-12-13 00:00:00	14:30:00	16:00:00	2019-12-10 00:00:00	14:30:00	16:00:00	2019-12-10 00:00:00	08:30:00	10:00:00	\N	\N	2019-09-10 22:21:57	\N	2019-09-19 17:49:45
76	3510	269	2019-11-06 00:00:00	10:00:00	12:00:00	2019-11-18 00:00:00	10:00:00	12:00:00	2019-11-20 00:00:00	10:00:00	12:00:00	\N	\N	2019-09-11 01:25:04	\N	2019-09-19 17:49:46
85	3527	12337	2020-02-03 00:00:00	08:00:00	11:00:00	2020-02-10 00:00:00	08:00:00	11:00:00	2020-03-02 00:00:00	08:00:00	11:00:00	\N	\N	2019-09-12 11:31:43	\N	2019-09-19 17:49:49
16	3421	74	2019-12-12 00:00:00	13:00:00	14:00:00	2019-12-05 00:00:00	13:00:00	14:00:00	2020-01-09 00:00:00	13:00:00	14:00:00	date1	\N	2019-08-31 10:19:55	\N	2019-09-19 17:49:35
350	3864	\N	2019-11-14 00:00:00	13:00:00	17:00:00	2019-11-21 00:00:00	13:00:00	17:00:00	2019-12-09 00:00:00	09:00:00	12:00:00	date1	\N	2019-10-10 21:07:17	\N	\N
95	3545	13098	2019-11-01 00:00:00	08:00:00	08:00:00	2019-10-15 00:00:00	08:00:00	08:00:00	2019-10-17 00:00:00	08:00:00	08:00:00	\N	\N	2019-09-12 14:41:09	\N	2019-09-19 17:49:51
70	3502	7805	2020-01-27 00:00:00	15:30:00	16:30:00	2020-02-03 00:00:00	08:00:00	09:00:00	2020-02-10 00:00:00	15:30:00	16:30:00	date1	2019-09-20 07:20:56	2019-09-10 19:46:55	\N	2019-09-19 17:49:43
630	4056	15865	2019-12-20 00:00:00	08:00:00	10:00:00	2020-01-17 00:00:00	14:30:00	16:30:00	2020-01-24 00:00:00	14:30:00	16:30:00	date3	2020-01-15 15:32:04	2019-11-20 19:59:35	\N	\N
19	3428	5829	2019-11-06 00:00:00	08:30:00	09:30:00	2019-11-08 00:00:00	15:00:00	16:00:00	2019-11-15 00:00:00	15:00:00	16:00:00	\N	\N	2019-09-03 16:11:35	\N	2019-09-19 17:49:36
84	3526	185	2019-10-17 00:00:00	15:00:00	17:00:00	2019-11-07 00:00:00	15:00:00	17:00:00	2019-11-14 00:00:00	15:00:00	17:00:00	date1	\N	2019-09-12 10:00:53	\N	2019-09-19 17:49:48
31	3451	293	2019-11-05 00:00:00	15:00:00	17:00:00	2019-11-26 00:00:00	15:00:00	17:00:00	2019-12-10 00:00:00	15:00:00	17:00:00	date2	2019-09-24 09:38:08	2019-09-08 19:26:50	\N	2019-09-19 17:49:40
91	3540	7810	2019-11-06 00:00:00	10:00:00	12:00:00	2019-11-20 00:00:00	10:00:00	12:00:00	2019-11-27 00:00:00	10:00:00	12:00:00	\N	\N	2019-09-12 13:59:29	\N	2019-09-19 17:49:50
92	3540	7810	2019-11-06 00:00:00	10:00:00	12:00:00	2019-11-20 00:00:00	10:00:00	12:00:00	2019-11-27 00:00:00	10:00:00	12:00:00	\N	\N	2019-09-12 13:59:31	\N	2019-09-19 17:49:51
90	3540	12081	2019-11-06 00:00:00	10:00:00	12:00:00	2019-11-20 00:00:00	10:00:00	12:00:00	2019-11-27 00:00:00	10:00:00	12:00:00	\N	\N	2019-09-12 13:59:27	\N	2019-09-19 17:49:50
80	3517	13028	2019-11-14 00:00:00	08:00:00	09:00:00	2019-12-05 00:00:00	08:00:00	09:00:00	2019-12-05 00:00:00	11:00:00	12:00:00	date1	\N	2019-09-11 14:39:31	\N	2019-09-19 17:49:47
179	3700	\N	2020-02-10 00:00:00	13:00:00	15:00:00	2019-12-13 00:00:00	13:00:00	15:00:00	2020-01-09 00:00:00	10:30:00	12:00:00	\N	\N	2019-09-19 15:40:57	\N	\N
87	3535	7807	2020-03-16 00:00:00	10:30:00	12:00:00	2020-03-02 00:00:00	10:30:00	12:00:00	2020-03-30 00:00:00	10:30:00	12:00:00	\N	\N	2019-09-12 13:24:41	\N	2019-09-19 17:49:49
176	3698	13078	2019-10-25 00:00:00	08:00:00	12:00:00	2019-10-25 00:00:00	08:00:00	16:00:00	2019-10-25 00:00:00	08:00:00	16:00:00	non	2019-09-24 17:51:55	2019-09-19 14:34:25	Test de Mme Giletti	\N
169	3690	3690	2019-11-12 00:00:00	08:30:00	10:00:00	2019-11-26 00:00:00	08:30:00	10:00:00	2019-12-10 00:00:00	08:30:00	10:00:00	non	2019-09-24 12:52:10	2019-09-18 19:40:15	Bonjour\r\nJ’ai un nouveau poste depuis septembre qui n’en me permet plus de m’absenter aux horaires de bureau, je mets entre parenthèses ma participation au programme CGenial.	2019-09-24 12:01:06
79	3516	7855	2020-03-12 00:00:00	14:00:00	16:00:00	2020-02-19 00:00:00	14:00:00	16:00:00	2020-05-07 00:00:00	14:00:00	16:00:00	date1	\N	2019-09-11 11:36:42	\N	2019-09-19 17:49:46
213	3650	9888	2020-02-04 00:00:00	14:00:00	15:00:00	2020-02-05 00:00:00	08:00:00	09:00:00	2020-02-07 00:00:00	14:00:00	15:00:00	date1	2019-09-25 09:24:50	2019-09-24 11:54:35	\N	\N
26	3443	10705	2019-12-05 00:00:00	08:30:00	10:30:00	2019-12-12 00:00:00	08:30:00	10:30:00	2019-12-19 00:00:00	08:30:00	10:30:00	autre	2019-09-20 13:50:03	2019-09-06 09:50:04	\N	2019-09-19 17:49:38
168	3689	3975	2019-11-07 00:00:00	15:30:00	17:00:00	2019-11-21 00:00:00	15:30:00	17:00:00	2019-12-05 00:00:00	15:30:00	17:00:00	date3	2019-09-25 13:21:14	2019-09-18 17:52:00	\N	2019-09-24 12:01:06
74	3495	10322	2020-02-14 00:00:00	14:30:00	16:00:00	2020-02-13 00:00:00	08:30:00	10:00:00	2020-02-07 00:00:00	14:30:00	16:00:00	\N	\N	2019-09-10 22:17:33	\N	2019-09-19 17:49:45
226	3745	\N	2020-02-13 00:00:00	13:30:00	16:30:00	2020-02-20 00:00:00	13:30:00	16:30:00	2020-02-06 00:00:00	13:30:00	16:30:00	\N	\N	2019-09-26 10:18:51	\N	\N
231	3750	\N	2019-11-11 00:00:00	10:00:00	12:00:00	2019-11-15 00:00:00	10:00:00	12:00:00	2019-11-18 00:00:00	10:00:00	12:00:00	\N	\N	2019-09-26 12:04:58	\N	\N
14	3410	7809	2019-08-26 00:00:00	08:00:00	09:00:00	2019-08-26 00:00:00	08:00:00	09:00:00	2019-08-26 00:00:00	08:00:00	09:00:00	date1	\N	2019-08-26 17:40:16	\N	2019-09-19 17:49:34
170	3692	\N	2019-12-06 00:00:00	09:00:00	10:00:00	2019-12-20 00:00:00	09:00:00	10:00:00	2019-12-05 00:00:00	09:00:00	10:00:00	date1	\N	2019-09-19 11:30:48	\N	\N
98	3554	10024	2020-02-14 00:00:00	13:30:00	16:30:00	2020-02-14 00:00:00	13:30:00	16:30:00	2020-02-14 00:00:00	13:30:00	16:30:00	date1	\N	2019-09-12 17:44:03	\N	2019-09-19 17:49:52
101	3558	240	2019-12-16 00:00:00	10:00:00	16:00:00	2019-12-19 00:00:00	08:00:00	12:00:00	2019-12-17 00:00:00	09:00:00	11:00:00	\N	\N	2019-09-12 18:50:02	\N	2019-09-19 17:49:53
104	3557	275	2020-01-06 00:00:00	10:00:00	16:00:00	2020-01-07 00:00:00	09:00:00	13:00:00	2020-01-09 00:00:00	08:00:00	12:00:00	\N	\N	2019-09-12 18:56:16	\N	2019-09-19 17:49:53
341	3377	9777	2020-01-21 00:00:00	12:00:00	14:00:00	2020-01-21 00:00:00	08:00:00	10:00:00	2020-01-21 00:00:00	10:00:00	12:00:00	autre	2020-02-04 18:06:34	2019-10-10 13:16:00	\N	\N
106	3562	6797	2020-01-20 00:00:00	10:00:00	16:00:00	2020-01-21 00:00:00	09:00:00	13:00:00	2020-01-23 00:00:00	08:00:00	12:00:00	\N	\N	2019-09-12 19:00:49	\N	2019-09-19 17:49:55
107	3562	6797	2020-01-20 00:00:00	10:00:00	16:00:00	2020-01-21 00:00:00	09:00:00	13:00:00	2020-01-23 00:00:00	08:00:00	12:00:00	\N	\N	2019-09-12 19:00:52	\N	2019-09-19 17:49:56
108	3562	6797	2020-01-20 00:00:00	10:00:00	16:00:00	2020-01-21 00:00:00	09:00:00	13:00:00	2020-01-23 00:00:00	08:00:00	12:00:00	\N	\N	2019-09-12 19:00:53	\N	2019-09-19 17:49:56
109	3562	6797	2020-01-20 00:00:00	10:00:00	16:00:00	2020-01-21 00:00:00	09:00:00	13:00:00	2020-01-23 00:00:00	08:00:00	12:00:00	\N	\N	2019-09-12 19:00:54	\N	2019-09-19 17:49:56
110	3562	6797	2020-01-20 00:00:00	10:00:00	16:00:00	2020-01-21 00:00:00	09:00:00	13:00:00	2020-01-23 00:00:00	08:00:00	12:00:00	\N	\N	2019-09-12 19:00:55	\N	2019-09-19 17:49:57
112	3562	6797	2020-01-20 00:00:00	10:00:00	16:00:00	2020-01-21 00:00:00	09:00:00	13:00:00	2020-01-23 00:00:00	08:00:00	12:00:00	\N	\N	2019-09-12 19:00:56	\N	2019-09-19 17:49:57
113	3562	6797	2020-01-20 00:00:00	10:00:00	16:00:00	2020-01-21 00:00:00	09:00:00	13:00:00	2020-01-23 00:00:00	08:00:00	12:00:00	\N	\N	2019-09-12 19:00:56	\N	2019-09-19 17:49:57
114	3562	6797	2020-01-20 00:00:00	10:00:00	16:00:00	2020-01-21 00:00:00	09:00:00	13:00:00	2020-01-23 00:00:00	08:00:00	12:00:00	\N	\N	2019-09-12 19:00:56	\N	2019-09-19 17:49:58
116	3361	6850	2020-01-27 00:00:00	10:00:00	16:00:00	2020-01-28 00:00:00	09:00:00	13:00:00	2020-01-30 00:00:00	08:00:00	12:00:00	\N	\N	2019-09-12 19:05:07	\N	2019-09-19 17:49:58
119	2651	10237	2019-11-04 00:00:00	10:00:00	16:00:00	2019-11-05 00:00:00	09:00:00	13:00:00	2019-11-07 00:00:00	08:00:00	12:00:00	\N	\N	2019-09-12 19:09:20	\N	2019-09-19 17:49:58
120	3568	9941	2019-12-19 00:00:00	10:00:00	11:30:00	2019-12-19 00:00:00	13:00:00	14:30:00	2019-12-16 00:00:00	10:00:00	11:30:00	\N	\N	2019-09-12 19:40:10	\N	2019-09-19 17:49:59
351	3678	\N	2020-01-14 00:00:00	14:00:00	16:00:00	2020-03-24 00:00:00	14:00:00	16:00:00	2020-02-04 00:00:00	14:00:00	16:00:00	autre	\N	2019-10-11 09:38:19	\N	\N
128	3593	277	2019-11-26 00:00:00	11:00:00	12:00:00	2019-12-10 00:00:00	11:00:00	12:00:00	2019-12-17 00:00:00	11:00:00	12:00:00	\N	\N	2019-09-13 14:38:11	\N	2019-09-19 17:50:02
130	3602	10171	2019-11-22 00:00:00	13:00:00	15:00:00	2020-01-17 00:00:00	13:00:00	15:00:00	2020-01-15 00:00:00	10:00:00	12:00:00	date1	2019-09-19 18:55:04	2019-09-13 23:26:58	\N	2019-09-19 17:50:03
73	3507	10467	2019-10-16 00:00:00	10:00:00	12:00:00	2019-11-06 00:00:00	10:00:00	12:00:00	2019-11-13 00:00:00	10:00:00	12:00:00	date2	2019-09-20 01:01:57	2019-09-10 19:53:44	\N	2019-09-19 17:49:44
626	4052	7844	2020-01-09 00:00:00	09:00:00	12:00:00	2020-01-16 00:00:00	09:00:00	12:00:00	2020-01-23 00:00:00	09:00:00	12:00:00	date1	2019-11-20 18:17:15	2019-11-19 17:58:13	\N	\N
189	3708	\N	2019-10-23 00:00:00	08:00:00	08:00:00	2019-10-30 00:00:00	08:00:00	08:00:00	2019-10-23 00:00:00	08:00:00	08:00:00	\N	\N	2019-09-20 11:24:04	\N	\N
191	3710	\N	2019-11-08 00:00:00	11:30:00	11:30:00	2019-11-22 00:00:00	11:30:00	12:30:00	2019-12-20 00:00:00	11:30:00	12:30:00	\N	\N	2019-09-20 16:24:19	\N	\N
183	3703	15870	2020-03-16 00:00:00	13:30:00	15:00:00	2019-11-21 00:00:00	10:00:00	12:00:00	2019-11-25 00:00:00	10:00:00	12:00:00	date1	2020-01-09 09:13:51	2019-09-19 22:29:02	\N	2019-09-25 12:01:09
126	3590	10063	2019-11-15 00:00:00	10:30:00	11:30:00	2019-11-29 00:00:00	10:30:00	11:30:00	2019-10-18 00:00:00	10:30:00	11:30:00	non	2019-09-23 09:53:42	2019-09-13 12:05:42	Bonjour,\r\nmalheureusement , mon emploi du temps est très chargés jusque la fin de l'année , je ne peux donc répondre favorablement , à votre demande .\r\nBonne chance dans vos recherches.\r\n\r\nCordialement .	2019-09-19 17:50:00
611	4038	13144	2020-01-14 00:00:00	08:00:00	10:00:00	2020-01-28 00:00:00	08:00:00	10:00:00	2020-02-11 00:00:00	08:00:00	10:00:00	autre	2019-11-20 11:39:55	2019-11-13 22:25:12	\N	2019-11-19 12:01:24
187	3706	13150	2020-02-21 00:00:00	12:30:00	14:00:00	2020-03-13 00:00:00	12:30:00	14:00:00	2020-03-20 00:00:00	12:30:00	14:00:00	date3	2019-09-23 11:27:11	2019-09-20 08:53:31	\N	\N
190	3709	\N	2019-12-16 00:00:00	10:00:00	12:00:00	2020-01-27 00:00:00	10:00:00	12:00:00	2020-01-23 00:00:00	15:00:00	17:00:00	date1	\N	2019-09-20 11:39:18	\N	\N
184	3704	10248	2019-10-24 00:00:00	11:00:00	12:00:00	2019-10-31 00:00:00	11:00:00	12:00:00	2019-11-07 00:00:00	11:00:00	12:00:00	\N	\N	2019-09-19 22:39:12	\N	2019-09-25 12:01:09
645	3888	\N	2020-01-20 00:00:00	08:00:00	10:00:00	2020-01-21 00:00:00	14:00:00	16:00:00	2020-01-27 00:00:00	08:00:00	10:00:00	date1	\N	2019-11-25 13:21:38	\N	\N
219	3737	10037	2019-11-04 00:00:00	09:00:00	10:00:00	2019-11-18 00:00:00	09:00:00	10:00:00	2019-12-02 00:00:00	09:00:00	10:00:00	date2	2019-09-25 19:48:35	2019-09-24 22:01:22	\N	\N
17	3422	10035	2019-12-13 00:00:00	08:00:00	12:00:00	2020-03-20 00:00:00	08:00:00	12:00:00	2019-11-01 00:00:00	08:00:00	12:00:00	date2	2019-11-22 16:54:10	2019-08-31 11:40:41	\N	2019-09-19 17:49:36
235	3755	5692	2019-11-19 00:00:00	15:30:00	17:30:00	2019-12-03 00:00:00	15:30:00	17:30:00	2019-12-17 00:00:00	15:30:00	17:30:00	date3	2019-09-27 11:38:46	2019-09-26 17:53:00	\N	\N
239	3758	\N	2019-11-07 00:00:00	15:30:00	17:00:00	2019-11-21 00:00:00	15:30:00	17:00:00	2019-12-05 00:00:00	15:30:00	17:00:00	\N	\N	2019-09-27 13:25:34	\N	\N
122	3579	12226	2019-11-05 00:00:00	08:00:00	10:00:00	2019-11-19 00:00:00	08:00:00	10:00:00	2019-11-03 00:00:00	08:00:00	10:00:00	date1	\N	2019-09-13 08:51:25	\N	2019-09-19 17:49:59
620	4047	97	2019-12-17 00:00:00	08:00:00	10:00:00	2020-01-14 00:00:00	08:00:00	10:00:00	2020-01-21 00:00:00	08:00:00	10:00:00	date2	2019-11-22 12:36:11	2019-11-16 22:23:15	\N	2019-11-22 12:01:21
123	3581	10031	2020-02-06 00:00:00	09:30:00	11:30:00	2019-09-13 00:00:00	09:30:00	11:30:00	2019-09-13 00:00:00	08:00:00	08:00:00	date1	2019-11-23 16:00:47	2019-09-13 08:53:00	\N	2019-09-19 17:49:59
124	3583	12226	2019-12-04 00:00:00	08:00:00	11:00:00	2019-11-27 00:00:00	08:00:00	11:00:00	2019-12-04 00:00:00	08:00:00	11:00:00	date1	2019-10-24 13:27:36	2019-09-13 08:55:12	\N	2019-09-19 17:49:59
188	3707	\N	2019-11-01 00:00:00	08:00:00	09:00:00	2019-11-02 00:00:00	08:00:00	09:00:00	2019-11-03 00:00:00	08:00:00	09:00:00	date1	\N	2019-09-20 10:56:40	\N	\N
245	3764	\N	2019-11-14 00:00:00	08:00:00	12:00:00	2019-11-21 00:00:00	08:00:00	12:00:00	2019-11-28 00:00:00	08:00:00	12:00:00	date1	\N	2019-09-28 14:34:33	\N	\N
631	4057	\N	2019-12-20 00:00:00	08:00:00	10:00:00	2020-01-10 00:00:00	08:00:00	10:00:00	2020-01-17 00:00:00	08:00:00	10:00:00	date1	\N	2019-11-20 20:12:13	\N	\N
256	3774	\N	2019-11-07 00:00:00	10:00:00	11:30:00	2019-11-14 00:00:00	10:00:00	11:30:00	2019-11-21 00:00:00	10:00:00	11:30:00	\N	\N	2019-09-29 19:48:50	\N	\N
186	3705	9973	2019-12-12 00:00:00	13:00:00	15:00:00	2019-12-09 00:00:00	08:00:00	12:00:00	2019-12-10 00:00:00	13:00:00	15:00:00	date3	2019-09-30 09:38:31	2019-09-20 05:54:09	\N	\N
232	3752	\N	2019-10-31 00:00:00	08:00:00	08:00:00	2019-10-31 00:00:00	08:00:00	08:00:00	2019-11-21 00:00:00	08:00:00	08:00:00	\N	\N	2019-09-26 15:33:14	\N	\N
193	3712	12880	2019-11-08 00:00:00	14:00:00	16:00:00	2019-11-15 00:00:00	14:00:00	16:00:00	2019-11-22 00:00:00	14:00:00	16:00:00	autre	2019-10-01 21:01:16	2019-09-20 17:20:02	\N	\N
317	3832	\N	2019-11-18 00:00:00	11:00:00	12:00:00	2019-11-18 00:00:00	11:00:00	12:00:00	2019-12-02 00:00:00	11:00:00	12:00:00	date1	\N	2019-10-08 09:00:01	\N	\N
202	3721	9991	2020-05-11 00:00:00	09:00:00	10:00:00	2020-05-13 00:00:00	09:00:00	10:00:00	2020-05-12 00:00:00	10:00:00	11:00:00	date3	2019-10-03 10:10:12	2019-09-21 12:31:58	\N	\N
254	3772	5658	2019-11-12 00:00:00	14:00:00	14:00:00	2019-12-09 00:00:00	14:00:00	16:00:00	2020-01-07 00:00:00	14:00:00	16:00:00	non	2019-10-03 16:15:48	2019-09-29 15:45:32	raison professionnelle	\N
137	3626	7833	2020-02-04 00:00:00	16:30:00	17:30:00	2020-02-18 00:00:00	16:30:00	17:30:00	2020-03-17 00:00:00	16:30:00	17:30:00	date1	2019-10-09 09:59:17	2019-09-15 09:06:29	\N	2019-09-21 12:01:08
127	3586	10060	2019-11-11 00:00:00	09:00:00	12:00:00	2019-11-18 00:00:00	09:00:00	12:00:00	2019-11-25 00:00:00	09:00:00	12:00:00	date3	2019-11-05 09:34:01	2019-09-13 12:27:42	\N	2019-09-19 17:50:00
214	3732	\N	2020-01-15 00:00:00	09:00:00	10:00:00	2020-01-29 00:00:00	09:00:00	10:00:00	2019-12-18 00:00:00	09:00:00	10:00:00	date1	\N	2019-09-24 16:12:41	\N	\N
641	4064	9982	2020-01-06 00:00:00	08:30:00	10:30:00	2020-01-13 00:00:00	08:30:00	10:30:00	2020-01-20 00:00:00	08:30:00	10:30:00	date3	2019-12-13 14:09:41	2019-11-25 09:06:23	\N	2019-12-01 12:01:19
129	3594	15870	2020-03-12 00:00:00	10:00:00	12:00:00	2020-02-13 00:00:00	10:00:00	12:00:00	2020-03-05 00:00:00	10:00:00	12:00:00	\N	\N	2019-09-13 16:45:30	\N	2019-09-19 17:50:02
637	3628	\N	2019-11-23 00:00:00	08:00:00	08:00:00	2019-11-23 00:00:00	08:00:00	08:00:00	2019-11-23 00:00:00	08:00:00	08:00:00	date1	\N	2019-11-23 16:19:22	\N	\N
99	3554	10024	2020-02-14 00:00:00	13:30:00	16:30:00	2020-02-14 00:00:00	13:30:00	16:30:00	2020-02-14 00:00:00	13:30:00	16:30:00	date1	\N	2019-09-12 17:44:08	\N	2019-09-19 17:49:52
243	3762	\N	2019-12-18 00:00:00	11:00:00	12:00:00	2019-12-04 00:00:00	11:00:00	12:00:00	2019-12-11 00:00:00	11:00:00	12:00:00	date1	\N	2019-09-28 09:28:41	\N	\N
264	3782	\N	2019-11-12 00:00:00	08:00:00	10:00:00	2019-11-21 00:00:00	08:00:00	10:00:00	2019-11-26 00:00:00	15:00:00	17:00:00	\N	\N	2019-09-30 21:01:24	\N	\N
265	3783	\N	2019-11-19 00:00:00	08:00:00	10:00:00	2019-11-22 00:00:00	14:00:00	15:30:00	2019-11-21 00:00:00	14:00:00	15:30:00	\N	\N	2019-09-30 22:35:48	\N	\N
273	3791	9994	2019-11-18 00:00:00	08:30:00	09:30:00	2020-04-06 00:00:00	08:30:00	10:00:00	2019-11-04 00:00:00	08:30:00	09:30:00	date2	2019-11-12 12:06:47	2019-10-01 14:39:21	\N	\N
628	4054	13096	2020-01-09 00:00:00	09:00:00	12:00:00	2020-01-16 00:00:00	09:00:00	12:00:00	2020-01-23 00:00:00	09:00:00	12:00:00	date2	2019-11-22 18:18:49	2019-11-20 14:51:46	\N	\N
268	3786	\N	2019-11-12 00:00:00	13:30:00	14:30:00	2019-11-26 00:00:00	13:30:00	14:30:00	2019-12-10 00:00:00	13:30:00	13:30:00	\N	\N	2019-10-01 09:48:00	\N	\N
314	3829	11103	2019-11-14 00:00:00	14:30:00	16:30:00	2019-12-12 00:00:00	14:30:00	16:30:00	2020-01-09 00:00:00	14:30:00	16:30:00	date2	2019-10-13 18:50:28	2019-10-07 20:41:40	\N	2019-10-13 12:01:19
302	3817	129	2019-12-20 00:00:00	10:00:00	12:00:00	2019-12-16 00:00:00	09:00:00	10:00:00	2020-01-13 00:00:00	08:00:00	09:00:00	date1	2019-11-14 11:07:08	2019-10-07 15:03:16	\N	\N
835	3027	12105	2020-03-03 16:22:04	\N	\N	2020-03-03 16:22:04	\N	\N	2020-03-03 16:22:04	\N	\N	\N	\N	2020-03-03 16:22:04	\N	2020-03-10 12:01:06
292	3808	9979	2020-01-15 00:00:00	13:30:00	15:30:00	2020-02-05 00:00:00	13:30:00	15:30:00	2020-02-12 00:00:00	13:30:00	15:30:00	date1	2019-10-25 16:52:26	2019-10-04 13:37:38	\N	\N
267	3785	10260	2019-11-05 00:00:00	14:30:00	15:30:00	2019-11-12 00:00:00	14:30:00	15:30:00	2019-11-19 00:00:00	14:30:00	15:30:00	non	2019-10-01 17:10:04	2019-10-01 09:40:43	Je voudrais intervenir en Lycée exclusivement	\N
274	3792	\N	2019-12-17 00:00:00	15:00:00	17:00:00	2019-12-18 00:00:00	15:00:00	17:00:00	2019-12-16 00:00:00	16:00:00	18:00:00	\N	\N	2019-10-01 17:19:06	\N	\N
300	3447	4026	2019-12-13 00:00:00	15:00:00	16:00:00	2019-12-06 00:00:00	15:00:00	16:00:00	2020-01-10 00:00:00	15:00:00	16:00:00	date1	\N	2019-10-07 12:59:55	\N	2019-10-13 12:01:18
306	3821	7795	2019-11-07 00:00:00	08:00:00	10:00:00	2019-11-14 00:00:00	08:00:00	08:00:00	2019-11-21 00:00:00	08:00:00	10:00:00	date3	2019-10-13 16:04:18	2019-10-07 17:00:46	\N	2019-10-13 12:01:18
281	3798	\N	2019-12-12 00:00:00	08:00:00	12:00:00	2020-01-09 00:00:00	08:00:00	12:00:00	2020-02-06 00:00:00	08:00:00	12:00:00	autre	\N	2019-10-03 09:42:51	\N	\N
280	3652	\N	2019-11-26 00:00:00	10:00:00	11:30:00	2020-02-11 00:00:00	13:00:00	16:00:00	2020-03-31 00:00:00	10:00:00	11:30:00	\N	\N	2019-10-02 16:43:56	\N	\N
278	3796	10939	2019-11-07 00:00:00	13:00:00	15:00:00	2019-11-14 00:00:00	13:00:00	15:00:00	2019-11-21 00:00:00	15:00:00	16:00:00	date3	2019-10-31 14:11:36	2019-10-02 13:48:08	\N	\N
283	3800	\N	2020-01-13 00:00:00	09:00:00	11:00:00	2020-02-03 00:00:00	09:00:00	11:00:00	2020-03-02 00:00:00	09:00:00	11:00:00	\N	\N	2019-10-03 10:05:35	\N	\N
284	3801	\N	2019-11-18 00:00:00	13:30:00	16:30:00	2019-11-25 00:00:00	13:30:00	16:30:00	2019-12-02 00:00:00	13:30:00	16:30:00	\N	\N	2019-10-03 11:26:48	\N	\N
616	4043	10053	2020-03-03 00:00:00	14:30:00	16:30:00	2020-03-06 00:00:00	13:30:00	15:30:00	2020-03-10 00:00:00	14:30:00	16:30:00	date1	\N	2019-11-14 20:14:48	\N	\N
286	3803	\N	2019-11-12 00:00:00	09:00:00	10:00:00	2019-11-19 00:00:00	09:00:00	10:00:00	2019-11-26 00:00:00	09:00:00	10:00:00	\N	\N	2019-10-03 13:56:58	\N	\N
287	3804	\N	2019-12-06 00:00:00	13:30:00	15:30:00	2019-12-06 00:00:00	13:30:00	15:30:00	2019-12-06 00:00:00	13:30:00	15:30:00	\N	\N	2019-10-03 18:48:50	\N	\N
275	3793	\N	2019-12-03 00:00:00	08:30:00	11:30:00	2019-12-10 00:00:00	08:30:00	11:30:00	2020-01-07 00:00:00	08:30:00	11:30:00	date1	\N	2019-10-02 09:47:30	\N	\N
290	3806	\N	2020-03-19 00:00:00	13:00:00	15:00:00	2020-01-23 00:00:00	13:00:00	15:00:00	2020-04-02 00:00:00	13:00:00	15:00:00	date1	\N	2019-10-04 08:55:43	\N	\N
282	3799	11224	2020-01-16 00:00:00	15:00:00	17:00:00	2020-02-11 00:00:00	15:00:00	17:00:00	2020-03-03 00:00:00	15:00:00	17:00:00	date1	2019-10-04 09:52:34	2019-10-03 09:43:16	\N	\N
309	3824	5570	2019-12-20 00:00:00	09:00:00	10:00:00	2019-12-19 00:00:00	09:00:00	10:00:00	2019-12-17 00:00:00	09:00:00	10:00:00	date1	\N	2019-10-07 18:15:07	\N	2019-10-13 12:01:19
291	3807	2509	2019-12-05 00:00:00	09:00:00	11:00:00	2019-12-05 00:00:00	09:00:00	11:00:00	2019-12-05 00:00:00	09:00:00	11:00:00	date1	2019-10-04 13:12:37	2019-10-04 13:03:19	\N	\N
296	3812	\N	2019-12-02 00:00:00	13:00:00	14:00:00	2020-01-14 00:00:00	13:00:00	14:00:00	2020-03-12 00:00:00	13:00:00	14:00:00	date1	\N	2019-10-04 17:32:29	\N	\N
294	3810	13078	2019-11-05 00:00:00	14:00:00	15:00:00	2019-11-07 00:00:00	14:00:00	09:00:00	2019-11-07 00:00:00	08:00:00	08:00:00	date2	2019-10-04 15:14:02	2019-10-04 15:13:31	\N	\N
293	3809	13078	2019-11-07 00:00:00	08:00:00	08:00:00	2019-11-05 00:00:00	08:00:00	08:00:00	2019-11-06 00:00:00	08:00:00	08:00:00	date3	2019-10-04 15:23:41	2019-10-04 15:05:13	\N	\N
315	3830	10008	2019-12-13 00:00:00	09:30:00	11:30:00	2020-01-14 00:00:00	08:30:00	10:30:00	2020-03-20 00:00:00	09:30:00	11:30:00	date2	2019-10-25 16:25:17	2019-10-08 08:35:56	\N	\N
297	3813	10725	2019-12-02 00:00:00	13:00:00	14:00:00	2020-01-14 00:00:00	13:00:00	14:00:00	2020-03-05 00:00:00	13:00:00	14:00:00	date3	2019-10-04 17:41:45	2019-10-04 17:38:42	\N	\N
298	3814	\N	2019-11-28 00:00:00	11:00:00	12:00:00	2019-12-05 00:00:00	11:00:00	12:00:00	2019-12-19 00:00:00	11:00:00	12:00:00	\N	\N	2019-10-05 11:46:48	\N	\N
643	4066	\N	2020-01-06 00:00:00	10:30:00	12:30:00	2020-01-13 00:00:00	10:30:00	12:30:00	2020-01-20 00:00:00	10:30:00	12:30:00	\N	\N	2019-11-25 09:31:28	\N	\N
299	3815	5789	2019-12-10 00:00:00	14:00:00	16:00:00	2020-01-07 00:00:00	14:00:00	16:00:00	2020-01-20 00:00:00	14:00:00	16:00:00	non	2019-10-07 10:29:06	2019-10-06 17:51:31	Bonjour,\r\nJe ne pense pas être la bonne personne pour cette intervention. Je ne suis pas chef d'entreprise et je ne pourrais pas donner de conseil sur la création d'entreprise.\r\nJe suis chef de projet informatique, je peux parler de mon cursus, de mon travail dans différentes organisation, ...\r\nCdlt.\r\nPN Arcangeli	\N
311	3826	12988	2019-12-19 00:00:00	08:00:00	17:00:00	2019-11-14 00:00:00	08:00:00	09:00:00	2019-11-14 00:00:00	11:00:00	12:00:00	date1	2019-11-06 15:02:52	2019-10-07 18:21:31	\N	\N
301	3816	\N	2019-12-10 00:00:00	13:00:00	14:00:00	2019-11-19 00:00:00	10:00:00	11:00:00	2019-11-19 00:00:00	09:00:00	10:00:00	\N	\N	2019-10-07 13:03:48	\N	\N
304	3819	10065	2019-12-18 00:00:00	10:00:00	12:00:00	2020-01-15 00:00:00	10:00:00	12:00:00	2020-01-29 00:00:00	10:00:00	12:00:00	date3	2019-10-07 16:38:10	2019-10-07 15:52:22	\N	\N
289	3682	8941	2020-03-05 00:00:00	08:30:00	10:30:00	2020-03-12 00:00:00	08:30:00	10:30:00	2020-04-02 00:00:00	08:30:00	10:30:00	date1	2019-10-07 14:08:24	2019-10-03 21:00:23	\N	\N
288	3805	10949	2019-11-27 00:00:00	08:00:00	10:00:00	2019-12-04 00:00:00	08:00:00	10:00:00	2019-12-11 00:00:00	08:00:00	10:00:00	date3	2019-10-07 14:36:27	2019-10-03 19:37:21	\N	\N
271	3789	\N	2019-12-02 00:00:00	08:00:00	11:00:00	2019-12-03 00:00:00	14:00:00	17:00:00	2019-12-10 00:00:00	14:00:00	17:00:00	date1	\N	2019-10-01 10:50:27	\N	\N
276	3794	10202	2019-11-07 00:00:00	15:30:00	16:30:00	2019-11-21 00:00:00	09:30:00	10:30:00	2019-12-05 00:00:00	15:30:00	16:30:00	date2	2019-10-07 14:45:19	2019-10-02 10:45:29	\N	\N
632	4058	\N	2019-11-20 00:00:00	14:00:00	15:00:00	2019-11-20 00:00:00	15:00:00	16:00:00	2019-11-20 00:00:00	15:00:00	16:00:00	date1	\N	2019-11-20 22:16:55	\N	\N
303	3818	\N	2019-12-20 00:00:00	16:00:00	17:00:00	2019-12-11 00:00:00	12:00:00	13:00:00	2019-12-13 00:00:00	16:00:00	17:00:00	\N	\N	2019-10-07 15:14:14	\N	\N
305	3820	284	2020-03-04 00:00:00	10:00:00	13:00:00	2019-11-14 00:00:00	08:00:00	10:00:00	2019-11-21 00:00:00	08:00:00	10:00:00	date1	2020-01-29 09:16:43	2019-10-07 16:58:46	\N	\N
313	3828	\N	2019-12-05 00:00:00	08:30:00	12:30:00	2019-11-26 00:00:00	08:30:00	10:30:00	2019-12-19 00:00:00	08:30:00	12:30:00	date1	\N	2019-10-07 19:00:01	\N	\N
295	3811	\N	2019-12-12 00:00:00	13:30:00	16:00:00	2019-12-19 00:00:00	13:30:00	16:00:00	2019-12-13 00:00:00	09:00:00	12:00:00	date1	\N	2019-10-04 16:53:44	\N	\N
352	3865	16011	2020-03-26 00:00:00	14:30:00	16:00:00	2020-03-13 00:00:00	09:00:00	11:00:00	2020-03-17 00:00:00	15:00:00	17:00:00	date1	2020-02-12 10:57:17	2019-10-11 09:42:54	\N	\N
307	3822	\N	2020-03-06 00:00:00	14:00:00	16:00:00	2020-03-13 00:00:00	14:00:00	16:00:00	2020-03-20 00:00:00	14:00:00	16:00:00	date1	\N	2019-10-07 18:11:28	\N	\N
308	3823	2509	2020-03-06 00:00:00	14:00:00	16:00:00	2020-03-13 00:00:00	14:00:00	16:00:00	2020-03-20 00:00:00	14:00:00	16:00:00	date1	2019-10-07 21:42:00	2019-10-07 18:12:23	\N	\N
312	3827	5355	2019-11-18 00:00:00	10:00:00	12:00:00	2020-01-13 00:00:00	10:00:00	12:00:00	2020-01-20 00:00:00	10:00:00	12:00:00	non	2019-10-08 08:08:15	2019-10-07 18:41:07	Bonjour,\r\n\r\nMerci pour votre solliciation que je dois cependant refuser. La distance de déplacement est un peu trop importante.\r\nJe vous prie de bien vouloir m'en excuser.\r\n\r\nCordialement.	\N
316	3831	\N	2019-11-18 00:00:00	11:00:00	12:00:00	2019-11-25 00:00:00	11:00:00	12:00:00	2019-12-02 00:00:00	11:00:00	12:00:00	\N	\N	2019-10-08 08:58:35	\N	\N
310	3825	10997	2019-11-25 00:00:00	11:00:00	12:00:00	2019-11-18 00:00:00	11:00:00	12:00:00	2019-11-28 00:00:00	17:00:00	18:00:00	autre	2019-10-08 15:17:18	2019-10-07 18:15:16	\N	\N
277	3795	12226	2020-02-05 00:00:00	12:00:00	14:00:00	2020-03-06 00:00:00	08:00:00	12:00:00	2020-04-10 00:00:00	08:00:00	12:00:00	date3	2019-10-09 11:10:04	2019-10-02 12:55:00	\N	\N
332	3848	2521	2019-12-12 00:00:00	13:00:00	15:00:00	2019-12-05 00:00:00	13:00:00	15:00:00	2019-12-19 00:00:00	13:00:00	15:00:00	date2	2019-10-11 07:56:50	2019-10-10 05:26:20	\N	\N
834	4234	15851	2020-03-02 21:37:10	08:30:00	17:00:00	2020-03-02 21:37:10	08:30:00	17:00:00	2020-03-02 21:37:10	08:30:00	17:00:00	date1	2020-03-04 10:46:29	2020-03-02 21:37:10	\N	\N
262	3780	10062	2019-12-09 00:00:00	11:00:00	12:00:00	2020-01-20 00:00:00	11:00:00	12:00:00	2020-02-03 00:00:00	11:00:00	12:00:00	date1	2019-10-11 09:48:10	2019-09-30 17:22:48	\N	\N
228	3747	1364	2020-02-04 00:00:00	13:00:00	14:00:00	2020-02-27 00:00:00	08:00:00	09:00:00	2020-03-06 00:00:00	08:00:00	09:00:00	\N	\N	2019-09-26 11:19:49	\N	2019-10-11 12:01:19
321	3836	9923	2019-12-05 00:00:00	10:30:00	12:00:00	2019-12-12 00:00:00	10:30:00	12:00:00	2019-12-19 00:00:00	10:30:00	12:00:00	date3	2019-10-08 09:59:59	2019-10-08 09:51:38	\N	\N
236	3756	10283	2019-12-05 00:00:00	08:00:00	15:00:00	2019-12-06 00:00:00	08:00:00	15:00:00	2019-11-28 00:00:00	08:00:00	15:00:00	\N	\N	2019-09-27 12:37:56	\N	2019-10-11 12:01:19
253	3771	7803	2019-11-05 00:00:00	14:00:00	16:00:00	2019-11-19 00:00:00	14:00:00	16:00:00	2019-12-17 00:00:00	14:00:00	16:00:00	\N	\N	2019-09-29 15:28:20	\N	2019-10-11 12:01:21
323	3839	9944	2019-12-09 00:00:00	13:00:00	15:00:00	2019-12-16 00:00:00	13:00:00	15:00:00	2020-01-13 00:00:00	13:00:00	15:00:00	date1	2019-10-08 15:47:19	2019-10-08 15:28:07	\N	\N
325	3841	\N	2019-11-08 00:00:00	08:00:00	10:00:00	2019-11-14 00:00:00	10:00:00	12:00:00	2019-12-12 00:00:00	08:00:00	10:00:00	\N	\N	2019-10-08 16:27:17	\N	\N
238	3757	10258	2019-12-05 00:00:00	08:00:00	15:00:00	2019-12-06 00:00:00	08:00:00	15:00:00	2019-11-29 00:00:00	08:00:00	15:00:00	\N	\N	2019-09-27 12:51:20	\N	2019-10-11 12:01:22
36	3457	7783	2019-12-05 00:00:00	10:00:00	11:00:00	2019-12-19 00:00:00	10:00:00	11:00:00	2019-11-21 00:00:00	10:00:00	12:00:00	non	2019-09-09 16:45:21	2019-09-09 11:46:12	Bonjour\r\nEtant désormais basée à Toulouse, je ne peux pas prévoir un déplacement sur Aix en Provence aux dates proposées.	\N
329	3845	\N	2019-12-04 00:00:00	09:00:00	10:00:00	2019-12-11 00:00:00	09:00:00	10:00:00	2019-12-18 00:00:00	09:00:00	10:00:00	\N	\N	2019-10-09 18:38:33	\N	\N
160	3669	7898	2019-11-21 00:00:00	14:00:00	16:00:00	2019-11-21 00:00:00	14:00:00	16:00:00	2019-11-21 00:00:00	14:00:00	16:00:00	autre	2019-11-12 15:34:52	2019-09-17 11:26:06	\N	\N
266	3784	233	2019-11-26 00:00:00	08:00:00	10:00:00	2019-12-03 00:00:00	08:00:00	10:00:00	2019-12-10 00:00:00	08:00:00	10:00:00	date1	2019-11-25 13:29:42	2019-10-01 00:18:01	\N	2019-10-11 12:01:42
333	3849	\N	2019-11-22 00:00:00	11:30:00	12:30:00	2019-12-06 00:00:00	11:30:00	12:30:00	2019-12-20 00:00:00	11:30:00	12:30:00	\N	\N	2019-10-10 07:37:19	\N	\N
322	3838	14412	2019-11-07 00:00:00	08:30:00	10:00:00	2019-11-11 00:00:00	10:30:00	12:00:00	2019-11-14 00:00:00	14:30:00	16:00:00	date1	2019-10-10 09:30:12	2019-10-08 15:00:51	\N	\N
335	3851	10168	2019-11-15 00:00:00	08:00:00	08:00:00	2019-11-29 00:00:00	08:00:00	08:00:00	2019-12-11 00:00:00	08:00:00	08:00:00	date3	2019-10-10 11:03:09	2019-10-10 11:01:26	\N	\N
336	3853	10168	2019-11-20 00:00:00	08:00:00	08:00:00	2019-11-11 00:00:00	08:00:00	08:00:00	2019-11-09 00:00:00	08:00:00	08:00:00	date1	2019-10-10 11:16:44	2019-10-10 11:09:49	\N	\N
227	3746	12986	2019-12-05 00:00:00	09:00:00	11:00:00	2020-01-09 00:00:00	09:00:00	11:00:00	2020-01-16 00:00:00	09:00:00	11:00:00	date1	\N	2019-09-26 11:19:01	\N	2019-10-11 12:01:40
272	3790	13173	2019-12-09 00:00:00	14:00:00	15:00:00	2019-12-09 00:00:00	15:00:00	16:00:00	2019-12-09 00:00:00	16:00:00	17:00:00	date1	\N	2019-10-01 11:14:30	\N	2019-10-11 12:01:43
337	3854	106	2019-12-18 00:00:00	08:00:00	12:00:00	2019-12-20 00:00:00	08:00:00	12:00:00	2019-12-16 00:00:00	08:00:00	12:00:00	date1	2019-10-10 11:41:25	2019-10-10 11:26:14	\N	\N
339	3856	10168	2019-11-22 00:00:00	08:00:00	08:00:00	2019-11-20 00:00:00	08:00:00	08:00:00	2019-11-09 00:00:00	08:00:00	08:00:00	date1	2019-10-10 11:45:26	2019-10-10 11:44:11	\N	\N
285	3802	10054	2019-11-18 00:00:00	13:30:00	16:30:00	2019-11-25 00:00:00	13:30:00	16:30:00	2019-12-02 00:00:00	13:30:00	16:30:00	\N	\N	2019-10-03 11:26:50	\N	2019-10-11 12:01:45
362	3574	\N	2020-05-11 00:00:00	08:00:00	18:00:00	2020-05-12 00:00:00	08:00:00	18:00:00	2020-05-14 00:00:00	08:00:00	18:00:00	\N	\N	2019-10-12 18:29:59	\N	\N
356	3868	10062	2019-11-11 00:00:00	08:00:00	17:00:00	2019-11-12 00:00:00	08:00:00	16:00:00	2019-12-13 00:00:00	08:00:00	17:00:00	non	2019-10-11 12:19:54	2019-10-11 11:40:00	L'etablissement est trop loin.	\N
206	3725	7190	2019-11-04 00:00:00	10:00:00	12:00:00	2019-11-05 00:00:00	10:00:00	12:00:00	2019-11-07 00:00:00	10:00:00	12:00:00	date1	\N	2019-09-22 09:21:17	\N	2019-10-11 12:01:40
324	3840	3396	2020-01-13 00:00:00	16:00:00	18:00:00	2020-01-14 00:00:00	10:00:00	12:00:00	2020-01-16 00:00:00	14:00:00	16:00:00	date1	\N	2019-10-08 15:35:58	\N	2019-10-14 12:01:22
360	3871	7847	2019-11-14 00:00:00	14:00:00	15:00:00	2019-11-21 00:00:00	15:00:00	16:00:00	2019-11-28 00:00:00	14:00:00	15:00:00	date1	2019-10-14 11:02:30	2019-10-11 17:53:45	\N	\N
255	3773	305	2019-11-12 00:00:00	14:00:00	16:00:00	2019-12-03 00:00:00	14:00:00	16:00:00	2019-12-10 00:00:00	14:00:00	16:00:00	date1	\N	2019-09-29 15:55:41	\N	2019-10-11 12:01:21
319	3834	10238	2019-11-14 00:00:00	16:00:00	17:00:00	2019-11-21 00:00:00	16:00:00	17:00:00	2019-11-28 00:00:00	15:00:00	17:00:00	autre	\N	2019-10-08 09:32:05	\N	2019-10-14 12:01:21
380	3564	13006	2019-12-19 00:00:00	15:30:00	17:30:00	2020-01-16 00:00:00	15:30:00	17:30:00	2020-02-27 00:00:00	15:30:00	17:30:00	date1	2019-10-24 14:50:18	2019-10-15 14:24:10	\N	2019-10-21 12:01:22
269	3787	13001	2019-11-12 00:00:00	13:30:00	14:30:00	2019-11-26 00:00:00	13:30:00	14:30:00	2019-12-10 00:00:00	13:30:00	13:30:00	date1	\N	2019-10-01 09:48:03	\N	2019-10-11 12:01:42
326	3842	13077	2020-04-14 00:00:00	08:00:00	16:30:00	2020-05-05 00:00:00	08:00:00	16:30:00	2020-04-03 00:00:00	08:00:00	16:30:00	autre	\N	2019-10-08 20:28:50	\N	2019-10-14 12:01:22
367	3875	9906	2019-11-12 00:00:00	13:30:00	15:30:00	2019-11-19 00:00:00	13:30:00	15:30:00	2019-12-03 00:00:00	13:30:00	15:30:00	date3	2019-10-14 12:12:07	2019-10-13 16:35:48	\N	\N
248	3767	3042	2019-12-05 00:00:00	08:30:00	09:30:00	2019-11-28 00:00:00	09:00:00	10:00:00	2019-12-12 00:00:00	08:00:00	09:00:00	date1	2019-10-14 19:04:45	2019-09-29 07:23:17	\N	2019-10-11 12:01:41
340	3857	\N	2019-12-02 00:00:00	08:30:00	12:00:00	2019-12-05 00:00:00	15:00:00	17:00:00	2019-12-19 00:00:00	15:00:00	17:00:00	date1	\N	2019-10-10 13:05:02	\N	\N
330	3846	10242	2019-11-22 00:00:00	09:00:00	13:00:00	2019-11-19 00:00:00	13:00:00	17:00:00	2019-11-18 00:00:00	08:00:00	13:00:00	date1	\N	2019-10-09 21:57:08	\N	2019-10-15 12:01:19
327	3843	9599	2019-11-22 00:00:00	13:00:00	14:00:00	2019-11-29 00:00:00	13:00:00	14:00:00	2019-12-06 00:00:00	13:00:00	14:00:00	date2	2019-10-15 13:20:43	2019-10-09 11:48:42	\N	2019-10-15 12:01:18
378	3634	7805	2019-12-05 00:00:00	08:00:00	08:00:00	2019-10-15 00:00:00	08:00:00	08:00:00	2019-10-15 00:00:00	08:00:00	08:00:00	date1	2019-10-15 13:39:40	2019-10-15 13:26:37	\N	\N
222	3544	7616	2020-06-09 00:00:00	13:30:00	15:00:00	2020-06-16 00:00:00	13:30:00	15:00:00	2020-05-26 00:00:00	13:30:00	15:00:00	date1	\N	2019-09-25 14:59:50	\N	2019-10-11 12:01:40
198	3717	12913	2019-11-21 00:00:00	14:00:00	17:00:00	2019-11-22 00:00:00	08:00:00	11:00:00	2019-11-22 00:00:00	14:00:00	17:00:00	date1	2019-10-22 12:05:10	2019-09-21 09:36:24	\N	2019-10-11 12:01:23
185	3576	13033	2019-11-20 00:00:00	10:00:00	12:00:00	2019-11-27 00:00:00	10:00:00	12:00:00	2019-12-04 00:00:00	10:00:00	12:00:00	date1	\N	2019-09-20 05:36:15	\N	2019-10-11 12:01:39
372	3879	12182	2020-01-10 00:00:00	14:00:00	16:00:00	2020-01-17 00:00:00	14:00:00	16:00:00	2020-01-31 00:00:00	14:00:00	16:00:00	date2	2019-10-22 08:05:11	2019-10-14 18:29:31	\N	2019-10-20 12:01:26
320	3835	3726	2019-12-12 00:00:00	10:30:00	12:00:00	2019-12-19 00:00:00	10:30:00	12:00:00	2019-12-05 00:00:00	10:30:00	12:00:00	date1	\N	2019-10-08 09:32:07	\N	2019-10-14 12:01:21
365	3599	\N	2019-11-26 00:00:00	13:30:00	16:30:00	2019-12-10 00:00:00	13:30:00	16:30:00	2020-01-07 00:00:00	13:30:00	16:30:00	date1	\N	2019-10-13 14:08:22	\N	\N
218	3736	10052	2020-01-29 00:00:00	08:00:00	12:00:00	2020-02-26 00:00:00	08:00:00	12:00:00	2020-03-11 00:00:00	08:00:00	12:00:00	date1	\N	2019-09-24 21:56:45	\N	2019-10-11 12:01:22
242	3761	10040	2019-12-05 00:00:00	08:00:00	15:00:00	2019-12-06 00:00:00	08:00:00	15:00:00	2019-11-29 00:00:00	08:00:00	15:00:00	date1	\N	2019-09-27 23:57:39	\N	2019-10-11 12:01:20
279	3797	145	2019-11-05 00:00:00	08:00:00	10:00:00	2019-11-08 00:00:00	13:30:00	15:30:00	2019-11-07 00:00:00	13:30:00	15:30:00	date1	\N	2019-10-02 15:05:30	\N	2019-10-11 12:01:44
328	3844	\N	2020-02-04 00:00:00	08:00:00	12:00:00	2020-02-11 00:00:00	08:00:00	12:00:00	2020-02-18 00:00:00	08:00:00	12:00:00	autre	\N	2019-10-09 15:00:49	\N	\N
368	3876	137	2019-11-22 00:00:00	08:30:00	12:00:00	2019-11-22 00:00:00	08:30:00	12:00:00	2019-11-22 00:00:00	08:30:00	12:00:00	date1	2019-11-04 11:53:13	2019-10-13 21:03:05	\N	2019-10-19 12:01:20
246	3765	158	2019-12-06 00:00:00	08:00:00	12:00:00	2019-12-13 00:00:00	08:00:00	12:00:00	2019-12-20 00:00:00	08:00:00	12:00:00	date2	2019-10-31 17:36:44	2019-09-28 18:39:55	\N	2019-10-11 12:01:41
334	3850	13172	2019-11-21 00:00:00	15:00:00	17:00:00	2019-11-28 00:00:00	15:00:00	17:00:00	2019-12-05 00:00:00	15:00:00	17:00:00	date1	\N	2019-10-10 08:36:09	\N	2019-10-16 12:01:22
216	3734	12889	2019-11-12 00:00:00	15:30:00	17:00:00	2019-11-18 00:00:00	10:00:00	11:30:00	2019-11-26 00:00:00	15:30:00	17:00:00	date1	\N	2019-09-24 16:44:13	\N	2019-10-11 12:01:19
342	3423	\N	2019-11-10 00:00:00	08:00:00	08:00:00	2019-11-10 00:00:00	08:00:00	08:00:00	2019-11-10 00:00:00	08:00:00	08:00:00	\N	\N	2019-10-10 13:45:17	\N	\N
363	3873	7617	2020-06-02 00:00:00	13:00:00	15:00:00	2020-06-09 00:00:00	13:00:00	15:00:00	2020-05-26 00:00:00	14:00:00	16:00:00	date1	\N	2019-10-13 11:02:21	\N	2019-10-19 12:01:20
343	3858	\N	2019-12-06 00:00:00	10:00:00	12:00:00	2019-12-13 00:00:00	10:00:00	12:00:00	2019-12-20 00:00:00	10:00:00	12:00:00	\N	\N	2019-10-10 15:09:30	\N	\N
344	3859	\N	2020-02-10 00:00:00	13:00:00	14:00:00	2020-01-27 00:00:00	13:00:00	14:00:00	2020-01-20 00:00:00	13:00:00	14:00:00	\N	\N	2019-10-10 15:17:05	\N	\N
419	3897	\N	2020-01-10 00:00:00	09:30:00	11:00:00	2020-01-10 00:00:00	11:00:00	12:00:00	2020-01-10 00:00:00	13:30:00	15:00:00	date1	\N	2019-10-16 15:07:23	\N	\N
396	3656	\N	2019-10-15 00:00:00	08:00:00	08:00:00	2019-10-15 00:00:00	08:00:00	08:00:00	2019-10-15 00:00:00	08:00:00	08:00:00	date1	\N	2019-10-15 20:41:05	\N	\N
836	4235	\N	2020-04-03 00:00:00	09:00:00	12:00:00	2020-04-03 00:00:00	09:00:00	12:00:00	2020-04-03 00:00:00	09:00:00	12:00:00	\N	\N	2020-03-04 11:32:40	\N	\N
837	4235	\N	2020-04-03 00:00:00	09:00:00	12:00:00	2020-04-03 00:00:00	09:00:00	12:00:00	2020-04-03 00:00:00	09:00:00	12:00:00	\N	\N	2020-03-04 11:32:40	\N	\N
82	3520	10725	2020-01-17 00:00:00	08:00:00	08:00:00	2019-12-13 00:00:00	08:00:00	08:00:00	2020-02-07 00:00:00	08:00:00	10:00:00	non	2019-09-13 11:00:38	2019-09-11 21:11:50	Bonjour, Je  ne peux pas être au lycée à 8:00. \r\nDe plus mon travail est plus du developpement / industrialisaiton,  ma presentation est orientée decouverte des metiers des sciences de l'ingénieur en général et non sur la recherche.\r\nDésolée, j'espère que vous trouverez un interlocuteur qui sera plus en ligne avec vos attentes.	\N
622	3406	\N	2019-11-18 00:00:00	08:00:00	08:00:00	2019-11-18 00:00:00	08:00:00	08:00:00	2019-11-18 00:00:00	08:00:00	08:00:00	date1	\N	2019-11-18 11:51:54	\N	\N
399	3892	10944	2020-01-09 00:00:00	08:00:00	17:30:00	2020-01-10 00:00:00	08:00:00	17:30:00	2020-01-17 00:00:00	08:00:00	17:30:00	date1	2019-10-21 13:28:17	2019-10-16 09:54:13	\N	\N
371	3878	\N	2019-12-09 00:00:00	14:30:00	16:00:00	2019-12-10 00:00:00	09:00:00	10:30:00	2019-11-18 00:00:00	08:30:00	10:00:00	\N	\N	2019-10-14 15:03:11	\N	\N
627	4053	\N	2020-03-19 00:00:00	13:30:00	15:30:00	2020-03-19 00:00:00	13:30:00	15:30:00	2020-03-19 00:00:00	13:30:00	15:30:00	\N	\N	2019-11-20 07:41:13	\N	\N
383	3524	\N	2019-10-15 00:00:00	08:00:00	08:00:00	2019-10-15 00:00:00	08:00:00	08:00:00	2019-10-15 00:00:00	08:00:00	08:00:00	\N	\N	2019-10-15 14:39:19	\N	\N
163	3679	242	2019-11-07 00:00:00	09:00:00	11:00:00	2019-09-17 00:00:00	11:00:00	13:00:00	2019-09-17 00:00:00	10:00:00	12:00:00	date1	2019-11-23 18:59:38	2019-09-17 17:12:51	\N	\N
409	3655	\N	2019-10-16 00:00:00	08:00:00	08:00:00	2019-10-16 00:00:00	08:00:00	08:00:00	2019-10-16 00:00:00	08:00:00	08:00:00	date1	\N	2019-10-16 12:43:40	\N	\N
410	3580	13085	2019-10-16 00:00:00	08:00:00	08:00:00	2019-10-16 00:00:00	08:00:00	08:00:00	2019-10-16 00:00:00	08:00:00	08:00:00	autre	2019-10-22 13:07:18	2019-10-16 12:43:48	\N	2019-10-22 12:01:23
387	3887	10013	2019-12-03 00:00:00	08:00:00	10:00:00	2019-12-10 00:00:00	08:00:00	10:00:00	2019-12-17 00:00:00	08:00:00	10:00:00	date1	2019-10-16 09:43:41	2019-10-15 16:41:43	\N	\N
389	3889	\N	2019-12-03 00:00:00	16:00:00	18:00:00	2019-12-10 00:00:00	16:00:00	18:00:00	2019-12-17 00:00:00	16:00:00	18:00:00	\N	\N	2019-10-15 16:54:04	\N	\N
385	3885	10068	2019-12-19 00:00:00	15:00:00	17:00:00	2019-12-12 00:00:00	15:00:00	17:00:00	2019-12-05 00:00:00	15:00:00	17:00:00	date2	2019-10-15 17:10:21	2019-10-15 16:34:16	\N	\N
384	3413	7833	2020-01-27 00:00:00	16:00:00	17:00:00	2019-12-16 00:00:00	16:00:00	17:00:00	2019-12-19 00:00:00	14:00:00	15:00:00	date1	2019-11-05 16:49:54	2019-10-15 16:00:17	\N	\N
392	3481	\N	2019-10-15 00:00:00	08:00:00	08:00:00	2019-10-15 00:00:00	08:00:00	08:00:00	2019-10-15 00:00:00	08:00:00	08:00:00	\N	\N	2019-10-15 20:21:56	\N	\N
369	3877	\N	2019-11-28 00:00:00	08:00:00	17:00:00	2019-11-30 00:00:00	08:00:00	17:00:00	2020-03-23 00:00:00	08:00:00	17:00:00	autre	\N	2019-10-14 10:02:03	\N	\N
391	3519	\N	2019-10-15 00:00:00	08:00:00	08:00:00	2019-10-15 00:00:00	08:00:00	08:00:00	2019-10-15 00:00:00	08:00:00	08:00:00	date1	\N	2019-10-15 19:04:08	\N	\N
390	3890	\N	2020-03-26 00:00:00	14:00:00	15:30:00	2020-03-27 00:00:00	11:00:00	12:30:00	2020-04-02 00:00:00	14:00:00	15:30:00	date1	\N	2019-10-15 17:23:50	\N	\N
395	3625	\N	2019-10-15 00:00:00	08:00:00	08:00:00	2019-10-15 00:00:00	08:00:00	08:00:00	2019-10-15 00:00:00	08:00:00	08:00:00	date1	\N	2019-10-15 20:39:52	\N	\N
398	3891	\N	2019-11-27 00:00:00	08:00:00	10:00:00	2019-12-11 00:00:00	08:00:00	10:00:00	2019-11-19 00:00:00	14:00:00	15:00:00	\N	\N	2019-10-16 02:02:55	\N	\N
375	3882	13178	2020-02-04 00:00:00	08:00:00	09:30:00	2020-02-11 00:00:00	08:00:00	09:30:00	2020-03-17 00:00:00	08:00:00	09:30:00	date2	2019-10-16 06:54:50	2019-10-14 21:41:37	\N	\N
394	3582	15929	2019-10-15 00:00:00	08:00:00	08:00:00	2019-10-15 00:00:00	08:00:00	08:00:00	2020-02-07 00:00:00	12:30:00	14:00:00	date3	2020-01-24 19:00:45	2019-10-15 20:33:33	\N	\N
373	3880	12913	2019-11-18 00:00:00	08:00:00	10:00:00	2019-11-18 00:00:00	11:00:00	13:00:00	2019-11-22 00:00:00	08:00:00	10:00:00	date2	2019-10-16 10:27:48	2019-10-14 18:36:17	\N	\N
401	3536	\N	2019-10-16 00:00:00	08:00:00	08:00:00	2019-10-16 00:00:00	08:00:00	08:00:00	2019-10-16 00:00:00	08:00:00	08:00:00	\N	\N	2019-10-16 10:50:34	\N	\N
402	3651	\N	2019-10-16 00:00:00	08:00:00	08:00:00	2019-10-16 00:00:00	08:00:00	08:00:00	2019-10-16 00:00:00	08:00:00	08:00:00	\N	\N	2019-10-16 10:52:37	\N	\N
404	3501	\N	2019-10-16 00:00:00	08:00:00	08:00:00	2019-10-16 00:00:00	08:00:00	08:00:00	2019-10-16 00:00:00	08:00:00	08:00:00	\N	\N	2019-10-16 11:12:16	\N	\N
405	3407	\N	2019-10-16 00:00:00	08:00:00	08:00:00	2019-10-16 00:00:00	08:00:00	08:00:00	2019-10-16 00:00:00	08:00:00	08:00:00	\N	\N	2019-10-16 11:12:55	\N	\N
386	3886	12052	2019-12-10 00:00:00	11:00:00	13:00:00	2019-12-10 00:00:00	11:00:00	13:00:00	2019-12-17 00:00:00	11:00:00	13:00:00	\N	\N	2019-10-15 16:37:13	\N	2019-10-21 12:01:22
400	3893	13077	2019-11-22 00:00:00	08:00:00	08:00:00	2019-11-21 00:00:00	08:00:00	08:00:00	2019-11-28 00:00:00	08:00:00	08:00:00	date1	2019-10-16 12:22:00	2019-10-16 10:06:31	\N	\N
414	3604	\N	2019-10-16 12:46:35	\N	\N	2019-10-16 12:46:35	\N	\N	2019-10-16 12:46:35	\N	\N	\N	\N	2019-10-16 12:46:35	\N	\N
379	3374	\N	2019-10-15 00:00:00	08:00:00	08:00:00	2019-10-15 00:00:00	08:00:00	08:00:00	2019-10-15 00:00:00	08:00:00	08:00:00	\N	\N	2019-10-15 14:24:04	\N	\N
381	3567	\N	2019-10-15 00:00:00	08:00:00	08:00:00	2019-10-15 00:00:00	08:00:00	08:00:00	2019-10-15 00:00:00	08:00:00	08:00:00	\N	\N	2019-10-15 14:24:22	\N	\N
418	3362	\N	2019-10-16 15:04:37	\N	\N	2019-10-16 15:04:37	\N	\N	2019-10-16 15:04:37	\N	\N	\N	\N	2019-10-16 15:04:37	\N	\N
417	3896	13078	2019-12-13 00:00:00	08:00:00	09:00:00	2019-11-29 00:00:00	08:00:00	10:00:00	2019-11-19 00:00:00	11:00:00	12:00:00	date1	2019-10-16 15:33:25	2019-10-16 14:37:26	\N	\N
415	3894	1364	2019-11-21 00:00:00	11:00:00	12:00:00	2019-11-28 00:00:00	11:00:00	12:00:00	2019-12-05 00:00:00	11:00:00	12:00:00	date3	2019-10-16 15:58:31	2019-10-16 14:03:59	\N	\N
420	3898	\N	2019-12-05 00:00:00	13:30:00	14:30:00	2020-01-09 00:00:00	13:30:00	14:30:00	2020-02-13 00:00:00	13:30:00	14:30:00	\N	\N	2019-10-16 16:18:32	\N	\N
338	3855	13102	2019-12-16 00:00:00	08:00:00	12:00:00	2019-12-18 00:00:00	08:00:00	12:00:00	2019-12-20 00:00:00	08:00:00	12:00:00	date3	2019-10-17 09:23:34	2019-10-10 11:31:18	\N	2019-10-16 12:01:23
366	3874	\N	2019-12-02 00:00:00	14:00:00	16:00:00	2020-01-13 00:00:00	14:00:00	16:00:00	2020-02-03 00:00:00	14:00:00	16:00:00	date1	\N	2019-10-13 16:24:50	\N	\N
346	3532	\N	2019-11-13 00:00:00	08:00:00	08:00:00	2019-11-21 00:00:00	08:00:00	08:00:00	2019-11-19 00:00:00	08:00:00	08:00:00	autre	2019-10-17 16:01:37	2019-10-10 16:16:07	\N	\N
393	3505	\N	2020-01-15 00:00:00	10:00:00	12:00:00	2020-01-22 00:00:00	10:00:00	12:00:00	2020-01-29 00:00:00	10:00:00	12:00:00	\N	\N	2019-10-15 20:28:43	\N	\N
413	3611	\N	2019-10-16 00:00:00	08:00:00	08:00:00	2019-10-16 00:00:00	08:00:00	08:00:00	2019-10-16 00:00:00	08:00:00	08:00:00	date1	\N	2019-10-16 12:46:30	\N	\N
376	3883	\N	2019-11-18 00:00:00	16:00:00	17:30:00	2019-12-16 00:00:00	16:00:00	17:30:00	2020-01-13 00:00:00	16:00:00	17:30:00	date1	\N	2019-10-15 09:53:09	\N	\N
397	3221	\N	2019-10-15 00:00:00	08:00:00	08:00:00	2019-10-15 00:00:00	08:00:00	08:00:00	2019-10-15 00:00:00	08:00:00	08:00:00	\N	\N	2019-10-15 20:46:07	\N	\N
358	3870	\N	2019-11-18 00:00:00	14:00:00	17:00:00	2019-11-25 00:00:00	14:00:00	17:00:00	2019-12-02 00:00:00	14:00:00	17:00:00	date1	\N	2019-10-11 12:03:31	\N	\N
407	3518	\N	2019-10-16 00:00:00	08:00:00	08:00:00	2019-10-16 00:00:00	08:00:00	08:00:00	2019-10-16 00:00:00	08:00:00	08:00:00	date1	\N	2019-10-16 11:21:36	\N	\N
408	3648	\N	2019-12-09 00:00:00	14:30:00	16:30:00	2019-12-16 00:00:00	14:30:00	16:30:00	2019-12-10 00:00:00	14:30:00	16:30:00	date1	\N	2019-10-16 12:39:14	\N	\N
403	3624	\N	2019-10-16 00:00:00	08:00:00	08:00:00	2019-10-16 00:00:00	08:00:00	08:00:00	2019-10-16 00:00:00	08:00:00	08:00:00	date1	\N	2019-10-16 11:10:33	\N	\N
357	3869	10131	2020-02-03 00:00:00	09:00:00	17:00:00	2020-02-04 00:00:00	09:00:00	17:00:00	2020-02-07 00:00:00	09:00:00	17:00:00	date1	\N	2019-10-11 12:00:31	\N	2019-10-17 12:01:14
353	3667	\N	2019-10-11 00:00:00	08:00:00	08:00:00	2019-10-11 00:00:00	08:00:00	08:00:00	2019-10-11 00:00:00	08:00:00	08:00:00	date1	\N	2019-10-11 10:04:49	\N	\N
421	3899	10011	2020-02-10 00:00:00	08:30:00	10:00:00	2020-02-11 00:00:00	14:00:00	15:30:00	2020-02-13 00:00:00	14:00:00	15:30:00	date1	\N	2019-10-16 17:32:29	\N	2019-10-22 12:01:24
425	3550	2551	2019-12-13 00:00:00	11:00:00	12:00:00	2019-10-17 00:00:00	08:00:00	08:00:00	2019-10-17 00:00:00	08:00:00	08:00:00	date1	2019-11-12 15:37:25	2019-10-17 12:34:09	\N	\N
842	4240	9915	2020-04-03 00:00:00	09:00:00	12:00:00	2020-04-03 00:00:00	09:00:00	12:00:00	2020-04-03 00:00:00	09:00:00	12:00:00	date1	\N	2020-03-04 15:01:00	\N	2020-03-10 12:01:06
646	3618	\N	2019-11-25 17:44:02	\N	\N	2019-11-25 17:44:02	\N	\N	2019-11-25 17:44:02	\N	\N	\N	\N	2019-11-25 17:44:02	\N	\N
427	3420	\N	2019-10-17 00:00:00	08:00:00	08:00:00	2019-10-17 00:00:00	08:00:00	08:00:00	2019-10-17 00:00:00	08:00:00	08:00:00	date1	\N	2019-10-17 13:46:10	\N	\N
424	3497	13173	2019-10-17 12:25:37	\N	\N	2019-10-17 12:25:37	\N	\N	2019-10-17 12:25:37	\N	\N	autre	2019-10-17 16:14:12	2019-10-17 12:25:37	\N	\N
433	3902	\N	2019-11-26 00:00:00	08:00:00	08:00:00	2019-11-19 00:00:00	08:00:00	08:00:00	2019-11-20 00:00:00	08:00:00	08:00:00	autre	2019-10-17 16:47:51	2019-10-17 16:39:14	\N	\N
434	3903	\N	2019-11-27 00:00:00	08:00:00	08:00:00	2019-11-27 00:00:00	08:00:00	08:00:00	2019-11-20 00:00:00	08:00:00	08:00:00	non	2019-10-17 17:01:49	2019-10-17 16:54:50	test refus matching manuel	\N
647	2774	158	2019-11-26 15:34:54	\N	\N	2019-11-26 15:34:54	\N	\N	2019-11-26 15:34:54	\N	\N	\N	\N	2019-11-26 15:34:54	\N	2019-12-02 12:01:22
465	3578	10062	2019-10-23 00:00:00	08:00:00	08:00:00	2019-10-23 00:00:00	08:00:00	08:00:00	2019-10-23 00:00:00	08:00:00	08:00:00	date1	\N	2019-10-23 09:51:09	\N	2019-10-29 12:01:19
437	3906	\N	2019-12-20 00:00:00	10:00:00	12:00:00	2019-12-17 00:00:00	11:00:00	13:00:00	2019-12-10 00:00:00	11:00:00	13:00:00	date1	\N	2019-10-18 11:36:16	\N	\N
440	3366	\N	2019-10-18 00:00:00	08:00:00	08:00:00	2019-10-18 00:00:00	08:00:00	08:00:00	2019-10-18 00:00:00	08:00:00	08:00:00	date1	\N	2019-10-18 17:29:56	\N	\N
441	3371	\N	2019-10-18 00:00:00	08:00:00	08:00:00	2019-10-18 00:00:00	08:00:00	08:00:00	2019-10-18 00:00:00	08:00:00	08:00:00	date1	\N	2019-10-18 17:37:49	\N	\N
442	3433	\N	2019-10-18 00:00:00	08:00:00	08:00:00	2019-10-18 00:00:00	08:00:00	08:00:00	2019-10-18 00:00:00	08:00:00	08:00:00	date1	\N	2019-10-18 17:39:06	\N	\N
688	3484	\N	2019-12-19 07:56:18	\N	\N	2019-12-19 07:56:18	\N	\N	2019-12-19 07:56:18	\N	\N	\N	\N	2019-12-19 07:56:18	\N	\N
691	3528	\N	2019-12-19 08:22:25	\N	\N	2019-12-19 08:22:25	\N	\N	2019-12-19 08:22:25	\N	\N	\N	\N	2019-12-19 08:22:25	\N	\N
693	3503	\N	2019-12-19 08:27:35	\N	\N	2019-12-19 08:27:35	\N	\N	2019-12-19 08:27:35	\N	\N	\N	\N	2019-12-19 08:27:35	\N	\N
696	3511	\N	2019-12-19 19:07:48	\N	\N	2019-12-19 19:07:48	\N	\N	2019-12-19 19:07:48	\N	\N	\N	\N	2019-12-19 19:07:48	\N	\N
446	3915	\N	2019-11-19 00:00:00	08:00:00	12:00:00	2019-11-19 00:00:00	08:00:00	12:00:00	2019-11-19 00:00:00	08:00:00	12:00:00	\N	\N	2019-10-20 09:07:10	\N	\N
445	3914	10493	2020-01-21 00:00:00	15:30:00	17:00:00	2020-01-28 00:00:00	15:30:00	17:00:00	2020-02-04 00:00:00	15:30:00	17:00:00	date1	2019-10-21 09:12:44	2019-10-19 22:32:49	\N	\N
694	3688	\N	2019-12-19 00:00:00	08:00:00	08:00:00	2019-12-19 00:00:00	08:00:00	08:00:00	2019-12-19 00:00:00	08:00:00	08:00:00	date1	\N	2019-12-19 09:22:02	\N	\N
464	3923	158	2019-11-21 00:00:00	08:00:00	12:00:00	2019-11-25 00:00:00	08:00:00	08:00:00	2019-11-26 00:00:00	08:00:00	08:00:00	date1	2019-10-23 06:14:56	2019-10-22 21:59:20	\N	\N
449	3414	\N	2019-10-21 00:00:00	08:00:00	08:00:00	2019-10-21 00:00:00	08:00:00	08:00:00	2019-10-21 00:00:00	08:00:00	08:00:00	date1	\N	2019-10-21 11:20:14	\N	\N
444	3913	10559	2019-12-17 00:00:00	09:00:00	10:00:00	2019-12-12 00:00:00	10:00:00	11:00:00	2019-12-19 00:00:00	09:00:00	10:00:00	date1	2019-10-21 12:30:46	2019-10-19 15:41:42	\N	\N
450	3610	\N	2019-10-21 00:00:00	08:00:00	08:00:00	2019-10-21 00:00:00	08:00:00	08:00:00	2019-10-21 00:00:00	08:00:00	08:00:00	date1	\N	2019-10-21 16:30:37	\N	\N
451	3612	\N	2019-10-21 00:00:00	08:00:00	08:00:00	2019-10-21 00:00:00	08:00:00	08:00:00	2019-10-21 00:00:00	08:00:00	08:00:00	date1	\N	2019-10-21 16:31:22	\N	\N
435	3904	4016	2019-11-22 00:00:00	15:00:00	16:00:00	2019-12-13 00:00:00	15:00:00	16:00:00	2020-01-10 00:00:00	15:00:00	16:00:00	date1	2019-10-21 18:34:12	2019-10-17 21:29:08	\N	\N
699	3630	\N	2019-12-22 00:00:00	08:00:00	08:00:00	2019-12-22 00:00:00	08:00:00	08:00:00	2019-12-22 00:00:00	08:00:00	08:00:00	date1	\N	2019-12-22 16:39:24	\N	\N
454	593	\N	2019-10-21 18:55:06	\N	\N	2019-10-21 18:55:06	\N	\N	2019-10-21 18:55:06	\N	\N	\N	\N	2019-10-21 18:55:06	\N	\N
455	3623	\N	2019-10-21 00:00:00	08:00:00	08:00:00	2019-10-21 00:00:00	08:00:00	08:00:00	2019-10-21 00:00:00	08:00:00	08:00:00	date1	\N	2019-10-21 19:21:13	\N	\N
703	1677	\N	2020-01-06 16:42:24	\N	\N	2020-01-06 16:42:24	\N	\N	2020-01-06 16:42:24	\N	\N	\N	\N	2020-01-06 16:42:24	\N	\N
453	3918	\N	2019-11-21 00:00:00	13:00:00	17:00:00	2019-11-28 00:00:00	13:00:00	16:00:00	2019-12-05 00:00:00	13:00:00	17:00:00	date1	\N	2019-10-21 18:48:26	\N	\N
684	3673	\N	2019-12-18 00:00:00	08:00:00	08:00:00	2019-12-18 00:00:00	08:00:00	08:00:00	2019-12-18 00:00:00	08:00:00	08:00:00	date1	\N	2019-12-18 09:25:28	\N	\N
348	3862	7806	2019-11-21 00:00:00	09:00:00	12:00:00	2019-11-21 00:00:00	13:30:00	16:00:00	2019-11-14 00:00:00	09:00:00	12:00:00	autre	2019-10-18 11:35:30	2019-10-10 17:53:22	Bonjour , \r\nEtant diplômée en Mécanique aéronautique , et exerçant mes compétences techniques dans mes fonctions actuelles , je ne pense pas que mon profil soit pertinent pour intervenir dans votre classe . \r\nJ espère que vous trouverez une offre  qui correspond mieux a la formation de vos élèves . \r\nCordialement \r\nFlorence Couette	2019-10-16 12:01:22
461	3523	\N	2019-10-22 00:00:00	08:00:00	08:00:00	2019-10-22 00:00:00	08:00:00	08:00:00	2019-10-22 00:00:00	08:00:00	08:00:00	date1	\N	2019-10-22 16:08:50	\N	\N
462	3412	\N	2019-10-22 00:00:00	08:00:00	08:00:00	2019-10-22 00:00:00	08:00:00	08:00:00	2019-10-22 00:00:00	08:00:00	08:00:00	date1	\N	2019-10-22 16:09:44	\N	\N
463	3411	\N	2019-10-22 00:00:00	08:00:00	08:00:00	2019-10-22 00:00:00	08:00:00	08:00:00	2019-10-22 00:00:00	08:00:00	08:00:00	date1	\N	2019-10-22 16:10:15	\N	\N
345	3860	10231	2019-11-28 00:00:00	10:00:00	12:00:00	2020-01-09 00:00:00	10:00:00	12:00:00	2020-03-05 00:00:00	10:00:00	12:00:00	date2	2019-10-22 20:15:32	2019-10-10 16:02:50	\N	2019-10-16 12:01:24
466	3424	\N	2019-10-23 11:54:57	\N	\N	2019-10-23 11:54:57	\N	\N	2019-10-23 11:54:57	\N	\N	\N	\N	2019-10-23 11:54:57	\N	\N
467	3430	\N	2019-10-23 11:58:08	\N	\N	2019-10-23 11:58:08	\N	\N	2019-10-23 11:58:08	\N	\N	\N	\N	2019-10-23 11:58:08	\N	\N
468	3431	\N	2019-10-23 00:00:00	08:00:00	08:00:00	2019-10-23 00:00:00	08:00:00	08:00:00	2019-10-23 00:00:00	08:00:00	08:00:00	date1	\N	2019-10-23 11:59:38	\N	\N
422	3900	12920	2019-11-25 00:00:00	08:00:00	12:00:00	2020-01-06 00:00:00	08:00:00	12:00:00	2020-01-13 00:00:00	08:00:00	12:00:00	date1	2019-10-25 05:13:37	2019-10-17 02:16:31	\N	2019-10-23 12:01:27
361	3872	9949	2019-11-14 00:00:00	09:00:00	10:00:00	2019-11-21 00:00:00	09:00:00	10:00:00	2019-11-28 00:00:00	09:00:00	10:00:00	date1	\N	2019-10-12 09:33:11	\N	2019-10-18 12:01:16
470	3489	\N	2019-10-23 00:00:00	08:00:00	08:00:00	2019-10-23 00:00:00	08:00:00	08:00:00	2019-10-23 00:00:00	08:00:00	08:00:00	date1	\N	2019-10-23 12:24:30	\N	\N
469	3488	\N	2019-10-23 00:00:00	08:00:00	08:00:00	2019-10-23 00:00:00	08:00:00	08:00:00	2019-10-23 00:00:00	08:00:00	08:00:00	date1	\N	2019-10-23 12:24:03	\N	\N
471	3496	\N	2019-10-23 00:00:00	08:00:00	08:00:00	2019-10-23 00:00:00	08:00:00	08:00:00	2019-10-23 00:00:00	08:00:00	08:00:00	date1	\N	2019-10-23 12:26:37	\N	\N
472	3927	\N	2019-12-03 00:00:00	14:00:00	15:00:00	2019-12-05 00:00:00	14:00:00	15:00:00	2019-12-10 00:00:00	14:00:00	15:00:00	\N	\N	2019-10-23 12:32:35	\N	\N
473	3531	\N	2019-10-23 00:00:00	08:00:00	08:00:00	2019-10-23 00:00:00	08:00:00	08:00:00	2019-10-23 00:00:00	08:00:00	08:00:00	date1	\N	2019-10-23 12:46:06	\N	\N
475	3565	\N	2019-10-23 00:00:00	08:00:00	08:00:00	2019-10-23 00:00:00	08:00:00	08:00:00	2019-10-23 00:00:00	08:00:00	08:00:00	date1	\N	2019-10-23 13:21:09	\N	\N
431	3533	\N	2019-10-17 00:00:00	08:00:00	08:00:00	2019-10-17 00:00:00	08:00:00	08:00:00	2019-10-17 00:00:00	08:00:00	08:00:00	date1	\N	2019-10-17 15:10:53	\N	\N
476	3622	\N	2019-10-23 00:00:00	08:00:00	08:00:00	2019-10-23 00:00:00	08:00:00	08:00:00	2019-10-23 00:00:00	08:00:00	08:00:00	date1	\N	2019-10-23 16:40:17	\N	\N
432	3674	\N	2019-10-17 00:00:00	08:00:00	08:00:00	2019-10-17 00:00:00	08:00:00	08:00:00	2019-10-17 00:00:00	08:00:00	08:00:00	date1	\N	2019-10-17 15:30:10	\N	\N
456	3570	\N	2019-10-21 00:00:00	08:00:00	08:00:00	2019-10-21 00:00:00	08:00:00	08:00:00	2019-10-21 00:00:00	08:00:00	08:00:00	date1	\N	2019-10-21 19:21:57	\N	\N
478	3617	8927	2019-10-23 00:00:00	08:00:00	08:00:00	2019-10-23 00:00:00	08:00:00	08:00:00	2019-10-23 00:00:00	08:00:00	08:00:00	date1	\N	2019-10-23 17:46:20	\N	\N
460	3922	\N	2019-11-25 00:00:00	13:30:00	15:00:00	2019-12-02 00:00:00	13:30:00	15:00:00	2019-12-09 00:00:00	13:30:00	15:00:00	date1	\N	2019-10-22 15:41:00	\N	\N
452	3444	\N	2019-10-21 00:00:00	08:00:00	08:00:00	2019-10-21 00:00:00	08:00:00	08:00:00	2019-10-21 00:00:00	08:00:00	08:00:00	date1	\N	2019-10-21 16:38:36	\N	\N
447	3916	10061	2020-01-13 00:00:00	14:30:00	16:30:00	2020-01-20 00:00:00	14:30:00	16:30:00	2020-01-27 00:00:00	14:30:00	16:30:00	date2	2019-10-28 13:54:43	2019-10-20 11:30:12	\N	2019-10-26 12:01:19
439	3427	9858	2020-01-17 00:00:00	09:00:00	11:00:00	2019-10-18 00:00:00	08:00:00	08:00:00	2019-10-18 00:00:00	08:00:00	08:00:00	date1	2019-11-05 10:59:22	2019-10-18 15:56:51	\N	\N
474	3537	\N	2019-10-23 00:00:00	08:00:00	08:00:00	2019-10-23 00:00:00	08:00:00	08:00:00	2019-10-23 00:00:00	08:00:00	08:00:00	autre	\N	2019-10-23 12:57:30	\N	\N
482	3932	\N	2019-11-26 00:00:00	10:00:00	11:30:00	2019-11-25 00:00:00	10:00:00	11:30:00	2019-11-27 00:00:00	10:00:00	11:30:00	date1	\N	2019-10-24 11:03:52	\N	\N
412	3480	\N	2019-10-16 00:00:00	08:00:00	08:00:00	2019-10-16 00:00:00	08:00:00	08:00:00	2019-10-16 00:00:00	08:00:00	08:00:00	date1	\N	2019-10-16 12:44:50	\N	\N
438	3910	266	2019-11-20 00:00:00	14:00:00	16:00:00	2019-11-27 00:00:00	14:00:00	16:00:00	2019-12-04 00:00:00	14:00:00	16:00:00	date1	2019-10-24 14:51:18	2019-10-18 15:43:42	\N	2019-10-24 12:01:23
519	3951	\N	2019-12-03 00:00:00	08:00:00	15:00:00	2019-12-12 00:00:00	08:00:00	15:00:00	2019-12-19 00:00:00	08:00:00	08:00:00	date1	\N	2019-10-28 09:27:51	\N	\N
240	3760	\N	2019-11-28 00:00:00	10:00:00	12:00:00	2019-11-28 00:00:00	08:00:00	10:00:00	2019-11-28 00:00:00	13:30:00	15:30:00	date1	\N	2019-09-27 18:51:00	\N	\N
485	3936	13078	2019-11-30 00:00:00	08:00:00	08:00:00	2019-11-27 00:00:00	08:00:00	08:00:00	2019-11-28 00:00:00	08:00:00	08:00:00	non	2019-10-24 16:50:21	2019-10-24 16:13:27	test	\N
486	3937	13078	2019-11-28 00:00:00	08:00:00	08:00:00	2019-11-28 00:00:00	08:00:00	08:00:00	2019-11-27 00:00:00	08:00:00	08:00:00	non	2019-10-24 16:58:22	2019-10-24 16:57:52	test	\N
487	3592	\N	2019-10-24 00:00:00	08:00:00	08:00:00	2019-10-24 00:00:00	08:00:00	08:00:00	2019-10-24 00:00:00	08:00:00	08:00:00	date1	\N	2019-10-24 17:22:30	\N	\N
489	3596	\N	2019-10-24 00:00:00	08:00:00	08:00:00	2019-10-24 00:00:00	08:00:00	08:00:00	2019-10-24 00:00:00	08:00:00	08:00:00	date1	\N	2019-10-24 17:27:05	\N	\N
498	3658	\N	2019-12-02 00:00:00	14:00:00	16:00:00	2019-12-03 00:00:00	10:00:00	12:00:00	2019-12-10 00:00:00	10:00:00	12:00:00	date1	\N	2019-10-25 12:19:45	\N	\N
490	3609	\N	2019-10-24 00:00:00	08:00:00	08:00:00	2019-10-24 00:00:00	08:00:00	08:00:00	2019-10-24 00:00:00	08:00:00	08:00:00	date1	\N	2019-10-24 17:29:18	\N	\N
491	3616	\N	2019-10-24 00:00:00	08:00:00	08:00:00	2019-10-24 00:00:00	08:00:00	08:00:00	2019-10-24 00:00:00	08:00:00	08:00:00	date1	\N	2019-10-24 18:21:35	\N	\N
492	2390	\N	2019-10-25 10:10:16	\N	\N	2019-10-25 10:10:16	\N	\N	2019-10-25 10:10:16	\N	\N	\N	\N	2019-10-25 10:10:16	\N	\N
493	3636	\N	2019-10-25 00:00:00	08:00:00	08:00:00	2019-10-25 00:00:00	08:00:00	08:00:00	2019-10-25 00:00:00	08:00:00	08:00:00	date1	\N	2019-10-25 11:41:04	\N	\N
494	3644	\N	2019-10-25 00:00:00	08:00:00	08:00:00	2019-10-25 00:00:00	08:00:00	08:00:00	2019-10-25 00:00:00	08:00:00	08:00:00	date1	\N	2019-10-25 11:57:25	\N	\N
495	3938	\N	2019-12-19 00:00:00	14:00:00	15:30:00	2020-01-16 00:00:00	14:00:00	15:30:00	2019-12-12 00:00:00	14:00:00	15:30:00	\N	\N	2019-10-25 11:57:37	\N	\N
406	3641	12977	2019-11-22 00:00:00	10:00:00	11:00:00	2019-11-19 00:00:00	11:00:00	12:00:00	2019-11-27 00:00:00	11:00:00	12:00:00	date1	2019-10-25 12:04:11	2019-10-16 11:14:07	\N	\N
496	3646	\N	2019-10-25 00:00:00	08:00:00	08:00:00	2019-10-25 00:00:00	08:00:00	08:00:00	2019-10-25 00:00:00	08:00:00	08:00:00	date1	\N	2019-10-25 12:18:33	\N	\N
497	3653	\N	2019-10-25 00:00:00	08:00:00	08:00:00	2019-10-25 00:00:00	08:00:00	08:00:00	2019-10-25 00:00:00	08:00:00	08:00:00	date1	\N	2019-10-25 12:19:17	\N	\N
423	3901	10206	2019-12-02 00:00:00	08:00:00	12:00:00	2019-12-09 00:00:00	08:00:00	12:00:00	2019-12-16 00:00:00	08:00:00	12:00:00	date1	2019-11-04 14:37:35	2019-10-17 02:18:42	Bonjour,\r\n\r\nJe vous remercie pour votre sollicitation, mais j'ai déjà 2 interventions en classes prévues dans les prochaines semaines. Mon emploi du temps ne permet malheureusement pas de répondre favorablement à votre demande.\r\n\r\nBien cordialement,\r\nDorian Bortolus	2019-10-23 12:01:26
480	3929	7806	2020-02-24 00:00:00	11:00:00	12:30:00	2019-12-09 00:00:00	11:00:00	12:30:00	2020-01-27 00:00:00	11:00:00	12:30:00	date3	2019-10-25 12:55:56	2019-10-23 22:11:25	\N	\N
615	4042	\N	2019-12-16 00:00:00	13:30:00	14:30:00	2019-12-19 00:00:00	10:00:00	11:00:00	2020-01-09 00:00:00	15:30:00	16:30:00	date1	\N	2019-11-14 18:17:22	\N	\N
499	3939	\N	2019-11-29 00:00:00	08:00:00	08:00:00	2019-11-26 00:00:00	08:00:00	08:00:00	2019-11-30 00:00:00	08:00:00	08:00:00	date1	\N	2019-10-25 15:20:53	\N	\N
501	3364	\N	2019-10-25 00:00:00	08:00:00	08:00:00	2019-10-25 00:00:00	08:00:00	08:00:00	2019-10-25 00:00:00	08:00:00	08:00:00	autre	\N	2019-10-25 15:31:40	\N	\N
523	3955	13239	2019-12-16 00:00:00	10:00:00	11:00:00	2020-01-16 00:00:00	09:00:00	10:00:00	2020-01-10 00:00:00	14:00:00	15:00:00	date1	2019-11-21 15:46:12	2019-10-28 10:48:27	J'ai déjà plusieurs interventions programmées.	2019-11-03 12:01:20
502	3512	\N	2019-10-25 00:00:00	08:00:00	08:00:00	2019-10-25 00:00:00	08:00:00	08:00:00	2019-10-25 00:00:00	08:00:00	08:00:00	date1	\N	2019-10-25 15:33:11	\N	\N
503	3200	\N	2019-10-25 00:00:00	08:00:00	08:00:00	2019-10-25 00:00:00	08:00:00	08:00:00	2019-10-25 00:00:00	08:00:00	08:00:00	date1	\N	2019-10-25 15:35:53	\N	\N
504	3181	\N	2019-10-25 00:00:00	08:00:00	08:00:00	2019-10-25 00:00:00	08:00:00	08:00:00	2019-10-25 00:00:00	08:00:00	08:00:00	date1	\N	2019-10-25 15:38:43	\N	\N
505	3169	\N	2019-10-24 00:00:00	08:00:00	08:00:00	2019-10-30 00:00:00	08:00:00	08:00:00	2019-10-15 00:00:00	08:00:00	08:00:00	date1	\N	2019-10-25 15:39:43	\N	\N
331	3847	11260	2019-11-22 00:00:00	12:00:00	13:00:00	2019-11-19 00:00:00	15:00:00	17:00:00	2019-11-18 00:00:00	11:00:00	13:00:00	date1	\N	2019-10-09 22:05:10	\N	2019-10-15 12:01:19
481	3930	\N	2019-12-09 00:00:00	11:00:00	12:30:00	2020-01-27 00:00:00	11:00:00	12:30:00	2020-02-24 00:00:00	11:00:00	12:30:00	autre	\N	2019-10-23 22:15:23	\N	\N
612	4039	159	2019-12-19 00:00:00	08:00:00	10:00:00	2019-12-26 00:00:00	08:00:00	10:00:00	2020-01-02 00:00:00	08:00:00	10:00:00	date1	\N	2019-11-14 09:49:12	\N	2019-11-20 12:01:21
518	3950	\N	2019-12-10 00:00:00	11:00:00	12:00:00	2019-12-13 00:00:00	11:00:00	12:00:00	2019-12-06 00:00:00	11:00:00	12:00:00	date1	\N	2019-10-28 07:43:27	\N	\N
511	3943	\N	2019-12-11 00:00:00	09:30:00	12:00:00	2019-12-12 00:00:00	09:30:00	12:00:00	2020-01-15 00:00:00	09:30:00	12:00:00	date1	\N	2019-10-25 18:54:31	\N	\N
661	3343	9982	2019-11-29 09:19:18	\N	\N	2019-11-29 09:19:18	\N	\N	2019-11-29 09:19:18	\N	\N	\N	\N	2019-11-29 09:19:18	\N	2019-12-05 12:01:20
509	3491	\N	2019-10-25 00:00:00	08:00:00	08:00:00	2019-10-25 00:00:00	08:00:00	08:00:00	2019-10-25 00:00:00	08:00:00	08:00:00	date1	\N	2019-10-25 17:36:50	\N	\N
510	3446	\N	2019-10-25 00:00:00	08:00:00	08:00:00	2019-10-25 00:00:00	08:00:00	08:00:00	2019-10-25 00:00:00	08:00:00	08:00:00	date1	\N	2019-10-25 17:42:23	\N	\N
512	3944	\N	2020-01-14 00:00:00	16:30:00	17:30:00	2020-01-21 00:00:00	16:30:00	17:30:00	2020-01-28 00:00:00	16:30:00	17:30:00	\N	\N	2019-10-25 21:11:01	\N	\N
513	3945	\N	2020-03-30 00:00:00	09:30:00	11:30:00	2020-04-06 00:00:00	09:30:00	12:30:00	2020-04-27 00:00:00	09:30:00	08:00:00	\N	\N	2019-10-26 00:26:38	\N	\N
613	4040	9995	2019-11-14 00:00:00	15:00:00	17:00:00	2019-11-14 00:00:00	15:00:00	17:00:00	2019-11-14 00:00:00	15:00:00	17:00:00	date1	\N	2019-11-14 13:12:58	\N	2019-11-20 12:01:24
514	3946	13008	2020-03-17 00:00:00	14:00:00	16:00:00	2019-11-26 00:00:00	13:00:00	17:00:00	2019-12-02 00:00:00	13:00:00	16:00:00	date1	2020-03-12 15:48:40	2019-10-26 10:42:55	\N	\N
689	3677	\N	2019-12-19 08:17:35	\N	\N	2019-12-19 08:17:35	\N	\N	2019-12-19 08:17:35	\N	\N	\N	\N	2019-12-19 08:17:35	\N	\N
521	3953	\N	2019-12-04 00:00:00	16:00:00	18:00:00	2019-11-27 00:00:00	16:00:00	18:00:00	2019-12-04 00:00:00	14:00:00	16:00:00	\N	\N	2019-10-28 10:30:07	\N	\N
685	3538	\N	2019-12-18 00:00:00	08:00:00	08:00:00	2019-12-18 00:00:00	08:00:00	08:00:00	2019-12-18 00:00:00	08:00:00	08:00:00	date1	\N	2019-12-18 09:26:06	\N	\N
692	3365	\N	2019-12-19 08:26:40	\N	\N	2019-12-19 08:26:40	\N	\N	2019-12-19 08:26:40	\N	\N	\N	\N	2019-12-19 08:26:40	\N	\N
524	3956	13239	2019-12-09 00:00:00	09:00:00	10:00:00	2019-12-16 00:00:00	09:00:00	10:00:00	2019-12-11 00:00:00	11:00:00	12:00:00	date2	2019-10-28 11:44:49	2019-10-28 11:34:20	\N	\N
483	3375	\N	2019-10-24 00:00:00	08:00:00	08:00:00	2020-03-19 00:00:00	14:30:00	15:30:00	2020-03-26 00:00:00	14:30:00	15:30:00	date1	\N	2019-10-24 11:24:35	\N	\N
520	3952	\N	2020-01-08 00:00:00	14:00:00	16:00:00	2020-01-13 00:00:00	14:00:00	16:00:00	2020-01-15 00:00:00	09:00:00	11:00:00	date1	\N	2019-10-28 10:19:25	\N	\N
484	3935	12948	2019-12-03 00:00:00	13:30:00	16:30:00	2019-12-10 00:00:00	13:30:00	16:30:00	2019-12-17 00:00:00	13:30:00	16:30:00	\N	\N	2019-10-24 14:43:55	\N	2019-10-30 12:01:18
522	3954	10046	2019-12-13 00:00:00	14:00:00	15:00:00	2019-11-29 00:00:00	14:00:00	15:00:00	2020-01-10 00:00:00	14:00:00	15:00:00	\N	\N	2019-10-28 10:34:03	\N	2019-11-03 12:01:19
517	3949	7793	2020-02-26 00:00:00	08:00:00	12:00:00	2020-03-11 00:00:00	08:00:00	12:00:00	2020-03-25 00:00:00	08:00:00	12:00:00	\N	\N	2019-10-27 11:26:04	\N	2019-11-02 12:01:12
500	3542	\N	2019-10-25 00:00:00	08:00:00	08:00:00	2019-10-25 00:00:00	08:00:00	08:00:00	2019-10-25 00:00:00	08:00:00	08:00:00	autre	\N	2019-10-25 15:31:01	\N	\N
525	3957	6766	2019-12-04 00:00:00	08:00:00	09:30:00	2019-12-06 00:00:00	10:30:00	12:00:00	2019-12-03 00:00:00	14:30:00	16:00:00	\N	\N	2019-10-28 13:50:20	\N	2019-11-03 12:01:22
488	3595	\N	2020-03-18 00:00:00	08:00:00	10:00:00	2020-03-25 00:00:00	08:00:00	10:00:00	2020-04-01 00:00:00	08:00:00	10:00:00	date1	\N	2019-10-24 17:26:50	\N	\N
443	3912	12988	2019-12-16 00:00:00	08:00:00	17:00:00	2019-12-17 00:00:00	14:00:00	15:00:00	2019-12-17 00:00:00	10:00:00	11:00:00	date1	2019-11-06 15:02:05	2019-10-19 15:24:35	Bonjour, je suis désolée, totalement débordée en cette fin d'année.\r\nPeut être début 2020 si vous pensez que c'est tjs opportun\r\nCordialement\r\nEmilie LEPINE LANGLOIS	2019-10-25 12:01:21
539	3971	16026	2020-03-10 00:00:00	10:00:00	11:00:00	2020-02-11 00:00:00	10:00:00	11:00:00	2020-04-03 00:00:00	15:00:00	16:00:00	date3	2020-02-05 18:20:04	2019-10-28 23:18:19	\N	\N
540	3972	\N	2019-11-29 00:00:00	08:00:00	17:00:00	2019-12-05 00:00:00	08:00:00	17:00:00	2019-12-03 00:00:00	08:00:00	17:00:00	date1	\N	2019-10-29 10:10:58	\N	\N
548	3977	12913	2019-12-12 00:00:00	10:00:00	12:00:00	2019-10-30 00:00:00	15:00:00	16:00:00	2019-10-30 00:00:00	14:00:00	15:00:00	date1	2019-11-29 11:50:03	2019-10-30 13:24:32	\N	\N
562	3990	13704	2019-11-02 00:00:00	09:30:00	10:30:00	2019-11-02 00:00:00	09:30:00	10:30:00	2019-11-02 00:00:00	09:30:00	10:30:00	date1	\N	2019-11-02 16:15:28	\N	2019-11-08 12:01:21
568	3490	\N	2019-11-04 00:00:00	08:00:00	08:00:00	2019-11-04 00:00:00	08:00:00	08:00:00	2019-11-04 00:00:00	08:00:00	08:00:00	date1	\N	2019-11-04 16:23:43	\N	\N
547	3976	166	2020-01-09 00:00:00	08:00:00	12:00:00	2020-01-23 00:00:00	08:00:00	12:00:00	2020-02-06 00:00:00	08:00:00	12:00:00	\N	\N	2019-10-30 13:24:10	\N	2019-11-05 12:01:19
839	4237	10012	2020-04-03 00:00:00	09:00:00	12:00:00	2020-04-03 00:00:00	09:00:00	12:00:00	2020-04-03 00:00:00	09:00:00	12:00:00	autre	2020-03-04 17:24:44	2020-03-04 14:54:25	\N	\N
542	3974	\N	2020-02-10 00:00:00	14:00:00	16:00:00	2020-01-28 00:00:00	10:00:00	11:00:00	2020-01-23 00:00:00	15:00:00	16:00:00	\N	\N	2019-10-29 17:44:26	\N	\N
543	3452	\N	2019-10-30 00:00:00	08:00:00	08:00:00	2019-10-30 00:00:00	08:00:00	08:00:00	2019-10-30 00:00:00	08:00:00	08:00:00	date1	\N	2019-10-30 10:16:26	\N	\N
544	3493	\N	2019-10-30 00:00:00	08:00:00	08:00:00	2019-10-30 00:00:00	08:00:00	08:00:00	2019-10-30 00:00:00	08:00:00	08:00:00	date1	\N	2019-10-30 10:24:56	\N	\N
557	3985	9906	2019-12-19 00:00:00	13:30:00	17:30:00	2019-12-12 00:00:00	13:30:00	17:30:00	2019-12-05 00:00:00	13:30:00	17:30:00	date1	2019-11-04 15:58:38	2019-11-01 11:52:32	\N	\N
529	3961	10039	2020-03-02 00:00:00	08:30:00	16:00:00	2020-03-03 00:00:00	08:30:00	16:00:00	2020-03-05 00:00:00	08:30:00	16:00:00	non	2019-10-30 12:07:44	2019-10-28 20:40:38	Bonjour, \r\nje vous remercie de votre proposition. Je vous félicite pour les actions mises en oeuvre. Il y a eu un soucis dans la mise à jour de mon profil, je ne suis pas dispo pour intervenir sur le 93.	\N
551	3980	1364	2020-03-16 00:00:00	17:00:00	18:00:00	2020-02-26 00:00:00	08:00:00	09:00:00	2020-03-02 00:00:00	17:00:00	18:00:00	date1	2020-02-25 10:04:55	2019-10-31 12:21:02	\N	2020-01-12 12:01:01
536	3968	\N	2019-11-27 00:00:00	12:00:00	13:00:00	2019-12-04 00:00:00	12:00:00	13:00:00	2019-12-11 00:00:00	12:00:00	13:00:00	date1	\N	2019-10-28 22:46:48	\N	\N
546	3975	12395	2020-01-27 00:00:00	14:00:00	15:00:00	2019-10-30 00:00:00	15:00:00	17:00:00	2019-10-30 00:00:00	14:00:00	16:00:00	date1	2019-12-02 18:12:32	2019-10-30 13:14:57	\N	\N
623	4049	\N	2020-03-12 00:00:00	11:00:00	12:00:00	2020-03-19 00:00:00	11:00:00	12:00:00	2020-03-26 00:00:00	11:00:00	12:00:00	date1	\N	2019-11-18 14:18:02	\N	\N
849	4246	9982	2020-04-17 00:00:00	13:00:00	17:00:00	2020-04-24 00:00:00	13:00:00	17:00:00	2020-05-01 00:00:00	13:00:00	17:00:00	\N	\N	2020-03-12 12:37:22	\N	2020-03-18 12:01:05
846	4244	16003	2020-04-07 00:00:00	10:00:00	12:00:00	2020-04-09 00:00:00	10:00:00	12:00:00	2020-04-10 00:00:00	08:00:00	10:00:00	date1	\N	2020-03-06 15:12:07	\N	2020-03-13 12:01:02
535	3967	\N	2020-03-10 00:00:00	12:30:00	13:30:00	2019-12-17 00:00:00	12:30:00	13:30:00	2020-01-28 00:00:00	12:30:00	13:30:00	date1	\N	2019-10-28 21:15:18	\N	\N
572	4000	\N	2020-01-13 00:00:00	08:00:00	10:00:00	2020-01-20 00:00:00	08:00:00	10:00:00	2020-01-27 00:00:00	08:00:00	10:00:00	\N	\N	2019-11-04 18:39:12	\N	\N
508	3942	10752	2020-04-08 00:00:00	08:00:00	12:00:00	2020-04-09 00:00:00	08:00:00	12:00:00	2020-04-10 00:00:00	08:00:00	12:00:00	date3	2019-10-31 16:25:27	2019-10-25 17:15:44	\N	2019-10-31 12:01:20
552	3981	\N	2019-12-02 00:00:00	13:00:00	15:00:00	2019-12-09 00:00:00	13:00:00	15:00:00	2019-12-17 00:00:00	14:30:00	16:30:00	\N	\N	2019-10-31 17:08:10	\N	\N
638	4062	\N	2019-11-24 00:00:00	14:00:00	15:00:00	2019-11-24 00:00:00	15:00:00	16:00:00	2019-11-24 00:00:00	16:00:00	17:00:00	autre	2019-11-26 12:00:11	2019-11-24 16:48:09	\N	\N
861	4257	\N	2020-10-16 00:00:00	08:00:00	18:00:00	2020-12-10 00:00:00	08:00:00	18:00:00	2021-01-19 00:00:00	08:00:00	18:00:00	\N	\N	2020-07-06 18:08:10	\N	\N
636	4061	16003	2020-02-13 00:00:00	10:30:00	12:30:00	2020-01-09 00:00:00	10:30:00	12:30:00	2020-01-16 00:00:00	13:30:00	15:30:00	date1	2020-01-29 19:04:18	2019-11-22 18:25:09	\N	\N
526	3958	12926	2019-12-13 00:00:00	09:00:00	12:00:00	2019-12-20 00:00:00	08:00:00	11:00:00	2019-12-16 00:00:00	08:00:00	11:00:00	date1	\N	2019-10-28 14:52:47	\N	2019-11-03 12:01:24
559	3987	\N	2019-12-19 00:00:00	16:00:00	18:00:00	2020-01-30 00:00:00	16:00:00	18:00:00	2020-02-27 00:00:00	16:00:00	18:00:00	date1	\N	2019-11-02 08:29:12	\N	\N
549	3978	284	2020-03-10 00:00:00	15:00:00	17:00:00	2020-03-17 00:00:00	15:00:00	17:00:00	2020-03-24 00:00:00	15:00:00	17:00:00	date2	2020-01-06 17:23:04	2019-10-30 15:00:47	\N	\N
531	3963	10254	2020-03-02 00:00:00	08:30:00	16:00:00	2020-03-03 00:00:00	08:30:00	16:00:00	2020-03-05 00:00:00	08:30:00	16:00:00	date1	\N	2019-10-28 20:45:05	\N	2019-11-03 12:01:26
530	3962	10173	2020-03-02 00:00:00	08:30:00	16:00:00	2020-03-03 00:00:00	08:30:00	16:00:00	2020-03-05 00:00:00	08:30:00	16:00:00	date1	\N	2019-10-28 20:43:58	\N	2019-11-03 12:01:26
506	3940	12744	2020-01-23 00:00:00	09:30:00	12:30:00	2020-01-28 00:00:00	09:30:00	12:30:00	2020-01-31 00:00:00	09:30:00	12:30:00	non	2019-11-03 09:16:25	2019-10-25 17:05:32	Je suis technicien et non ingénieur. De plus, il faudrait trouver une personne féminine pour ce genre d'intervention. Après sous ma coupe, j'ai trois femmes donc si celà ne vous dérange pas je pourrai éventuellement venir.\r\nPour en discuter,	2019-10-31 12:01:18
527	3959	155	2019-12-02 00:00:00	16:00:00	17:30:00	2019-12-09 00:00:00	16:00:00	17:30:00	2019-12-16 00:00:00	16:00:00	17:30:00	\N	\N	2019-10-28 17:40:36	\N	2019-11-03 12:01:26
507	3941	10118	2020-03-05 00:00:00	09:00:00	12:30:00	2020-03-06 00:00:00	08:00:00	12:00:00	2020-03-10 00:00:00	08:00:00	12:00:00	date1	\N	2019-10-25 17:10:13	\N	2019-10-31 12:01:19
564	3992	\N	2019-12-19 00:00:00	10:00:00	12:00:00	2020-01-20 00:00:00	09:00:00	11:00:00	2020-01-23 00:00:00	09:00:00	11:00:00	date1	\N	2019-11-02 17:33:45	\N	\N
533	3965	13006	2020-03-02 00:00:00	08:30:00	16:00:00	2020-03-03 00:00:00	08:30:00	16:00:00	2020-03-05 00:00:00	08:30:00	16:00:00	date1	2019-11-07 11:22:36	2019-10-28 20:48:43	\N	2019-11-03 12:01:26
560	3988	13068	2019-12-05 00:00:00	08:00:00	10:00:00	2019-12-12 00:00:00	08:00:00	10:00:00	2019-12-19 00:00:00	08:00:00	10:00:00	date2	2019-11-04 09:39:49	2019-11-02 14:39:33	\N	\N
561	3989	7732	2020-01-07 00:00:00	11:00:00	12:00:00	2020-01-14 00:00:00	11:00:00	12:00:00	2020-01-21 00:00:00	11:00:00	12:00:00	date2	2019-11-04 10:05:48	2019-11-02 15:58:53	\N	\N
566	3994	12905	2020-05-05 00:00:00	09:00:00	11:00:00	2020-05-07 00:00:00	14:00:00	15:30:00	2020-05-11 00:00:00	09:00:00	11:00:00	date2	2019-11-04 15:18:26	2019-11-04 10:06:48	\N	\N
545	3522	276	2019-11-07 00:00:00	10:30:00	12:00:00	2019-10-30 00:00:00	08:00:00	08:00:00	2019-10-30 00:00:00	08:00:00	08:00:00	date1	2019-11-04 15:51:49	2019-10-30 10:35:39	\N	\N
555	3983	\N	2019-12-02 00:00:00	14:00:00	15:30:00	2020-01-13 00:00:00	14:00:00	15:30:00	2020-01-20 00:00:00	14:00:00	15:30:00	date1	\N	2019-11-01 10:57:36	\N	\N
553	3982	\N	2019-12-02 00:00:00	14:00:00	15:30:00	2020-01-13 00:00:00	14:00:00	15:30:00	2020-01-20 00:00:00	14:00:00	15:30:00	date1	\N	2019-11-01 10:55:58	\N	\N
554	3982	\N	2020-01-27 00:00:00	14:00:00	15:30:00	2020-02-03 00:00:00	14:00:00	14:30:00	2020-02-03 00:00:00	14:00:00	15:30:00	date1	\N	2019-11-01 10:55:58	\N	\N
534	3966	12884	2020-02-02 00:00:00	08:30:00	16:00:00	2020-03-03 00:00:00	08:30:00	16:00:00	2020-03-05 00:00:00	08:30:00	16:00:00	non	\N	2019-10-28 20:50:43	\N	2019-11-03 12:01:27
532	3964	200	2020-03-02 00:00:00	08:30:00	16:00:00	2020-03-03 00:00:00	08:30:00	16:00:00	2020-03-05 00:00:00	08:30:00	16:00:00	date1	2019-11-04 17:22:06	2019-10-28 20:46:32	Je ne serai pas libre en mars.\r\nLe college est bien trop loin de chez moi.	\N
569	3997	13098	2019-12-12 00:00:00	08:00:00	08:00:00	2019-12-19 00:00:00	08:00:00	08:00:00	2019-12-18 00:00:00	08:00:00	08:00:00	date1	2019-11-04 17:52:21	2019-11-04 17:47:35	\N	\N
570	3998	13078	2019-12-27 00:00:00	08:00:00	08:00:00	2019-12-05 00:00:00	08:00:00	08:00:00	2019-12-20 00:00:00	08:00:00	08:00:00	date1	2019-11-04 18:09:37	2019-11-04 18:02:07	\N	\N
571	3999	13078	2019-12-27 00:00:00	08:00:00	08:00:00	2019-12-12 00:00:00	08:00:00	08:00:00	2019-12-11 00:00:00	08:00:00	08:00:00	date1	2019-11-04 18:14:53	2019-11-04 18:11:24	\N	\N
573	4001	\N	2020-01-06 00:00:00	15:00:00	17:00:00	2020-01-13 00:00:00	15:00:00	17:00:00	2020-01-20 00:00:00	15:00:00	17:00:00	\N	\N	2019-11-05 09:20:04	\N	\N
528	3960	10276	2019-12-02 00:00:00	16:00:00	17:30:00	2019-12-09 00:00:00	16:00:00	17:30:00	2019-12-16 00:00:00	16:00:00	17:30:00	date1	2019-11-06 13:29:50	2019-10-28 17:53:34	\N	2019-11-03 12:01:26
537	3969	246	2019-11-28 00:00:00	13:00:00	14:00:00	2019-12-05 00:00:00	13:00:00	14:00:00	2019-12-12 00:00:00	13:00:00	14:00:00	date1	2019-11-06 14:39:41	2019-10-28 22:48:13	\N	2019-11-03 12:01:27
541	3973	\N	2019-12-05 00:00:00	09:00:00	11:00:00	2019-12-12 00:00:00	09:00:00	11:00:00	2019-12-19 00:00:00	09:00:00	11:00:00	autre	\N	2019-10-29 12:21:33	\N	\N
567	3996	10600	2019-12-09 00:00:00	15:00:00	17:00:00	2019-12-16 00:00:00	15:00:00	17:00:00	2020-01-06 00:00:00	15:00:00	17:00:00	autre	2019-11-12 09:41:24	2019-11-04 15:59:21	\N	2019-11-10 12:01:19
635	4060	13096	2020-01-23 00:00:00	13:30:00	15:30:00	2020-01-16 00:00:00	13:30:00	15:30:00	2020-12-19 00:00:00	13:30:00	15:30:00	date1	2020-01-16 17:34:42	2019-11-22 18:23:02	\N	\N
594	4022	158	2019-12-10 00:00:00	08:00:00	10:00:00	2019-12-17 00:00:00	08:00:00	10:00:00	2020-01-07 00:00:00	08:00:00	10:00:00	date3	2019-11-12 14:42:07	2019-11-06 13:44:43	\N	2019-11-12 12:02:34
597	4025	13296	2020-03-06 00:00:00	14:30:00	16:30:00	2020-03-06 00:00:00	14:30:00	16:30:00	2020-03-06 00:00:00	14:30:00	16:30:00	date1	2020-03-04 17:03:53	2019-11-07 09:41:27	\N	\N
595	4023	\N	2019-12-19 00:00:00	15:30:00	17:30:00	2020-01-16 00:00:00	15:30:00	17:30:00	2020-01-30 00:00:00	15:30:00	17:30:00	date1	\N	2019-11-06 15:37:45	\N	\N
565	3993	5772	2019-12-05 00:00:00	08:30:00	10:00:00	2019-12-12 00:00:00	08:30:00	10:30:00	2019-12-19 00:00:00	08:30:00	10:30:00	date1	\N	2019-11-02 20:38:23	\N	2019-11-08 12:01:22
600	4028	15502	2019-12-16 00:00:00	08:30:00	10:00:00	2019-12-20 00:00:00	14:00:00	15:30:00	2019-12-17 00:00:00	09:30:00	11:00:00	non	2019-11-13 11:46:00	2019-11-09 22:04:46	Bonjour \r\n\r\nJe suis désolée mais je ne suis pas spécialisée en aéronautique mais en agroalimentaire.\r\nBonne réception	\N
591	4019	5785	2019-12-19 00:00:00	09:00:00	12:00:00	2019-12-19 00:00:00	09:00:00	12:00:00	2019-12-19 00:00:00	09:00:00	12:00:00	date1	\N	2019-11-06 12:24:07	\N	2019-11-12 12:02:29
617	4044	5789	2020-02-04 00:00:00	09:00:00	17:00:00	2020-03-10 00:00:00	09:00:00	17:00:00	2020-05-12 00:00:00	09:00:00	17:00:00	date1	2019-11-15 14:56:17	2019-11-15 14:36:54	\N	\N
606	4033	79	2019-12-19 00:00:00	09:00:00	10:30:00	2020-01-09 00:00:00	09:00:00	10:30:00	2020-01-23 00:00:00	09:00:00	10:30:00	\N	\N	2019-11-11 17:17:14	\N	2019-11-17 12:01:20
596	4024	\N	2020-01-08 00:00:00	08:00:00	12:00:00	2020-02-10 00:00:00	14:00:00	17:00:00	2019-12-18 00:00:00	08:00:00	12:00:00	date1	\N	2019-11-07 00:20:19	\N	\N
582	4010	9938	2019-12-19 00:00:00	09:00:00	12:00:00	2019-12-19 00:00:00	09:00:00	12:00:00	2019-12-19 00:00:00	09:00:00	12:00:00	date1	2019-11-06 12:14:14	2019-11-06 12:06:11	\N	\N
634	3601	10481	2019-11-22 00:00:00	08:00:00	08:00:00	2019-11-22 00:00:00	08:00:00	08:00:00	2019-11-22 00:00:00	08:00:00	08:00:00	date1	\N	2019-11-22 11:19:49	\N	\N
589	4017	9990	2019-12-19 00:00:00	09:00:00	12:00:00	2019-12-19 00:00:00	09:00:00	12:00:00	2019-12-19 00:00:00	09:00:00	12:00:00	date1	2019-11-06 12:34:50	2019-11-06 12:20:51	\N	\N
563	3991	10293	2019-12-13 00:00:00	11:00:00	12:00:00	2019-12-20 00:00:00	11:00:00	12:00:00	2020-06-22 00:00:00	13:00:00	15:00:00	autre	\N	2019-11-02 16:39:39	\N	2019-11-08 12:01:22
585	4013	80	2019-12-19 00:00:00	09:00:00	12:00:00	2019-12-19 00:00:00	09:00:00	12:00:00	2019-12-19 00:00:00	09:00:00	12:00:00	date1	2019-11-06 12:57:44	2019-11-06 12:14:07	\N	\N
587	4015	9902	2019-12-19 00:00:00	09:00:00	12:00:00	2019-12-19 00:00:00	09:00:00	12:00:00	2019-12-19 00:00:00	09:00:00	12:00:00	date1	2019-11-06 13:16:45	2019-11-06 12:16:56	\N	\N
624	4050	10027	2020-01-07 00:00:00	10:00:00	11:00:00	2020-01-14 00:00:00	10:00:00	11:00:00	2020-01-21 00:00:00	10:00:00	11:00:00	autre	2019-11-22 19:04:05	2019-11-18 14:59:21	\N	\N
592	4020	12864	2020-02-10 00:00:00	13:00:00	14:00:00	2020-02-11 00:00:00	13:00:00	14:00:00	2020-02-13 00:00:00	13:00:00	14:00:00	date3	2019-11-06 17:36:11	2019-11-06 12:55:52	\N	\N
598	4026	12960	2020-02-28 00:00:00	08:00:00	11:00:00	2019-12-20 00:00:00	08:00:00	11:00:00	2020-01-10 00:00:00	08:00:00	11:00:00	date1	2020-02-12 11:17:03	2019-11-09 08:58:40	\N	\N
105	3561	6768	2019-12-02 00:00:00	10:00:00	12:00:00	2020-01-14 00:00:00	09:00:00	13:00:00	2020-01-16 00:00:00	08:00:00	12:00:00	date1	2019-11-23 10:41:50	2019-09-12 18:58:44	Bonjour Madame FERRAN, Philippe AVRIL me succède dans la mission d'Ingénieur Pour l'Ecole, détaché d'EDF depuis le 01 septembre 2019. Je vous invite à le solliciter en direct au 06 52 65 64 27 ou philippe.avril@edf.fr \r\n\r\nIl sera inscrit prochainement dans la base de la Fondation C'Génial \r\n\r\nMerci \r\n\r\nCordialement \r\n\r\nSamuel BRODIER	2019-09-19 17:49:54
602	4029	\N	2019-12-23 00:00:00	08:00:00	08:00:00	2019-12-28 00:00:00	08:00:00	08:00:00	2019-12-30 00:00:00	08:00:00	08:00:00	\N	\N	2019-11-11 07:48:52	\N	\N
642	4065	12873	2020-01-16 00:00:00	08:00:00	10:00:00	2020-01-23 00:00:00	08:00:00	10:00:00	2020-01-27 00:00:00	08:00:00	10:00:00	autre	2019-11-25 09:29:45	2019-11-25 09:09:40	\N	\N
538	3970	9549	2019-11-27 00:00:00	12:00:00	13:00:00	2019-12-04 00:00:00	12:00:00	13:00:00	2019-12-11 00:00:00	12:00:00	13:00:00	date1	\N	2019-10-28 22:48:56	\N	2019-11-03 12:01:27
479	3928	7762	2020-01-20 00:00:00	11:00:00	12:30:00	2020-02-03 00:00:00	11:00:00	12:30:00	2020-03-09 00:00:00	11:00:00	12:30:00	date1	\N	2019-10-23 22:04:49	\N	2019-10-29 12:01:20
644	4067	15818	2020-02-21 00:00:00	08:00:00	11:00:00	2019-12-25 00:00:00	08:00:00	18:00:00	2020-01-23 00:00:00	08:00:00	12:00:00	date2	2019-11-25 10:34:39	2019-11-25 09:51:59	\N	\N
24	3441	10031	2019-11-29 00:00:00	10:00:00	12:00:00	2019-11-22 00:00:00	10:00:00	12:00:00	2019-11-19 00:00:00	13:30:00	15:30:00	date1	2019-11-05 14:34:06	2019-09-05 19:02:56	\N	\N
558	3986	9912	2019-12-09 00:00:00	08:00:00	12:00:00	2019-12-16 00:00:00	08:00:00	12:00:00	2020-01-06 00:00:00	08:00:00	12:00:00	autre	\N	2019-11-01 16:39:42	\N	2019-11-07 12:01:23
640	4063	\N	2019-11-24 00:00:00	14:00:00	15:00:00	2019-11-24 00:00:00	15:00:00	16:00:00	2019-11-24 00:00:00	16:00:00	17:00:00	date1	\N	2019-11-24 16:52:44	\N	\N
639	4062	14989	2019-11-24 00:00:00	16:00:00	17:00:00	2019-11-24 00:00:00	16:00:00	17:00:00	2019-11-24 00:00:00	15:00:00	16:00:00	date1	\N	2019-11-24 16:48:09	\N	2019-11-30 12:01:19
215	3733	12981	2019-11-06 00:00:00	09:00:00	10:00:00	2019-12-04 00:00:00	09:00:00	10:00:00	2019-12-18 00:00:00	09:00:00	11:00:00	date1	\N	2019-09-24 16:15:13	\N	2019-10-11 12:01:19
605	4032	13077	2020-01-09 00:00:00	13:00:00	17:00:00	2020-01-16 00:00:00	13:00:00	17:00:00	2020-01-23 00:00:00	13:00:00	17:00:00	date1	\N	2019-11-11 11:57:27	\N	2019-11-17 12:01:20
593	4021	3833	2019-12-10 00:00:00	08:00:00	10:00:00	2019-12-17 00:00:00	08:00:00	10:00:00	2020-01-07 00:00:00	08:00:00	10:00:00	date1	\N	2019-11-06 13:40:24	\N	2019-11-12 12:02:29
686	3483	\N	2019-12-18 09:27:27	\N	\N	2019-12-18 09:27:27	\N	\N	2019-12-18 09:27:27	\N	\N	\N	\N	2019-12-18 09:27:27	\N	\N
576	4004	7829	2019-12-19 00:00:00	09:00:00	12:00:00	2019-12-19 00:00:00	09:00:00	12:00:00	2019-12-19 00:00:00	09:00:00	12:00:00	date1	\N	2019-11-06 11:43:07	\N	2019-11-12 12:02:12
577	4005	13186	2019-12-19 00:00:00	09:00:00	12:00:00	2019-12-19 00:00:00	09:00:00	12:00:00	2019-12-19 00:00:00	09:00:00	12:00:00	date1	\N	2019-11-06 11:47:43	\N	2019-11-12 12:02:13
579	4007	9974	2019-12-19 00:00:00	09:00:00	12:00:00	2019-12-19 00:00:00	09:00:00	12:00:00	2019-12-19 00:00:00	09:00:00	12:00:00	date1	\N	2019-11-06 12:02:10	\N	2019-11-12 12:02:14
580	4008	9957	2019-12-19 00:00:00	09:00:00	12:00:00	2019-12-19 00:00:00	09:00:00	12:00:00	2019-12-19 00:00:00	09:00:00	12:00:00	date1	\N	2019-11-06 12:03:15	\N	2019-11-12 12:02:15
581	4009	204	2019-12-19 00:00:00	09:00:00	12:00:00	2019-12-19 00:00:00	09:00:00	12:00:00	2019-12-19 00:00:00	09:00:00	12:00:00	date1	\N	2019-11-06 12:05:02	\N	2019-11-12 12:02:17
583	4011	9988	2019-12-19 00:00:00	09:00:00	12:00:00	2019-12-19 00:00:00	09:00:00	12:00:00	2019-12-19 00:00:00	09:00:00	12:00:00	date1	\N	2019-11-06 12:07:52	\N	2019-11-12 12:02:19
584	4012	144	2019-12-19 00:00:00	09:00:00	12:00:00	2019-12-19 00:00:00	09:00:00	12:00:00	2019-12-19 00:00:00	09:00:00	12:00:00	date1	\N	2019-11-06 12:12:34	\N	2019-11-12 12:02:23
586	4014	279	2019-12-19 00:00:00	09:00:00	12:00:00	2019-12-19 00:00:00	09:00:00	12:00:00	2019-12-19 00:00:00	09:00:00	12:00:00	date1	\N	2019-11-06 12:15:20	\N	2019-11-12 12:02:28
588	4016	13039	2019-12-19 00:00:00	09:00:00	12:00:00	2019-12-19 00:00:00	09:00:00	12:00:00	2019-12-19 00:00:00	09:00:00	12:00:00	date1	\N	2019-11-06 12:18:29	\N	2019-11-12 12:02:28
590	4018	10230	2019-12-19 00:00:00	09:00:00	12:00:00	2019-12-19 00:00:00	09:00:00	12:00:00	2019-12-19 00:00:00	09:00:00	12:00:00	date1	\N	2019-11-06 12:22:36	\N	2019-11-12 12:02:29
574	4002	\N	2020-01-13 00:00:00	08:30:00	11:30:00	2020-01-16 00:00:00	08:30:00	11:30:00	2020-01-27 00:00:00	08:30:00	11:30:00	date1	\N	2019-11-05 14:09:13	\N	\N
604	4031	\N	2020-01-09 00:00:00	13:00:00	17:00:00	2020-01-16 00:00:00	13:00:00	17:00:00	2020-01-23 00:00:00	13:00:00	17:00:00	date1	\N	2019-11-11 11:54:47	\N	\N
603	4030	\N	2020-01-09 00:00:00	13:00:00	17:00:00	2020-01-16 00:00:00	13:00:00	17:00:00	2020-01-23 00:00:00	13:00:00	17:00:00	date1	\N	2019-11-11 11:52:51	\N	\N
601	4027	\N	2020-03-20 00:00:00	13:30:00	15:30:00	2020-04-02 00:00:00	13:30:00	15:30:00	2020-04-03 00:00:00	13:30:00	15:30:00	non	\N	2019-11-09 23:10:43	\N	\N
676	3566	\N	2019-12-12 00:00:00	08:00:00	08:00:00	2019-12-12 00:00:00	08:00:00	08:00:00	2019-12-12 00:00:00	08:00:00	08:00:00	date1	\N	2019-12-12 11:10:33	\N	\N
690	3573	\N	2019-12-19 00:00:00	08:00:00	08:00:00	2019-12-19 00:00:00	08:00:00	08:00:00	2019-12-19 00:00:00	08:00:00	08:00:00	date1	\N	2019-12-19 08:18:50	\N	\N
550	3979	12927	2020-03-10 00:00:00	15:00:00	17:00:00	2020-03-17 00:00:00	15:00:00	17:00:00	2020-03-24 00:00:00	15:00:00	17:00:00	date2	2019-11-05 14:16:40	2019-10-30 15:02:04	\N	2019-11-05 12:01:20
648	4068	15988	2020-03-19 00:00:00	14:30:00	16:00:00	2020-02-13 00:00:00	08:00:00	09:30:00	2020-03-12 00:00:00	08:00:00	09:30:00	date1	2020-02-20 16:20:49	2019-11-26 21:57:05	\N	\N
650	4070	\N	2020-12-01 00:00:00	13:30:00	15:30:00	2020-03-02 00:00:00	13:30:00	15:30:00	2020-10-02 00:00:00	13:30:00	15:30:00	\N	\N	2019-11-27 09:05:55	\N	\N
840	4238	10055	2020-04-03 00:00:00	09:00:00	12:00:00	2020-04-03 00:00:00	09:00:00	12:00:00	2020-04-03 00:00:00	09:00:00	12:00:00	autre	2020-03-04 16:42:16	2020-03-04 14:56:00	\N	\N
656	4076	\N	2020-01-07 00:00:00	10:30:00	15:30:00	2020-01-10 00:00:00	08:30:00	12:30:00	2020-01-14 00:00:00	08:30:00	12:30:00	date1	\N	2019-11-27 12:26:19	\N	\N
655	4075	\N	2020-01-07 00:00:00	10:30:00	15:30:00	2020-01-10 00:00:00	08:30:00	12:30:00	2020-01-14 00:00:00	08:30:00	12:30:00	date1	\N	2019-11-27 12:18:56	\N	\N
657	3668	13020	2019-11-27 00:00:00	08:00:00	08:00:00	2019-11-27 00:00:00	08:00:00	08:00:00	2019-11-27 00:00:00	08:00:00	08:00:00	date1	\N	2019-11-27 15:19:22	\N	\N
426	3556	\N	2020-01-14 00:00:00	14:00:00	17:00:00	2020-01-21 00:00:00	14:00:00	17:00:00	2020-02-11 00:00:00	14:00:00	17:00:00	date1	\N	2019-10-17 13:06:53	\N	\N
653	4073	13113	2019-12-30 00:00:00	08:00:00	09:00:00	2019-12-30 00:00:00	09:00:00	15:00:00	2019-12-31 00:00:00	08:00:00	17:00:00	date1	\N	2019-11-27 11:10:39	\N	\N
847	4245	13178	2020-04-07 00:00:00	10:00:00	12:00:00	2020-04-09 00:00:00	10:00:00	12:00:00	2020-04-10 00:00:00	10:00:00	12:00:00	autre	2020-03-10 11:26:27	2020-03-06 15:19:39	\N	\N
855	4252	2509	2020-03-11 00:00:00	08:00:00	08:00:00	2020-03-12 00:00:00	08:00:00	08:00:00	2020-03-12 00:00:00	08:00:00	08:00:00	date1	\N	2020-03-12 16:38:19	\N	\N
658	4077	15662	2020-03-06 00:00:00	15:30:00	16:30:00	2020-03-13 00:00:00	15:30:00	16:30:00	2020-03-20 00:00:00	15:30:00	16:30:00	date2	2019-11-28 12:26:30	2019-11-28 12:17:38	\N	\N
663	4080	\N	2020-01-13 00:00:00	11:00:00	13:00:00	2020-01-14 00:00:00	14:00:00	16:00:00	2020-01-17 00:00:00	15:00:00	17:00:00	\N	\N	2019-11-29 15:49:55	\N	\N
681	4101	\N	2019-12-16 10:25:31	14:30:00	16:00:00	2019-12-16 10:25:31	14:30:00	16:00:00	2019-12-16 10:25:31	14:30:00	16:00:00	\N	\N	2019-12-16 10:25:31	\N	\N
654	4074	\N	2019-12-31 00:00:00	08:00:00	08:00:00	2019-12-31 00:00:00	08:00:00	08:00:00	2019-12-31 00:00:00	08:00:00	08:00:00	autre	\N	2019-11-27 11:37:50	\N	\N
599	4027	3119	2020-02-14 00:00:00	13:30:00	15:30:00	2020-02-21 00:00:00	14:00:00	16:00:00	2020-02-07 00:00:00	14:00:00	16:00:00	date3	\N	2019-11-09 12:51:23	\N	2019-11-15 12:01:23
651	4071	13078	2019-12-27 00:00:00	08:00:00	08:00:00	2019-12-31 00:00:00	08:00:00	08:00:00	2019-12-27 00:00:00	08:00:00	08:00:00	date1	\N	2019-11-27 09:34:40	\N	2019-12-03 12:01:13
672	4092	5355	2020-01-17 00:00:00	13:00:00	14:00:00	2020-01-31 00:00:00	13:00:00	14:00:00	2020-02-28 00:00:00	13:00:00	14:00:00	date2	2019-12-06 08:30:40	2019-12-05 21:00:14	\N	\N
666	4083	15280	2020-01-09 00:00:00	13:00:00	17:00:00	2020-01-16 00:00:00	13:00:00	17:00:00	2020-01-23 00:00:00	13:00:00	17:00:00	date1	2019-12-06 11:19:33	2019-12-02 15:56:29	\N	\N
673	4094	\N	2020-03-16 00:00:00	13:30:00	16:30:00	2020-03-23 00:00:00	13:30:00	16:30:00	2020-03-30 00:00:00	13:30:00	16:30:00	date1	\N	2019-12-07 12:31:18	\N	\N
695	4109	\N	2020-04-02 00:00:00	08:30:00	12:00:00	2020-04-23 00:00:00	08:30:00	12:00:00	2020-05-14 00:00:00	08:30:00	12:00:00	\N	\N	2019-12-19 11:24:41	\N	\N
669	4086	7788	2020-01-15 00:00:00	09:00:00	11:00:00	2020-01-22 00:00:00	09:00:00	11:00:00	2020-01-29 00:00:00	09:00:00	11:00:00	\N	\N	2019-12-03 13:46:45	\N	2019-12-09 12:01:08
633	4059	267	2020-02-07 00:00:00	14:00:00	16:00:00	2020-02-14 00:00:00	14:00:00	16:00:00	2020-04-10 00:00:00	14:00:00	16:00:00	date1	\N	2019-11-21 22:31:48	\N	2019-11-27 12:01:20
652	4072	166	2020-01-28 00:00:00	16:00:00	18:00:00	2020-01-28 00:00:00	16:00:00	18:00:00	2020-02-11 00:00:00	16:00:00	18:00:00	date1	2020-02-03 17:04:45	2019-11-27 09:52:32	\N	\N
682	4101	\N	2019-12-16 10:25:31	13:30:00	15:00:00	2019-12-16 10:25:31	13:30:00	15:00:00	2019-12-16 10:25:31	13:30:00	15:00:00	\N	\N	2019-12-16 10:25:31	\N	\N
697	4110	\N	2020-02-11 00:00:00	15:30:00	17:00:00	2020-01-21 00:00:00	15:30:00	17:00:00	2020-01-28 00:00:00	15:30:00	17:00:00	\N	\N	2019-12-19 23:38:13	\N	\N
619	4046	\N	2019-12-19 00:00:00	14:00:00	16:00:00	2020-01-14 00:00:00	14:00:00	16:00:00	2020-01-16 00:00:00	14:00:00	16:00:00	date1	\N	2019-11-16 15:24:00	\N	\N
670	4087	\N	2020-01-21 00:00:00	08:00:00	10:00:00	2020-03-10 00:00:00	08:00:00	10:00:00	2020-04-14 00:00:00	08:00:00	10:00:00	date1	\N	2019-12-04 10:47:23	\N	\N
614	4041	\N	2020-01-14 00:00:00	13:30:00	14:30:00	2020-01-21 00:00:00	13:30:00	14:30:00	2020-01-28 00:00:00	13:30:00	14:30:00	date1	\N	2019-11-14 14:53:52	\N	\N
608	4035	\N	2019-12-13 00:00:00	08:00:00	10:00:00	2019-12-13 00:00:00	10:00:00	12:00:00	2019-12-20 00:00:00	10:00:00	12:00:00	date1	\N	2019-11-12 13:30:08	\N	\N
675	4096	\N	2020-10-09 00:00:00	10:00:00	12:00:00	2020-11-20 00:00:00	08:00:00	08:00:00	2020-10-16 00:00:00	10:00:00	12:00:00	date1	\N	2019-12-11 08:33:19	\N	\N
674	4095	\N	2020-10-16 00:00:00	10:00:00	12:00:00	2020-10-09 00:00:00	10:00:00	12:00:00	2020-11-20 00:00:00	10:00:00	12:00:00	date1	\N	2019-12-11 08:28:05	\N	\N
679	4099	13078	2020-01-23 00:00:00	08:00:00	08:00:00	2020-01-23 00:00:00	08:00:00	08:00:00	2020-01-29 00:00:00	08:00:00	08:00:00	date1	\N	2019-12-13 10:37:33	\N	\N
660	4079	9919	2020-01-08 00:00:00	08:00:00	09:00:00	2020-01-14 00:00:00	08:00:00	09:00:00	2020-01-09 00:00:00	08:00:00	09:00:00	date2	2019-12-13 11:12:13	2019-11-28 16:29:12	\N	\N
680	4100	12920	2020-02-03 00:00:00	08:30:00	10:30:00	2020-03-02 00:00:00	08:30:00	10:30:00	2020-03-09 00:00:00	08:30:00	10:30:00	date2	2019-12-17 14:11:45	2019-12-15 22:00:03	\N	\N
659	4078	9919	2020-01-14 00:00:00	10:00:00	11:00:00	2020-01-28 00:00:00	10:00:00	11:00:00	2020-03-10 00:00:00	10:00:00	11:00:00	date1	2019-12-13 11:12:50	2019-11-28 12:25:55	\N	2019-12-04 12:01:16
629	4055	12875	2020-01-30 00:00:00	13:30:00	15:30:00	2020-01-16 00:00:00	13:30:00	15:30:00	2020-01-15 00:00:00	10:30:00	12:30:00	date2	2019-12-13 11:45:20	2019-11-20 16:36:30	\N	2019-11-26 12:01:21
683	4102	10673	2020-02-10 00:00:00	14:00:00	15:00:00	2020-02-17 00:00:00	14:00:00	15:00:00	2020-02-24 00:00:00	14:00:00	15:00:00	date1	2019-12-18 08:09:48	2019-12-17 20:52:52	\N	\N
667	4084	4556	2020-01-21 00:00:00	14:00:00	17:00:00	2020-02-04 00:00:00	14:00:00	17:00:00	2020-03-10 00:00:00	14:00:00	17:00:00	date2	\N	2019-12-03 10:57:49	\N	2019-12-09 12:01:08
668	4085	3509	2020-01-21 00:00:00	14:00:00	17:00:00	2020-01-28 00:00:00	14:00:00	17:00:00	2020-02-11 00:00:00	14:00:00	17:00:00	date1	\N	2019-12-03 11:00:56	\N	2019-12-09 12:01:08
677	4097	10206	2020-02-19 00:00:00	10:30:00	12:30:00	2020-02-19 00:00:00	14:00:00	16:00:00	2020-02-19 00:00:00	16:00:00	17:30:00	\N	\N	2019-12-12 11:37:52	\N	2019-12-18 12:01:14
416	3895	4032	2019-11-21 00:00:00	11:00:00	12:00:00	2019-11-28 00:00:00	11:00:00	12:00:00	2019-12-05 00:00:00	11:00:00	12:00:00	date1	\N	2019-10-16 14:11:33	\N	2019-10-22 12:01:24
318	3833	10113	2020-03-17 00:00:00	14:00:00	15:00:00	2020-03-17 00:00:00	15:00:00	16:00:00	2020-03-17 00:00:00	08:00:00	08:00:00	date1	\N	2019-10-08 09:00:48	\N	2019-10-14 12:01:21
664	4081	\N	2020-01-13 00:00:00	08:00:00	10:00:00	2020-01-14 00:00:00	14:00:00	16:00:00	2020-01-20 00:00:00	08:00:00	10:00:00	date1	\N	2019-11-29 16:12:05	\N	\N
662	3840	\N	2020-01-17 00:00:00	08:00:00	10:00:00	2020-01-24 00:00:00	08:00:00	10:00:00	2020-01-20 00:00:00	16:00:00	18:00:00	date1	\N	2019-11-29 15:46:09	\N	\N
678	4098	7806	2020-02-04 00:00:00	14:00:00	16:00:00	2020-02-05 00:00:00	14:00:00	16:00:00	2020-02-07 00:00:00	14:00:00	16:00:00	date3	2019-12-20 16:44:53	2019-12-12 17:43:03	\N	2019-12-18 12:01:14
649	4069	\N	2020-01-14 00:00:00	11:00:00	12:00:00	2020-01-07 00:00:00	11:00:00	12:00:00	2020-01-10 00:00:00	08:00:00	09:00:00	autre	\N	2019-11-26 22:44:26	\N	\N
516	3948	\N	2019-12-16 00:00:00	10:00:00	11:00:00	2020-01-20 00:00:00	13:00:00	14:00:00	2020-01-27 00:00:00	13:00:00	14:00:00	date1	\N	2019-10-27 08:28:30	\N	\N
436	3905	\N	2019-12-04 00:00:00	15:00:00	17:00:00	2019-12-11 00:00:00	15:00:00	17:00:00	2019-12-18 00:00:00	15:00:00	17:00:00	date1	\N	2019-10-17 21:53:46	\N	\N
270	3788	\N	2020-03-03 00:00:00	09:00:00	17:00:00	2020-03-09 00:00:00	08:00:00	08:00:00	2020-03-10 00:00:00	08:00:00	08:00:00	date1	\N	2019-10-01 10:23:35	\N	\N
700	3600	\N	2019-12-22 00:00:00	08:00:00	08:00:00	2019-12-22 00:00:00	08:00:00	08:00:00	2019-12-22 00:00:00	08:00:00	08:00:00	date1	\N	2019-12-22 16:40:22	\N	\N
229	3748	5789	2020-02-04 00:00:00	14:00:00	15:00:00	2020-02-27 00:00:00	09:00:00	10:00:00	2020-03-06 00:00:00	09:00:00	10:00:00	date3	2020-01-07 11:26:24	2019-09-26 11:23:06	\N	\N
448	3917	12995	2020-01-27 00:00:00	11:00:00	13:00:00	2019-12-02 00:00:00	11:00:00	13:00:00	2019-12-08 00:00:00	11:00:00	13:00:00	date1	2020-01-07 14:42:26	2019-10-20 19:56:24	\N	2019-10-26 12:01:20
701	4112	10053	2020-03-03 00:00:00	13:00:00	15:00:00	2020-03-06 00:00:00	10:00:00	12:00:00	2020-03-10 00:00:00	13:00:00	15:00:00	date1	2020-01-21 18:57:48	2020-01-03 09:44:49	\N	\N
671	4091	10206	2020-01-29 00:00:00	09:00:00	18:00:00	2020-01-28 00:00:00	14:30:00	16:00:00	2020-01-27 00:00:00	14:30:00	16:30:00	date1	2020-01-21 15:23:29	2019-12-05 11:25:37	\N	\N
578	4006	1364	2020-03-06 00:00:00	09:00:00	11:00:00	2020-02-12 00:00:00	08:00:00	10:00:00	2020-02-20 00:00:00	08:00:00	10:00:00	date1	2020-02-03 15:08:25	2019-11-06 11:59:56	\N	\N
687	4107	15303	2020-03-02 00:00:00	10:30:00	12:00:00	2020-03-03 00:00:00	13:30:00	15:00:00	2020-03-09 00:00:00	10:30:00	12:00:00	autre	2020-02-21 11:50:26	2019-12-18 12:33:48	\N	\N
702	4113	15978	2020-03-20 00:00:00	10:00:00	12:00:00	2020-03-26 00:00:00	14:00:00	16:00:00	2020-03-27 00:00:00	10:00:00	12:00:00	date3	2020-02-10 10:20:53	2020-01-06 11:38:42	\N	\N
515	3947	5788	2020-01-14 00:00:00	15:00:00	17:00:00	2020-01-28 00:00:00	15:00:00	17:00:00	2020-02-25 00:00:00	15:00:00	17:00:00	date1	2020-01-07 15:10:01	2019-10-26 15:45:43	\N	2019-11-01 12:01:22
704	4114	13078	2020-02-07 00:00:00	08:00:00	08:00:00	2020-02-09 00:00:00	08:00:00	08:00:00	2020-02-08 00:00:00	08:00:00	08:00:00	date2	2020-01-07 17:31:37	2020-01-07 17:30:43	\N	\N
705	4115	13078	2020-02-09 00:00:00	08:00:00	08:00:00	2020-02-09 00:00:00	08:00:00	08:00:00	2020-02-09 00:00:00	08:00:00	08:00:00	date2	2020-01-07 17:42:42	2020-01-07 17:42:08	\N	\N
707	4117	13078	2020-02-08 00:00:00	08:00:00	08:00:00	2020-02-08 00:00:00	08:00:00	08:00:00	2020-02-08 00:00:00	08:00:00	08:00:00	non	2020-01-07 18:02:37	2020-01-07 18:01:01	test 0701	\N
708	4118	\N	2020-02-12 00:00:00	08:00:00	12:00:00	2020-02-13 00:00:00	08:00:00	09:00:00	2020-02-14 00:00:00	08:00:00	09:00:00	\N	\N	2020-01-09 13:36:30	\N	\N
388	3888	9928	2020-01-13 00:00:00	08:00:00	10:00:00	2020-01-07 00:00:00	14:00:00	16:00:00	2020-01-14 00:00:00	14:00:00	16:00:00	date1	\N	2019-10-15 16:45:19	\N	2019-10-21 12:01:22
844	4242	10048	2020-04-03 00:00:00	09:00:00	12:00:00	2020-04-03 00:00:00	09:00:00	12:00:00	2020-04-03 00:00:00	09:00:00	12:00:00	date1	\N	2020-03-04 15:07:15	\N	2020-03-10 12:01:02
841	4239	9903	2020-04-03 00:00:00	09:00:00	12:00:00	2020-04-03 00:00:00	09:00:00	12:00:00	2020-04-03 00:00:00	09:00:00	12:00:00	date1	\N	2020-03-04 14:58:08	\N	2020-03-10 12:01:06
709	4119	\N	2020-01-09 00:00:00	15:30:00	17:30:00	2020-01-09 00:00:00	15:30:00	17:30:00	2020-01-09 00:00:00	15:30:00	17:30:00	non	2020-01-10 09:15:30	2020-01-09 21:46:55	la demande est arrivée hier à 22 pour une intervention le même jour. de plus, le site de Honfleur travaille dans le minérale et pas du tout dans la biotechnologie	\N
698	4111	7744	2020-02-25 00:00:00	16:00:00	17:00:00	2020-02-27 00:00:00	16:00:00	17:00:00	2020-03-02 00:00:00	16:00:00	17:00:00	non	2019-12-20 17:43:43	2019-12-20 16:08:16	Bonjour Madame Mayard, j'apprécie que vous me recontactiez mais je serai beaucoup en déplacement l'année prochaine et il est peu probable que je puisse assurer cette intervention. Bonnes recherches et à une prochaine fois, j'apprécie beaucoup votre travail à Simone Veil puis à Françoise Combes.	\N
97	3551	10275	2020-01-23 00:00:00	13:30:00	15:30:00	2020-01-16 00:00:00	13:30:00	15:30:00	2020-01-23 00:00:00	13:30:00	15:30:00	date1	2019-09-23 14:33:25	2019-09-12 17:36:18	\N	2019-09-19 17:49:52
850	4247	9946	2020-04-17 00:00:00	13:00:00	17:00:00	2020-04-24 00:00:00	13:00:00	17:00:00	2020-05-01 00:00:00	13:00:00	17:00:00	date1	2020-03-12 13:25:18	2020-03-12 12:40:42	\N	\N
854	4251	10001	2020-04-17 00:00:00	13:00:00	17:00:00	2020-04-24 00:00:00	13:00:00	17:00:00	2020-05-01 00:00:00	13:00:00	17:00:00	\N	\N	2020-03-12 16:38:17	\N	2020-03-18 12:01:06
859	4255	10208	2020-09-18 00:00:00	08:00:00	12:00:00	2020-09-21 00:00:00	08:00:00	12:00:00	2020-09-22 00:00:00	08:00:00	12:00:00	\N	\N	2020-07-03 08:14:20	\N	2020-07-09 12:00:45
712	4123	\N	2020-01-10 00:00:00	10:00:00	11:00:00	2020-02-13 00:00:00	11:00:00	12:00:00	2020-02-14 00:00:00	11:00:00	12:00:00	autre	\N	2020-01-13 22:03:44	\N	\N
711	4122	15771	2020-03-24 00:00:00	11:00:00	12:30:00	2020-04-21 00:00:00	11:00:00	12:30:00	2020-05-05 00:00:00	11:00:00	12:30:00	date1	\N	2020-01-13 16:11:23	\N	\N
706	4116	10062	2020-03-26 00:00:00	13:00:00	14:30:00	2020-04-23 00:00:00	13:00:00	14:30:00	2020-05-07 00:00:00	13:00:00	14:30:00	date1	\N	2020-01-07 17:54:55	\N	2020-01-13 12:01:09
710	4119	9874	2020-02-06 00:00:00	08:00:00	12:00:00	2020-01-09 00:00:00	08:00:00	08:00:00	2020-01-09 00:00:00	08:00:00	08:00:00	date1	2020-02-04 12:43:38	2020-01-09 21:46:55	\N	\N
477	3654	16013	2020-03-10 00:00:00	14:00:00	15:00:00	2019-12-06 00:00:00	08:00:00	10:00:00	2019-12-13 00:00:00	08:00:00	10:00:00	date1	2020-03-04 12:16:10	2019-10-23 17:11:39	\N	\N
717	4132	7806	2020-02-28 00:00:00	13:30:00	15:30:00	2020-03-06 00:00:00	13:30:00	15:30:00	2020-03-13 00:00:00	13:30:00	15:30:00	date3	2020-01-17 16:56:04	2020-01-17 13:31:53	\N	\N
719	3676	\N	2020-01-18 09:15:47	\N	\N	2020-01-18 09:15:47	\N	\N	2020-01-18 09:15:47	\N	\N	\N	\N	2020-01-18 09:15:47	\N	\N
851	4248	\N	2020-03-12 16:33:16	\N	\N	2020-03-12 16:33:16	\N	\N	2020-03-12 16:33:16	\N	\N	\N	\N	2020-03-12 16:33:16	\N	\N
720	4134	10304	2020-03-04 00:00:00	09:30:00	11:30:00	2020-03-18 00:00:00	09:30:00	11:30:00	2020-04-29 00:00:00	09:30:00	11:30:00	date2	2020-01-20 09:01:30	2020-01-19 11:13:29	\N	\N
721	4135	\N	2020-03-16 00:00:00	14:00:00	16:00:00	2020-03-23 00:00:00	08:00:00	10:00:00	2020-03-30 00:00:00	08:00:00	08:00:00	date1	\N	2020-01-19 18:14:32	\N	\N
722	4136	\N	2020-01-20 11:42:05	\N	\N	2020-01-20 11:42:05	\N	\N	2020-01-20 11:42:05	\N	\N	\N	\N	2020-01-20 11:42:05	\N	\N
723	4137	\N	2020-01-20 11:51:11	\N	\N	2020-01-20 11:51:11	\N	\N	2020-01-20 11:51:11	\N	\N	\N	\N	2020-01-20 11:51:11	\N	\N
382	3525	\N	2020-06-03 00:00:00	13:00:00	15:00:00	2020-06-09 00:00:00	13:00:00	15:00:00	2020-06-16 00:00:00	13:00:00	15:00:00	date1	\N	2019-10-15 14:38:55	\N	\N
724	4138	15870	2020-03-16 00:00:00	15:30:00	16:30:00	2020-01-20 00:00:00	08:00:00	08:00:00	2020-01-20 00:00:00	08:00:00	08:00:00	date1	\N	2020-01-20 11:55:00	\N	\N
718	4133	13078	2020-02-20 00:00:00	08:00:00	08:00:00	2020-02-19 00:00:00	08:00:00	08:00:00	2020-02-27 00:00:00	08:00:00	08:00:00	date1	\N	2020-01-17 17:37:32	\N	\N
457	3514	\N	2019-10-21 00:00:00	08:00:00	08:00:00	2019-10-21 00:00:00	08:00:00	08:00:00	2019-10-21 00:00:00	08:00:00	08:00:00	date1	\N	2019-10-21 19:23:13	\N	\N
730	4143	\N	2020-01-22 10:42:49	\N	\N	2020-01-22 10:42:49	\N	\N	2020-01-22 10:42:49	\N	\N	\N	\N	2020-01-22 10:42:49	\N	\N
731	4144	\N	2020-01-22 10:44:10	\N	\N	2020-01-22 10:44:10	\N	\N	2020-01-22 10:44:10	\N	\N	\N	\N	2020-01-22 10:44:10	\N	\N
732	4145	13077	2020-01-22 00:00:00	08:00:00	08:00:00	2020-01-22 00:00:00	08:00:00	08:00:00	2020-01-22 00:00:00	08:00:00	08:00:00	date1	\N	2020-01-22 10:45:16	\N	\N
733	4146	\N	2020-01-22 10:45:26	\N	\N	2020-01-22 10:45:26	\N	\N	2020-01-22 10:45:26	\N	\N	\N	\N	2020-01-22 10:45:26	\N	\N
734	4147	\N	2020-01-22 10:46:22	\N	\N	2020-01-22 10:46:22	\N	\N	2020-01-22 10:46:22	\N	\N	\N	\N	2020-01-22 10:46:22	\N	\N
735	4148	13077	2020-01-22 00:00:00	08:00:00	08:00:00	2020-01-22 00:00:00	08:00:00	08:00:00	2020-01-22 00:00:00	08:00:00	08:00:00	date1	\N	2020-01-22 10:46:41	\N	\N
740	4153	\N	2020-05-05 00:00:00	08:00:00	15:00:00	2020-05-05 00:00:00	08:00:00	15:00:00	2020-05-05 00:00:00	08:00:00	15:00:00	\N	\N	2020-01-25 18:07:43	\N	\N
762	4174	9777	2020-01-21 00:00:00	16:00:00	18:00:00	2020-02-05 00:00:00	08:00:00	08:00:00	2020-02-05 00:00:00	08:00:00	08:00:00	autre	\N	2020-02-05 09:12:46	\N	\N
741	4154	158	2020-03-09 00:00:00	14:00:00	16:00:00	2020-03-16 00:00:00	14:00:00	16:00:00	2020-03-20 00:00:00	10:00:00	12:00:00	non	2020-01-28 11:05:49	2020-01-27 21:23:05	Bonjour\r\nLa gestion RH, des finances ou encore de l'informatique ne font pas partis de mes centres de compétences, et je ne saurai faire une présentation correcte sur ces sujets.\r\nMa presentation concerne les metiers techniques de STMicroelectronics. Le seul lien est le fait que je fait de la gestion de projet, avec prise en compte du coté humain dans les projets et l'utilisation d'outils dédiés, mais je n'ai pas de présentation specifique la-dessus. ca pourrait être l'occasion.\r\nJ'espere que vous trouverez qq'un dans le domaine recherché.\r\nBonne journée\r\nXavier	\N
728	4142	10016	2020-05-15 00:00:00	14:00:00	16:00:00	2020-05-29 00:00:00	14:00:00	16:00:00	2020-05-26 00:00:00	14:00:00	16:00:00	date1	\N	2020-01-21 12:54:32	\N	2020-01-27 12:01:02
768	4180	\N	2020-05-18 00:00:00	08:00:00	17:00:00	2020-03-16 00:00:00	08:00:00	17:00:00	2020-03-23 00:00:00	08:00:00	17:00:00	date1	\N	2020-02-05 20:22:51	\N	\N
713	3372	\N	2020-02-07 00:00:00	10:00:00	12:00:00	2020-02-14 00:00:00	10:00:00	12:00:00	2020-03-05 00:00:00	10:00:00	12:00:00	date1	\N	2020-01-15 10:55:43	\N	\N
241	3417	9777	2020-01-21 00:00:00	10:00:00	12:00:00	2019-11-12 00:00:00	10:00:00	12:00:00	2019-11-19 00:00:00	10:00:00	12:00:00	date1	2020-02-04 18:03:11	2019-09-27 23:03:49	\N	\N
758	4171	12960	2020-03-09 00:00:00	16:00:00	17:00:00	2020-03-09 00:00:00	16:00:00	08:00:00	2020-03-09 00:00:00	16:00:00	08:00:00	date1	2020-02-04 11:59:49	2020-02-04 09:14:55	\N	\N
759	3062	\N	2020-02-04 12:13:47	\N	\N	2020-02-04 12:13:47	\N	\N	2020-02-04 12:13:47	\N	\N	\N	\N	2020-02-04 12:13:47	\N	\N
743	4156	16000	2020-03-02 00:00:00	09:00:00	12:00:00	2020-03-04 00:00:00	08:00:00	12:00:00	2020-03-03 00:00:00	08:00:00	12:00:00	date1	2020-01-31 15:36:54	2020-01-30 19:04:02	\N	\N
748	4161	\N	2020-02-03 14:48:00	\N	\N	2020-02-03 14:48:00	\N	\N	2020-02-03 14:48:00	\N	\N	\N	\N	2020-02-03 14:48:00	\N	\N
749	4162	\N	2020-02-03 14:49:01	\N	\N	2020-02-03 14:49:01	\N	\N	2020-02-03 14:49:01	\N	\N	\N	\N	2020-02-03 14:49:01	\N	\N
750	4163	\N	2020-02-03 14:49:28	\N	\N	2020-02-03 14:49:28	\N	\N	2020-02-03 14:49:28	\N	\N	\N	\N	2020-02-03 14:49:28	\N	\N
751	4164	13077	2020-02-03 00:00:00	08:00:00	08:00:00	2020-02-03 00:00:00	08:00:00	08:00:00	2020-02-03 00:00:00	08:00:00	08:00:00	date1	\N	2020-02-03 14:49:35	\N	\N
752	4165	\N	2020-02-03 14:50:38	\N	\N	2020-02-03 14:50:38	\N	\N	2020-02-03 14:50:38	\N	\N	\N	\N	2020-02-03 14:50:38	\N	\N
753	4166	\N	2020-02-03 14:51:59	\N	\N	2020-02-03 14:51:59	\N	\N	2020-02-03 14:51:59	\N	\N	\N	\N	2020-02-03 14:51:59	\N	\N
754	4167	\N	2020-02-03 14:52:09	\N	\N	2020-02-03 14:52:09	\N	\N	2020-02-03 14:52:09	\N	\N	\N	\N	2020-02-03 14:52:09	\N	\N
755	4168	\N	2020-02-03 14:52:36	\N	\N	2020-02-03 14:52:36	\N	\N	2020-02-03 14:52:36	\N	\N	\N	\N	2020-02-03 14:52:36	\N	\N
756	4169	\N	2020-02-03 14:53:46	\N	\N	2020-02-03 14:53:46	\N	\N	2020-02-03 14:53:46	\N	\N	\N	\N	2020-02-03 14:53:46	\N	\N
757	4170	13077	2020-02-03 00:00:00	08:00:00	08:00:00	2020-02-03 00:00:00	08:00:00	08:00:00	2020-02-03 00:00:00	08:00:00	08:00:00	date1	\N	2020-02-03 14:53:55	\N	\N
716	4131	\N	2020-04-23 00:00:00	10:30:00	12:00:00	2020-04-30 00:00:00	10:30:00	12:00:00	2020-05-07 00:00:00	10:30:00	12:00:00	date1	\N	2020-01-17 09:43:34	\N	\N
742	4155	\N	2020-03-03 00:00:00	09:00:00	12:00:00	2020-03-10 00:00:00	09:00:00	12:00:00	2020-03-17 00:00:00	09:00:00	12:00:00	date1	\N	2020-01-29 00:05:21	\N	\N
746	4159	2317	2020-03-17 00:00:00	08:30:00	12:30:00	2020-03-19 00:00:00	13:30:00	17:30:00	2020-03-20 00:00:00	08:30:00	12:30:00	date1	\N	2020-02-02 14:58:52	\N	\N
736	4149	9989	2020-03-10 00:00:00	08:30:00	12:30:00	2020-03-10 00:00:00	08:30:00	12:30:00	2020-03-13 00:00:00	08:30:00	12:30:00	date1	\N	2020-01-22 13:29:30	\N	2020-01-28 12:01:04
747	4160	\N	2020-05-11 00:00:00	08:00:00	09:00:00	2020-03-11 00:00:00	08:00:00	08:00:00	2020-03-26 00:00:00	08:00:00	08:00:00	date1	\N	2020-02-02 19:54:11	\N	\N
760	4172	10257	2020-03-20 00:00:00	14:00:00	16:00:00	2020-03-20 00:00:00	14:00:00	16:00:00	2020-03-20 00:00:00	14:00:00	16:00:00	autre	2020-02-04 15:59:42	2020-02-04 13:50:10	\N	\N
727	4141	\N	2020-05-15 00:00:00	14:00:00	16:00:00	2020-05-29 00:00:00	14:00:00	16:00:00	2020-05-26 00:00:00	14:00:00	16:00:00	date1	\N	2020-01-21 12:54:14	\N	\N
726	4140	\N	2020-05-15 00:00:00	14:00:00	16:00:00	2020-05-29 00:00:00	14:00:00	16:00:00	2020-05-26 00:00:00	14:00:00	16:00:00	date1	\N	2020-01-21 12:53:20	\N	\N
761	4173	\N	2020-02-05 09:07:48	\N	\N	2020-02-05 09:07:48	\N	\N	2020-02-05 09:07:48	\N	\N	\N	\N	2020-02-05 09:07:48	\N	\N
347	3861	10024	2020-02-14 00:00:00	14:00:00	16:00:00	2020-02-14 00:00:00	14:00:00	16:00:00	2020-02-14 00:00:00	14:00:00	16:00:00	date1	2020-02-05 16:33:59	2019-10-10 16:27:03	\N	\N
763	4175	\N	2020-02-05 17:32:27	10:00:00	12:00:00	2020-02-05 17:32:27	10:00:00	12:00:00	2020-02-05 17:32:27	10:00:00	12:00:00	\N	\N	2020-02-05 17:32:27	\N	\N
765	4177	\N	2020-02-05 17:34:44	10:00:00	12:00:00	2020-02-05 17:34:44	10:00:00	12:00:00	2020-02-05 17:34:44	10:00:00	12:00:00	\N	\N	2020-02-05 17:34:44	\N	\N
766	4178	\N	2020-03-12 00:00:00	08:00:00	12:00:00	2020-03-13 00:00:00	08:00:00	18:00:00	2020-03-13 00:00:00	08:00:00	12:00:00	\N	\N	2020-02-05 17:37:45	\N	\N
767	4179	\N	2020-05-19 00:00:00	14:00:00	18:00:00	2020-05-26 00:00:00	14:00:00	18:00:00	2020-04-28 00:00:00	14:00:00	18:00:00	\N	\N	2020-02-05 18:49:54	\N	\N
729	3328	3042	2020-01-21 00:00:00	08:00:00	08:00:00	2020-01-21 00:00:00	08:00:00	08:00:00	2020-01-21 00:00:00	08:00:00	08:00:00	date1	\N	2020-01-21 19:36:19	\N	2020-01-27 12:01:03
769	4181	\N	2020-06-02 00:00:00	09:00:00	12:00:00	2020-06-04 00:00:00	09:00:00	11:00:00	2020-05-29 00:00:00	08:00:00	10:00:00	\N	\N	2020-02-05 20:44:02	\N	\N
744	4157	10002	2020-03-31 00:00:00	14:00:00	15:00:00	2020-04-03 00:00:00	09:00:00	10:00:00	2020-04-03 00:00:00	10:00:00	11:00:00	\N	\N	2020-02-01 17:11:18	\N	2020-02-07 12:01:09
714	4128	\N	2020-03-25 00:00:00	08:00:00	12:00:00	2020-03-13 00:00:00	08:00:00	09:00:00	2020-03-14 00:00:00	08:00:00	09:00:00	\N	\N	2020-01-15 16:06:11	\N	\N
770	4182	15976	2020-06-11 00:00:00	16:00:00	17:30:00	2020-06-12 00:00:00	16:00:00	17:30:00	2020-06-09 00:00:00	16:00:00	17:30:00	date3	2020-02-18 17:11:12	2020-02-06 06:39:44	\N	\N
764	4176	\N	2020-02-05 00:00:00	10:00:00	12:00:00	2020-02-05 00:00:00	10:00:00	12:00:00	2020-02-05 00:00:00	10:00:00	12:00:00	date1	\N	2020-02-05 17:32:58	\N	\N
771	4183	10203	2020-04-03 00:00:00	10:00:00	11:30:00	2020-04-01 00:00:00	08:00:00	09:30:00	2020-04-01 00:00:00	09:00:00	10:30:00	\N	\N	2020-02-06 11:12:48	\N	2020-02-12 12:01:04
575	4003	8941	2020-04-01 00:00:00	15:00:00	17:30:00	2020-02-12 00:00:00	15:00:00	17:30:00	2020-01-22 00:00:00	15:00:00	17:30:00	autre	2020-01-28 12:50:49	2019-11-06 07:31:39	\N	\N
831	4231	9956	2020-02-28 00:00:00	08:00:00	08:00:00	2020-02-28 00:00:00	08:00:00	08:00:00	2020-02-28 00:00:00	08:00:00	08:00:00	date1	\N	2020-02-28 15:28:56	\N	\N
772	4184	5793	2020-03-11 00:00:00	13:00:00	15:00:00	2020-03-23 00:00:00	13:00:00	15:00:00	2020-04-02 00:00:00	16:00:00	18:00:00	date1	2020-02-07 09:46:40	2020-02-06 22:39:58	\N	\N
774	4186	\N	2020-03-11 00:00:00	10:00:00	11:30:00	2020-03-18 00:00:00	10:00:00	11:30:00	2020-03-25 00:00:00	10:00:00	11:30:00	\N	\N	2020-02-07 10:47:50	\N	\N
775	4187	\N	2020-03-23 00:00:00	08:00:00	09:30:00	2020-03-30 00:00:00	08:00:00	09:30:00	2020-04-06 00:00:00	08:00:00	09:30:00	\N	\N	2020-02-07 11:52:41	\N	\N
745	4158	15662	2020-03-31 00:00:00	14:00:00	15:00:00	2020-04-03 00:00:00	09:00:00	10:00:00	2020-04-03 00:00:00	10:00:00	11:00:00	\N	\N	2020-02-01 17:15:36	\N	2020-02-07 12:01:10
776	4188	\N	2020-04-03 00:00:00	13:00:00	14:30:00	2020-04-06 00:00:00	13:30:00	15:30:00	2020-04-10 00:00:00	13:00:00	14:30:00	\N	\N	2020-02-07 17:49:41	\N	\N
822	4222	\N	2020-04-14 00:00:00	08:00:00	08:00:00	2020-04-24 00:00:00	08:00:00	08:00:00	2020-04-16 00:00:00	08:00:00	08:00:00	date1	\N	2020-02-24 10:30:47	\N	\N
821	4221	7783	2020-03-25 00:00:00	08:00:00	10:00:00	2020-04-22 00:00:00	08:00:00	10:00:00	2020-05-06 00:00:00	08:00:00	10:00:00	date1	\N	2020-02-22 15:50:02	\N	2020-02-28 12:00:57
795	3101	3119	2020-03-19 00:00:00	16:00:00	18:00:00	2020-04-16 00:00:00	10:00:00	12:00:00	2020-04-16 00:00:00	16:00:00	18:00:00	date1	\N	2020-02-13 10:09:05	\N	2020-02-19 12:00:58
781	4193	\N	2020-03-20 00:00:00	10:00:00	12:00:00	2020-03-27 00:00:00	10:00:00	12:00:00	2020-04-03 00:00:00	10:00:00	12:00:00	\N	\N	2020-02-08 23:09:12	\N	\N
782	4193	\N	2020-03-27 00:00:00	10:00:00	12:00:00	2020-04-03 00:00:00	10:00:00	12:00:00	2020-04-10 00:00:00	10:00:00	12:00:00	\N	\N	2020-02-08 23:12:34	\N	\N
777	4189	5793	2020-04-03 00:00:00	13:00:00	14:30:00	2020-04-06 00:00:00	13:30:00	15:30:00	2020-04-10 00:00:00	13:00:00	14:30:00	date2	2020-02-10 09:35:44	2020-02-07 17:52:01	\N	\N
783	4194	13014	2020-03-17 00:00:00	13:30:00	15:30:00	2020-03-24 00:00:00	09:00:00	11:00:00	2020-03-31 00:00:00	13:30:00	15:30:00	date1	2020-02-10 11:54:14	2020-02-10 11:47:08	\N	\N
784	4195	\N	2020-02-11 11:48:42	\N	\N	2020-02-11 11:48:42	\N	\N	2020-02-11 11:48:42	\N	\N	\N	\N	2020-02-11 11:48:42	\N	\N
785	4196	13173	2020-03-03 00:00:00	13:30:00	15:30:00	2020-02-11 00:00:00	08:00:00	08:00:00	2020-02-11 00:00:00	08:00:00	08:00:00	autre	\N	2020-02-11 11:50:43	\N	\N
786	4197	\N	2020-02-11 11:57:00	\N	\N	2020-02-11 11:57:00	\N	\N	2020-02-11 11:57:00	\N	\N	\N	\N	2020-02-11 11:57:00	\N	\N
787	4198	\N	2020-02-11 12:02:39	\N	\N	2020-02-11 12:02:39	\N	\N	2020-02-11 12:02:39	\N	\N	\N	\N	2020-02-11 12:02:39	\N	\N
788	4199	\N	2020-02-11 12:03:06	\N	\N	2020-02-11 12:03:06	\N	\N	2020-02-11 12:03:06	\N	\N	\N	\N	2020-02-11 12:03:06	\N	\N
789	4200	13077	2020-02-11 00:00:00	08:00:00	08:00:00	2020-02-11 00:00:00	08:00:00	08:00:00	2020-02-11 00:00:00	08:00:00	08:00:00	date1	\N	2020-02-11 12:03:14	\N	\N
790	3614	\N	2020-02-11 00:00:00	08:00:00	08:00:00	2020-02-11 00:00:00	08:00:00	08:00:00	2020-02-11 00:00:00	08:00:00	08:00:00	date1	\N	2020-02-11 15:27:13	\N	\N
791	3439	\N	2020-02-11 15:40:55	\N	\N	2020-02-11 15:40:55	\N	\N	2020-02-11 15:40:55	\N	\N	\N	\N	2020-02-11 15:40:55	\N	\N
792	3591	\N	2020-02-11 00:00:00	08:00:00	08:00:00	2020-02-11 00:00:00	08:00:00	08:00:00	2020-02-11 00:00:00	08:00:00	08:00:00	date1	\N	2020-02-11 15:41:44	\N	\N
556	3984	15999	2020-03-24 00:00:00	10:30:00	12:30:00	2020-01-13 00:00:00	14:00:00	15:30:00	2020-01-20 00:00:00	14:00:00	15:30:00	date1	2020-02-11 17:52:01	2019-11-01 10:59:11	Hello, bravo pour ce que vous mettez en place pour vos étudiants. toutefois, je ne peux me rendre disponible, et ne suis pas la bonne personne pour parler 'développement' en DUT informatique :) j'espère que vous trouverez un intervenant. Bonne continuation, cdlt, \r\ndelphine	\N
773	4185	\N	2020-03-21 00:00:00	09:00:00	12:00:00	2020-03-21 00:00:00	09:00:00	12:00:00	2020-03-21 00:00:00	09:00:00	12:00:00	date1	\N	2020-02-07 09:13:06	\N	\N
793	4201	\N	2020-03-12 00:00:00	09:00:00	16:00:00	2020-03-13 00:00:00	09:00:00	16:00:00	2020-03-12 00:00:00	09:00:00	16:00:00	date1	\N	2020-02-11 17:16:38	\N	\N
794	3114	\N	2020-02-13 10:07:38	\N	\N	2020-02-13 10:07:38	\N	\N	2020-02-13 10:07:38	\N	\N	\N	\N	2020-02-13 10:07:38	\N	\N
797	3102	\N	2020-02-13 10:12:51	\N	\N	2020-02-13 10:12:51	\N	\N	2020-02-13 10:12:51	\N	\N	\N	\N	2020-02-13 10:12:51	\N	\N
798	3178	\N	2020-02-13 10:56:26	\N	\N	2020-02-13 10:56:26	\N	\N	2020-02-13 10:56:26	\N	\N	\N	\N	2020-02-13 10:56:26	\N	\N
800	4203	\N	2020-03-19 00:00:00	14:30:00	16:00:00	2020-03-26 00:00:00	14:30:00	16:00:00	2020-05-07 00:00:00	14:30:00	16:00:00	\N	\N	2020-02-14 09:43:54	\N	\N
779	4191	13025	2020-04-21 00:00:00	13:00:00	16:00:00	2020-04-28 00:00:00	13:00:00	17:00:00	2020-05-05 00:00:00	13:00:00	17:00:00	\N	\N	2020-02-08 22:49:26	\N	2020-02-14 12:01:00
802	4205	\N	2020-03-19 00:00:00	10:00:00	11:30:00	2020-03-26 00:00:00	10:00:00	11:30:00	2020-03-24 00:00:00	10:00:00	11:30:00	\N	\N	2020-02-14 12:08:13	\N	\N
803	4206	\N	2020-03-19 00:00:00	13:00:00	14:00:00	2020-03-26 00:00:00	13:00:00	14:00:00	2020-04-02 00:00:00	13:00:00	14:00:00	\N	\N	2020-02-14 19:30:53	\N	\N
780	4192	10041	2020-04-21 00:00:00	13:00:00	17:00:00	2020-04-28 00:00:00	13:00:00	17:00:00	2020-05-05 00:00:00	13:00:00	17:00:00	date2	2020-02-17 08:35:47	2020-02-08 22:50:59	\N	2020-02-14 12:01:01
458	3572	\N	2019-10-22 00:00:00	08:00:00	08:00:00	2019-10-22 00:00:00	08:00:00	08:00:00	2019-10-22 00:00:00	08:00:00	08:00:00	date1	\N	2019-10-22 11:55:53	\N	\N
799	4202	15858	2020-03-17 00:00:00	14:00:00	15:30:00	2020-03-24 00:00:00	14:00:00	15:30:00	2020-03-31 00:00:00	14:00:00	15:30:00	date3	2020-02-18 10:55:36	2020-02-13 10:58:57	\N	\N
801	4204	16055	2020-03-19 00:00:00	14:30:00	16:00:00	2020-03-26 00:00:00	14:30:00	16:00:00	2020-05-07 00:00:00	14:30:00	16:00:00	date2	2020-02-18 17:09:16	2020-02-14 09:45:38	\N	\N
806	4209	16000	2020-03-19 00:00:00	13:30:00	14:30:00	2020-03-19 00:00:00	13:30:00	14:30:00	2020-03-19 00:00:00	13:30:00	14:30:00	non	2020-02-18 09:12:25	2020-02-17 18:15:50	Bonjour Monsieur, \r\n\r\nMerci pour votre demande. \r\nLe siège social où je travaille a déménagé depuis mi-octobre 2019 ; il est maintenant situé à Chatillon (92) ; \r\naussi, je préférerais intervenir dans la zone  92 sud, 78 ou 91. \r\n\r\nBien à vous, \r\n\r\nV. Toulemonde	\N
807	4210	16061	2020-04-21 00:00:00	13:00:00	17:00:00	2020-05-05 00:00:00	13:00:00	17:00:00	2020-05-05 00:00:00	09:00:00	12:00:00	date3	2020-02-19 11:52:29	2020-02-18 12:52:35	\N	\N
796	3113	3119	2020-02-13 10:12:48	\N	\N	2020-02-13 10:12:48	\N	\N	2020-02-13 10:12:48	\N	\N	\N	\N	2020-02-13 10:12:48	\N	2020-02-19 12:00:59
810	4211	\N	2020-02-20 11:17:50	\N	\N	2020-02-20 11:17:50	\N	\N	2020-02-20 11:17:50	\N	\N	\N	\N	2020-02-20 11:17:50	\N	\N
811	4212	10062	2020-02-20 00:00:00	08:00:00	08:00:00	2020-02-20 00:00:00	08:00:00	08:00:00	2020-02-20 00:00:00	08:00:00	08:00:00	date1	\N	2020-02-20 11:19:02	\N	\N
812	4213	10062	2020-02-20 00:00:00	08:00:00	08:00:00	2020-02-20 00:00:00	08:00:00	08:00:00	2020-02-20 00:00:00	08:00:00	08:00:00	date1	\N	2020-02-20 11:19:31	\N	\N
814	4215	\N	2020-02-20 16:21:25	\N	\N	2020-02-20 16:21:25	\N	\N	2020-02-20 16:21:25	\N	\N	\N	\N	2020-02-20 16:21:25	\N	\N
815	4216	\N	2020-02-20 16:24:16	\N	\N	2020-02-20 16:24:16	\N	\N	2020-02-20 16:24:16	\N	\N	\N	\N	2020-02-20 16:24:16	\N	\N
816	4217	\N	2020-02-20 16:24:49	\N	\N	2020-02-20 16:24:49	\N	\N	2020-02-20 16:24:49	\N	\N	\N	\N	2020-02-20 16:24:49	\N	\N
817	4218	\N	2020-02-20 16:24:56	\N	\N	2020-02-20 16:24:56	\N	\N	2020-02-20 16:24:56	\N	\N	\N	\N	2020-02-20 16:24:56	\N	\N
818	4219	\N	2020-02-20 16:25:23	\N	\N	2020-02-20 16:25:23	\N	\N	2020-02-20 16:25:23	\N	\N	\N	\N	2020-02-20 16:25:23	\N	\N
819	4220	4011	2020-02-20 00:00:00	08:00:00	08:00:00	2020-02-20 00:00:00	08:00:00	08:00:00	2020-02-20 00:00:00	08:00:00	08:00:00	date1	\N	2020-02-20 16:25:30	\N	\N
778	4190	\N	2020-03-09 00:00:00	14:00:00	17:00:00	2020-03-16 00:00:00	14:00:00	17:00:00	2020-03-13 00:00:00	08:00:00	12:00:00	date1	\N	2020-02-08 11:23:42	\N	\N
820	3148	10241	2020-02-21 00:00:00	08:00:00	08:00:00	2020-02-21 00:00:00	08:00:00	08:00:00	2020-02-21 00:00:00	08:00:00	08:00:00	date1	\N	2020-02-21 15:14:45	\N	\N
828	4228	\N	2020-02-28 15:24:49	\N	\N	2020-02-28 15:24:49	\N	\N	2020-02-28 15:24:49	\N	\N	\N	\N	2020-02-28 15:24:49	\N	\N
823	4223	\N	2020-03-31 00:00:00	08:00:00	10:00:00	2020-04-28 00:00:00	08:00:00	10:00:00	2020-05-26 00:00:00	08:00:00	10:00:00	\N	\N	2020-02-24 11:28:46	\N	\N
808	2438	2515	2020-02-18 17:54:23	\N	\N	2020-02-18 17:54:23	\N	\N	2020-02-18 17:54:23	\N	\N	\N	\N	2020-02-18 17:54:23	\N	2020-02-24 12:01:01
824	4224	15778	2020-03-26 00:00:00	10:30:00	12:30:00	2020-03-27 00:00:00	08:30:00	10:30:00	2020-03-25 00:00:00	10:30:00	12:30:00	date1	2020-02-25 09:11:33	2020-02-24 12:29:29	\N	\N
825	4225	\N	2020-03-26 00:00:00	10:30:00	12:30:00	2020-03-27 00:00:00	08:30:00	10:30:00	2020-03-25 00:00:00	10:30:00	12:30:00	date1	\N	2020-02-24 12:31:32	\N	\N
826	4226	\N	2020-03-26 00:00:00	10:30:00	12:30:00	2020-03-27 00:00:00	08:30:00	10:30:00	2020-03-25 00:00:00	10:30:00	12:30:00	date1	\N	2020-02-24 12:31:54	\N	\N
809	3555	\N	2020-02-19 00:00:00	08:00:00	08:00:00	2020-02-19 00:00:00	08:00:00	08:00:00	2020-02-19 00:00:00	08:00:00	08:00:00	date1	\N	2020-02-19 16:10:19	\N	\N
813	4214	\N	2020-04-08 00:00:00	08:00:00	12:00:00	2020-04-08 00:00:00	08:00:00	12:00:00	2020-04-08 00:00:00	08:00:00	12:00:00	date1	\N	2020-02-20 14:02:52	\N	\N
827	4227	\N	2020-04-03 00:00:00	08:00:00	09:00:00	2020-04-17 00:00:00	08:00:00	09:00:00	2020-05-01 00:00:00	08:00:00	09:00:00	\N	\N	2020-02-26 15:25:09	\N	\N
804	4207	9986	2020-03-23 00:00:00	08:00:00	09:00:00	2020-03-30 00:00:00	08:00:00	09:00:00	2020-03-30 00:00:00	08:00:00	09:00:00	date1	\N	2020-02-17 17:10:26	\N	2020-02-23 12:00:52
829	4229	15820	2020-02-28 00:00:00	08:00:00	08:00:00	2020-02-28 00:00:00	08:00:00	08:00:00	2020-02-28 00:00:00	08:00:00	08:00:00	date1	\N	2020-02-28 15:27:07	\N	\N
830	4230	\N	2020-02-28 15:28:08	\N	\N	2020-02-28 15:28:08	\N	\N	2020-02-28 15:28:08	\N	\N	\N	\N	2020-02-28 15:28:08	\N	\N
832	4232	12958	2020-04-17 00:00:00	08:00:00	12:00:00	2020-05-05 00:00:00	08:00:00	12:00:00	2020-05-11 00:00:00	14:00:00	16:00:00	non	2020-03-02 10:27:32	2020-02-29 15:18:49	Bonjour,  Je ne peut pas participer parce que j'habite a Londres quoi cette Anne'. \r\n\r\nJ'espère que tu vas a trouve' un outre personne pour vous aide'!\r\n\r\nCordialement,\r\n\r\nSimone	\N
833	4233	15820	2020-04-27 00:00:00	08:00:00	10:00:00	2020-04-13 00:00:00	08:00:00	10:00:00	2020-04-20 00:00:00	08:00:00	10:00:00	date1	2020-03-02 10:31:06	2020-03-02 08:54:00	\N	\N
843	4241	9946	2020-04-03 00:00:00	09:00:00	12:00:00	2020-04-03 00:00:00	09:00:00	12:00:00	2020-04-03 00:00:00	09:00:00	12:00:00	date1	2020-03-04 15:53:54	2020-03-04 15:04:29	\N	\N
845	4243	10951	2020-04-07 00:00:00	09:00:00	11:00:00	2020-04-14 00:00:00	09:00:00	11:00:00	2020-05-05 00:00:00	09:00:00	11:00:00	date3	2020-03-10 18:48:24	2020-03-05 15:49:53	\N	\N
852	4249	2509	2020-03-04 00:00:00	10:00:00	11:00:00	2020-03-12 00:00:00	08:00:00	08:00:00	2020-03-12 00:00:00	08:00:00	08:00:00	date1	\N	2020-03-12 16:35:35	\N	\N
856	4253	\N	2020-05-08 00:00:00	08:00:00	08:00:00	2020-05-14 00:00:00	08:00:00	08:00:00	2020-05-28 00:00:00	08:00:00	08:00:00	\N	\N	2020-04-08 12:42:22	\N	\N
857	4254	\N	2021-03-09 00:00:00	08:00:00	08:00:00	2021-03-05 00:00:00	08:00:00	08:00:00	2021-03-02 00:00:00	08:00:00	08:00:00	\N	\N	2020-06-25 15:17:12	\N	\N
860	4256	\N	2020-11-17 00:00:00	13:00:00	17:00:00	2021-02-17 00:00:00	13:00:00	17:00:00	2020-09-15 00:00:00	13:00:00	17:00:00	\N	\N	2020-07-03 17:17:19	\N	\N
862	2542	\N	2020-09-14 12:38:44	\N	\N	2020-09-14 12:38:44	\N	\N	2020-09-14 12:38:44	\N	\N	\N	\N	2020-09-14 12:38:44	\N	\N
\.


--
